2026-03-27 23:20:14.799 5399-5449 CCodecBuffers com.newland.template D [c2.android.vorbis.decoder#861:1D-Output.Impl[N]] converted 0 buffers to array mode of 4
2026-03-27 23:20:14.802 5399-5449 MediaCodec com.newland.template D [0xb1e2a400] setState: 6
2026-03-27 23:20:14.812 483-483 BufferQueueProducer surfaceflinger I [Splash Screen com.newland.template#1818](this:0xac348ce4,id:-1,api:0,p:-1,c:483) queueBuffer: fps=0.47 dur=2133.01 max=2133.01 min=2133.01
2026-03-27 23:20:14.823 5399-5449 CCodecBuffers com.newland.template D [c2.android.vorbis.decoder#861:1D-Input.Impl[N]] converted 4 buffers to array mode of 4
2026-03-27 23:20:14.827 5399-5399 YSDK com.newland.template D ======onServiceConnected======
2026-03-27 23:20:14.911 5399-5449 CCodecBufferChannel com.newland.template D [c2.android.vorbis.decoder#861] input EOS
2026-03-27 23:20:14.928 5399-5433 MediaCodec com.newland.template D [0xb1e2a400] [c2.android.vorbis.decoder] stop
2026-03-27 23:20:14.929 5399-5449 MediaCodec com.newland.template D [0xb1e2a400] setState: 9
2026-03-27 23:20:14.929 5399-5449 CCodecBufferChannel com.newland.template D [c2.android.vorbis.decoder#861] MediaCodec discarded an unknown buffer
2026-03-27 23:20:14.929 5399-5449 CCodecBufferChannel com.newland.template D [c2.android.vorbis.decoder#861] MediaCodec discarded an unknown buffer
2026-03-27 23:20:14.929 5399-5449 CCodecBufferChannel com.newland.template D [c2.android.vorbis.decoder#861] MediaCodec discarded an unknown buffer
2026-03-27 23:20:14.931 5399-5449 MediaCodec com.newland.template D [0xb1e2a400] [c2.android.vorbis.decoder] kWhatStopCompleted
2026-03-27 23:20:14.931 5399-5449 MediaCodec com.newland.template D [0xb1e2a400] setState: 2
2026-03-27 23:20:14.931 5399-5433 MediaCodec com.newland.template D [0xb1e2a400] [c2.android.vorbis.decoder] release
2026-03-27 23:20:14.931 5399-5449 MediaCodec com.newland.template D [0xb1e2a400] setState: 10
2026-03-27 23:20:14.941 5399-5449 MediaCodec com.newland.template D [0xb1e2a400] [c2.android.vorbis.decoder] kWhatReleaseCompleted
2026-03-27 23:20:14.941 5399-5449 MediaCodec com.newland.template D [0xb1e2a400] setState: 0
2026-03-27 23:20:14.942 5399-5452 hw-BpHwBinder com.newland.template I onLastStrongRef automatically unlinking death recipients
2026-03-27 23:20:14.943 5399-5433 MediaCodec com.newland.template D [0xb1e2a400] ~MediaCodec
2026-03-27 23:20:14.944 5399-5433 MediaCodec com.newland.template D flushMediametrics
2026-03-27 23:20:14.968 1034-4748 PowerHalWrapper system_server I amsBoostNotify pid:1798,activity:com.morefun.launcher.activity.LauncherActivity, package:com.morefun.launcher, mProcessCreatePackcom.newland.template
2026-03-27 23:20:14.969 1034-4748 game_scn system_server I powerNotifyForegroundApp multi_resumed_app_info: pid: 5399, packname: com.newland.template, actname: acquire.app.MainActivity
2026-03-27 23:20:14.993 1034-1775 CoreBackPreview system_server D Window{cdc1997 u0 Splash Screen com.newland.template EXITING}: Setting back callback null
2026-03-27 23:20:14.994 1034-2692 InputManager-JNI system_server W Input channel object 'cdc1997 Splash Screen com.newland.template (client)' was disposed without first being removed with the input manager!
2026-03-27 23:20:15.080 1034-1056 WindowManager system_server D setParent old=ActivityRecord{d5c2d31 u0 com.newland.template/acquire.app.MainActivity} t34},new=null,this window=Window{cdc1997 u0 Splash Screen com.newland.template},callers=com.android.server.wm.WindowContainer.removeChild:772 com.android.server.wm.ActivityRecord.removeChild:4268 com.android.server.wm.ActivityRecord.removeChild:377 com.android.server.wm.WindowContainer.removeImmediately:828 com.android.server.wm.WindowState.removeImmediately:2514 com.android.server.wm.WindowState.destroySurface:3618
2026-03-27 23:20:15.098 483-483 BufferQueueDebug surfaceflinger I [Splash Screen com.newland.template#1818](this:0xac348ce4,id:-1,api:0,p:-1,c:483) onDestructor()
2026-03-27 23:20:15.529 5399-5399 bankdemoR3...Hide(L:93) com.newland.template V SplashFragment{9700be6}->onFragmentHide
2026-03-27 23:20:15.532 5399-5399 bankdemoR3...ent(L:167) com.newland.template D add acquire.app.fragment.main.MainFragment
2026-03-27 23:20:15.535 5399-5399 bankdemoR3...ach(L:114) com.newland.template V MainFragment{84fc063}->onAttach
2026-03-27 23:20:15.538 5399-5399 bankdemoR3...eate(L:23) com.newland.template V MainFragment{84fc063}->onCreate
2026-03-27 23:20:15.765 5399-5399 Compatibil...geReporter com.newland.template D Compat change id reported: 171228096; UID 10110; state: ENABLED
2026-03-27 23:20:15.792 1034-4748 ActivityTaskManager system_server D ATMS startActivity packageName=com.android.permissioncontroller callingPackage=com.newland.template callingFeatureId=null intent=Intent { act=android.content.pm.action.REQUEST_PERMISSIONS pkg=com.android.permissioncontroller cmp=com.android.permissioncontroller/.permission.ui.GrantPermissionsActivity (has extras) } resolvedType=null resultTo=Token{5ba75d8 ActivityRecord{d5c2d31 u0 com.newland.template/acquire.app.MainActivity} t34}} resultWho=@android:requestPermissions: requestCode=1 startFlags=0 profilerInfo=null bOptions=null
2026-03-27 23:20:15.804 1034-4748 PowerHalWrapper system_server I last:com.newland.template, next:com.android.permissioncontroller
2026-03-27 23:20:15.810 5399-5399 bankdemoR3...ean(L:209) com.newland.template D Preferences get->key:OLD_LAYOUT, value:false
2026-03-27 23:20:15.829 5399-5399 Printer com.newland.template I Success
2026-03-27 23:20:15.833 5399-5399 bankdemoR3...ean(L:209) com.newland.template D Preferences get->key:TRANS_SALE, value:true
2026-03-27 23:20:15.834 5399-5399 bankdemoR3...ean(L:209) com.newland.template D Preferences get->key:TRANS_PREAUTH, value:***REDACTED***
2026-03-27 23:20:15.835 5399-5399 bankdemoR3...ean(L:209) com.newland.template D Preferences get->key:TRANS_PREAUTH, value:***REDACTED***
2026-03-27 23:20:15.836 5399-5399 bankdemoR3...ean(L:209) com.newland.template D Preferences get->key:TRANS_VOID, value:true
2026-03-27 23:20:15.837 5399-5399 bankdemoR3...ean(L:209) com.newland.template D Preferences get->key:TRANS_REFUND, value:true
2026-03-27 23:20:15.838 5399-5399 bankdemoR3...ean(L:209) com.newland.template D Preferences get->key:TRANS_PREAUTH, value:***REDACTED***
2026-03-27 23:20:15.839 5399-5399 bankdemoR3...ean(L:209) com.newland.template D Preferences get->key:TRANS_PREAUTH, value:***REDACTED***
2026-03-27 23:20:15.847 5399-5399 Printer com.newland.template I Success
2026-03-27 23:20:15.848 5399-5399 bankdemoR3...ean(L:209) com.newland.template D Preferences get->key:TRANS_BALANCE, value:true
2026-03-27 23:20:15.849 5399-5399 bankdemoR3...ean(L:209) com.newland.template D Preferences get->key:TRANS_INSTALLMENT, value:true
2026-03-27 23:20:15.850 5399-5399 bankdemoR3...ean(L:209) com.newland.template D Preferences get->key:TRANS_INSTALLMENT, value:true
2026-03-27 23:20:15.851 5399-5399 bankdemoR3...ean(L:209) com.newland.template D Preferences get->key:TRANS_MOBILE_PAY, value:true
2026-03-27 23:20:15.852 5399-5399 bankdemoR3...ean(L:209) com.newland.template D Preferences get->key:TRANS_MOBILE_PAY, value:true
2026-03-27 23:20:15.853 5399-5399 bankdemoR3...ean(L:209) com.newland.template D Preferences get->key:TRANS_MOBILE_PAY, value:true
2026-03-27 23:20:15.854 5399-5399 bankdemoR3...ean(L:209) com.newland.template D Preferences get->key:TRANS_MOBILE_PAY, value:true
2026-03-27 23:20:15.856 5399-5399 bankdemoR3...ean(L:209) com.newland.template D Preferences get->key:TRANS_MOBILE_PAY, value:true
2026-03-27 23:20:15.863 5399-5399 Printer com.newland.template I Success
2026-03-27 23:20:15.864 5399-5399 bankdemoR3...ean(L:209) com.newland.template D Preferences get->key:TRANS_MOBILE_PAY, value:true
2026-03-27 23:20:15.872 5399-5399 Printer com.newland.template I Success
2026-03-27 23:20:15.873 5399-5399 bankdemoR3...enu(L:112) com.newland.template D init main menu
2026-03-27 23:20:15.874 5399-5399 bankdemoR3...enu(L:114) com.newland.template D MenuItem{transType='Sale', name='Sale'}
2026-03-27 23:20:15.874 5399-5399 bankdemoR3...enu(L:114) com.newland.template D MenuItem{transType='Queue', name='Send Link'}
2026-03-27 23:20:15.875 5399-5399 bankdemoR3...enu(L:114) com.newland.template D MenuItem{transType='PreAuth', name='Pre-Auth'}
2026-03-27 23:20:15.876 5399-5399 bankdemoR3...enu(L:114) com.newland.template D MenuItem{transType='AuthComplete', name='Auth Completion'}
2026-03-27 23:20:15.876 5399-5399 bankdemoR3...enu(L:114) com.newland.template D MenuItem{transType='VoidSale', name='Void Sale'}
2026-03-27 23:20:15.877 5399-5399 bankdemoR3...enu(L:114) com.newland.template D MenuItem{transType='Refund', name='Refund'}
2026-03-27 23:20:15.878 5399-5399 bankdemoR3...enu(L:114) com.newland.template D MenuItem{transType='VoidPreAuth', name='Void Pre-Auth'}
2026-03-27 23:20:15.879 5399-5399 bankdemoR3...enu(L:114) com.newland.template D MenuItem{transType='VoidAuthComplete', name='Void Completion'}
2026-03-27 23:20:15.879 5399-5399 bankdemoR3...enu(L:114) com.newland.template D MenuItem{name='Print', subItems=[MenuItem{transType='ReprintLastReceipt', name='Reprint Last Receipt'} MenuItem{transType='ReprintReceipt', name='Reprint Receipt'} MenuItem{transType='ReprintSettle', name='Reprint Settle'} MenuItem{transType='PrintDetail', name='Print Detail'} ]}
2026-03-27 23:20:15.880 5399-5399 bankdemoR3...enu(L:114) com.newland.template D MenuItem{transType='Settle', name='Settle'}
2026-03-27 23:20:15.881 5399-5399 bankdemoR3...enu(L:114) com.newland.template D MenuItem{transType='Balance', name='Query Balance'}
2026-03-27 23:20:15.882 5399-5399 bankdemoR3...enu(L:114) com.newland.template D MenuItem{transType='Settings', name='Settings'}
2026-03-27 23:20:15.883 5399-5399 bankdemoR3...enu(L:114) com.newland.template D MenuItem{transType='Installment', name='EMI Sale'}
2026-03-27 23:20:15.883 5399-5399 bankdemoR3...enu(L:114) com.newland.template D MenuItem{transType='VoidInstallment', name='EMI Void'}
2026-03-27 23:20:15.884 5399-5399 bankdemoR3...enu(L:114) com.newland.template D MenuItem{transType='ScanPay', name='Scan Pay'}
2026-03-27 23:20:15.885 5399-5399 bankdemoR3...enu(L:114) com.newland.template D MenuItem{name='Qr Code', subItems=[MenuItem{transType='QrCodeAani', name='Aani Pay'} MenuItem{transType='QrCodeAlipay', name='Alipay+'} MenuItem{transType='QrCodeWechat', name='WeChat Pay'} MenuItem{transType='QrCodeUpi', name='UPI'} ]}
2026-03-27 23:20:15.885 5399-5399 bankdemoR3...enu(L:114) com.newland.template D MenuItem{transType='QrRefund', name='Qr Refund'}
2026-03-27 23:20:15.886 5399-5399 bankdemoR3...enu(L:114) com.newland.template D MenuItem{transType='About', name='About'}
2026-03-27 23:20:15.887 5399-5399 bankdemoR3...enu(L:114) com.newland.template D MenuItem{transType='Login', name='Login'}
2026-03-27 23:20:15.888 5399-5399 bankdemoR3...enu(L:114) com.newland.template D MenuItem{transType='InjectMasterKey', name='Inject MasterKey'}
2026-03-27 23:20:15.978 5399-5399 bankdemoR3...ean(L:209) com.newland.template D Preferences get->key:LOGO_DYNAMIC, value:false
2026-03-27 23:20:15.979 5399-5399 bankdemoR3...Logo(L:63) com.newland.template D LogoUtils: Loading logo. Mode: Static
2026-03-27 23:20:15.985 5399-5399 Glide com.newland.template W Failed to find GeneratedAppGlideModule. You should include an annotationProcessor compile dependency on com.github.bumptech.glide:compiler in your application and a @GlideModule annotated AppGlideModule implementation or LibraryGlideModules will be silently ignored
2026-03-27 23:20:16.047 1034-4748 ConnectivityService system_server D requestNetwork for uid/pid:10110/5399 activeRequest: null callbackRequest: 96 [NetworkRequest [ REQUEST id=97, [ Capabilities: INTERNET&NOT_RESTRICTED&TRUSTED&NOT_VCN_MANAGED Uid: 10110 RequestorUid: 10110 RequestorPkg: com.newland.template UnderlyingNetworks: Null] ]] callback flags: 0 order: 2147483647
2026-03-27 23:20:16.051 1034-1172 WifiNetworkFactory system_server D got request NetworkRequest [ REQUEST id=97, [ Capabilities: INTERNET&NOT_RESTRICTED&TRUSTED&NOT_VCN_MANAGED Uid: 10110 RequestorUid: 10110 RequestorPkg: com.newland.template UnderlyingNetworks: Null] ]
2026-03-27 23:20:16.051 1034-1172 UntrustedW...orkFactory system_server D got request NetworkRequest [ REQUEST id=97, [ Capabilities: INTERNET&NOT_RESTRICTED&TRUSTED&NOT_VCN_MANAGED Uid: 10110 RequestorUid: 10110 RequestorPkg: com.newland.template UnderlyingNetworks: Null] ]
2026-03-27 23:20:16.052 1034-1172 OemPaidWif...orkFactory system_server D got request NetworkRequest [ REQUEST id=97, [ Capabilities: INTERNET&NOT_RESTRICTED&TRUSTED&NOT_VCN_MANAGED Uid: 10110 RequestorUid: 10110 RequestorPkg: com.newland.template UnderlyingNetworks: Null] ]
2026-03-27 23:20:16.052 1034-1172 MultiInter...orkFactory system_server D got request NetworkRequest [ REQUEST id=97, [ Capabilities: INTERNET&NOT_RESTRICTED&TRUSTED&NOT_VCN_MANAGED Uid: 10110 RequestorUid: 10110 RequestorPkg: com.newland.template UnderlyingNetworks: Null] ]
2026-03-27 23:20:16.061 5399-5399 bankdemoR3...ing(L:152) com.newland.template D Preferences get->key:MQTT_BROKER_ADDRESS, value:demo.ctrmv.com
2026-03-27 23:20:16.062 5399-5399 bankdemoR3...Int(L:260) com.newland.template D Preferences get->key:MQTT_BROKER_PORT, value:1883
2026-03-27 23:20:16.063 5399-5399 bankdemoR3...lize(L:67) com.newland.template D MQTT: Initializing with ClientId: 98251226730002
2026-03-27 23:20:16.302 1034-1055 ActivityTaskManager system_server W Activity top resumed state loss timeout for ActivityRecord{d5c2d31 u0 com.newland.template/acquire.app.MainActivity} t34}
2026-03-27 23:20:16.304 1034-1055 ActivityTaskManager system_server W Activity pause timeout for ActivityRecord{d5c2d31 u0 com.newland.template/acquire.app.MainActivity} t34}
2026-03-27 23:20:16.309 1034-1055 PowerHalWrapper system_server I amsBoostNotify pid:1384,activity:com.android.permissioncontroller.permission.ui.GrantPermissionsActivity, package:com.android.permissioncontroller, mProcessCreatePackcom.newland.template
2026-03-27 23:20:16.309 1034-1055 game_scn system_server I powerNotifyForegroundApp multi_resumed_app_info: pid: 5399, packname: com.newland.template, actname: acquire.app.MainActivity
2026-03-27 23:20:16.310 472-502 mtkpower@impl ven...hardware.mtkpower@1.0-service I [notifyAppState] pc:0, com.newland.template => com.android.permissioncontroller
2026-03-27 23:20:16.311 1034-1055 WindowManager system_server W Changing focus from Window{f38b849 u0 com.newland.template/acquire.app.MainActivity} to null displayId=0 Callers=com.android.server.wm.RootWindowContainer.updateFocusedWindowLocked:485 com.android.server.wm.WindowManagerService.updateFocusedWindowLocked:6062 com.android.server.wm.ActivityTaskManagerService.setResumedActivityUncheckLocked:4862 com.android.server.wm.TaskFragment.onActivityStateChanged:761
2026-03-27 23:20:16.405 5399-5456 bankdemoR3...ect(L:128) com.newland.template D MQTT: Initializing connection
2026-03-27 23:20:16.422 5399-5457 System.out com.newland.template I [com.mediatek.cta.CtaAdapter]:check permission begin!
2026-03-27 23:20:16.423 5399-5457 System com.newland.template W ClassLoader referenced unknown path: system/framework/mediatek-cta.jar
2026-03-27 23:20:16.425 5399-5457 System.out com.newland.template I [com.mediatek.cta.CtaAdapter] e:java.lang.ClassNotFoundException: com.mediatek.cta.CtaUtils
2026-03-27 23:20:16.426 5399-5457 TrafficStats com.newland.template D tagSocket(155) with statsTag=0xffffffff, statsUid=-1
2026-03-27 23:20:16.427 5399-5399 bankdemoR3...ted(L:158) com.newland.template V MainFragment{84fc063}->onViewCreated
2026-03-27 23:20:16.431 5399-5399 bankdemoR3...tart(L:27) com.newland.template V MainFragment{84fc063}->onStart
2026-03-27 23:20:16.443 5399-5399 bankdemoR3...ean(L:209) com.newland.template D Preferences get->key:OLD_LAYOUT, value:false
2026-03-27 23:20:16.451 5399-5399 Printer com.newland.template I Success
2026-03-27 23:20:16.452 5399-5399 bankdemoR3...ean(L:209) com.newland.template D Preferences get->key:TRANS_INSTALLMENT, value:true
2026-03-27 23:20:16.453 5399-5399 bankdemoR3...ean(L:209) com.newland.template D Preferences get->key:TRANS_BALANCE, value:true
2026-03-27 23:20:16.454 5399-5399 bankdemoR3...ean(L:209) com.newland.template D Preferences get->key:TRANS_PREAUTH, value:***REDACTED***
2026-03-27 23:20:16.456 5399-5399 bankdemoR3...ean(L:209) com.newland.template D Preferences get->key:TRANS_SALE, value:true
2026-03-27 23:20:16.457 5399-5399 bankdemoR3...ean(L:209) com.newland.template D Preferences get->key:TRANS_VOID, value:true
2026-03-27 23:20:16.458 5399-5399 bankdemoR3...ean(L:209) com.newland.template D Preferences get->key:TRANS_MOBILE_PAY, value:true
2026-03-27 23:20:16.459 5399-5399 bankdemoR3...ean(L:209) com.newland.template D Preferences get->key:TRANS_REFUND, value:true
2026-03-27 23:20:16.591 5399-5399 bankdemoR3...ean(L:209) com.newland.template D Preferences get->key:LOGO_DYNAMIC, value:false
2026-03-27 23:20:16.592 5399-5399 bankdemoR3...Logo(L:63) com.newland.template D LogoUtils: Loading logo. Mode: Static
2026-03-27 23:20:16.602 5399-5399 Printer com.newland.template I Success
2026-03-27 23:20:16.603 5399-5399 bankdemoR3...ean(L:209) com.newland.template D Preferences get->key:TRANS_INSTALLMENT, value:true
2026-03-27 23:20:16.604 5399-5399 bankdemoR3...ean(L:209) com.newland.template D Preferences get->key:TRANS_BALANCE, value:true
2026-03-27 23:20:16.605 5399-5399 bankdemoR3...ean(L:209) com.newland.template D Preferences get->key:TRANS_PREAUTH, value:***REDACTED***
2026-03-27 23:20:16.607 5399-5399 bankdemoR3...ean(L:209) com.newland.template D Preferences get->key:TRANS_SALE, value:true
2026-03-27 23:20:16.608 5399-5399 bankdemoR3...ean(L:209) com.newland.template D Preferences get->key:TRANS_VOID, value:true
2026-03-27 23:20:16.610 5399-5399 bankdemoR3...ean(L:209) com.newland.template D Preferences get->key:TRANS_MOBILE_PAY, value:true
2026-03-27 23:20:16.611 5399-5399 bankdemoR3...ean(L:209) com.newland.template D Preferences get->key:TRANS_REFUND, value:true
2026-03-27 23:20:16.612 5399-5399 bankdemoR3...sume(L:31) com.newland.template V MainFragment{84fc063}->onResume
2026-03-27 23:20:16.614 5399-5399 bankdemoR3...Show(L:85) com.newland.template V MainFragment{84fc063}->onFragmentShow
2026-03-27 23:20:16.624 5399-5399 bankdemoR3...ause(L:35) com.newland.template V MainActivity{14e39a4}->onPause
2026-03-27 23:20:16.626 5399-5399 bankdemoR3...ause(L:35) com.newland.template V SplashFragment{9700be6}->onPause
2026-03-27 23:20:16.628 5399-5399 bankdemoR3...ause(L:35) com.newland.template V MainFragment{84fc063}->onPause
2026-03-27 23:20:16.630 1034-2692 PowerHalWrapper system_server I amsBoostNotify pid:5399,activity:acquire.app.MainActivity, package:com.newland.template, mProcessCreatePackcom.newland.template
2026-03-27 23:20:16.630 1034-2692 mtkpower_client system_server I [Legacy][PowerHal_Wrap_notifyAppState] com.newland.template/acquire.app.MainActivity pid=5399 state:0
2026-03-27 23:20:16.630 1034-2692 game_scn system_server I collectForegroundAppList packName=com.newland.template, actName=acquire.app.MainActivity, pid=5399, uid=10110, state:PAUSED
2026-03-27 23:20:16.631 472-556 libPowerHal ven...hardware.mtkpower@1.0-service I [perfNotifyAppState] pack:com.newland.template, act:acquire.app.MainActivity, state:0, pid:5399, uid:10110, fps:60
2026-03-27 23:20:16.655 5399-5440 bankdemoR3...ean(L:209) com.newland.template D Preferences get->key:EXTERNAL_PINPAD_YSDK, value:***REDACTED***
2026-03-27 23:20:16.658 5399-5440 bankdemoR3...ean(L:209) com.newland.template D Preferences get->key:EMV_AID_CAPK, value:false
2026-03-27 23:20:16.659 5399-5440 bankdemoR3...fig(L:166) com.newland.template D init built-in emv
2026-03-27 23:20:16.700 5399-5440 bankdemoR3...apk(L:113) com.newland.template D CAPKs cleared
2026-03-27 23:20:16.803 5399-5440 bankdemoR3...tAid(L:21) com.newland.template D 9F061000000000000000000000000000000000DF2407F4C0F0E8EF0E605F2A020784DF2204000000009F7A01019F350122DF0101009F3303E0F8C89F4005FF80F0A0019F01061234567890009F150212349F160F3132333435363738393031323334359F3C0207845F3601029F3D01009F1A0207849F1E0830303030303030319F1C0831323334353637389F7B06000000000000DF160100DF170100DF1504000000009F1B0400000000DF44039F3704DF450F9F02065F2A029A039C0195059F37049F09020002
2026-03-27 23:20:16.808 5399-5440 bankdemoR3...tAid(L:21) com.newland.template D 9F0606A00000002501DF0101009F09020001DF1105DC50FC9800DF1205DE00FC9800DF130500100000009F1B0400000000DF1504000000009F1D080000000000000000DF160100DF170100DF14039F3704DF1801019F7B06000000000000DF1906000000000000DF2006999999999999DF2106000000050000DF8407079F6E049CE00000
2026-03-27 23:20:16.851 5399-5440 bankdemoR3...tAid(L:30) com.newland.template D AID Result 0
2026-03-27 23:20:16.853 5399-5440 bankdemoR3...tAid(L:21) com.newland.template D 9F0608A000000333010101DF0101009F09020030DF1105D84000A800DF1205DC4004F800DF130500000000009F1B0400000000DF1504000000009F1D080000000000000000DF160199DF170199DF14039F3704DF1801019F7B06000000000000DF1906000000000000DF2006999999999999DF2106000000030000
2026-03-27 23:20:16.865 5399-5440 bankdemoR3...tAid(L:30) com.newland.template D AID Result 0
2026-03-27 23:20:16.868 5399-5440 bankdemoR3...tAid(L:21) com.newland.template D 9F0608A000000333010102DF0101009F09020030DF1105D84000A800DF1205DC4004F800DF130500000000009F1B0400000000DF1504000000009F1D080000000000000000DF160199DF170199DF14039F3704DF1801019F7B06000000000000DF1906000000000000DF2006999999999999DF2106000000030000
2026-03-27 23:20:16.879 5399-5440 bankdemoR3...tAid(L:30) com.newland.template D AID Result 0
2026-03-27 23:20:16.882 5399-5440 bankdemoR3...tAid(L:21) com.newland.template D 9F0608A000000333010103DF0101009F09020030DF1105D84000A800DF1205DC4004F800DF130500000000009F1B0400000000DF1504000000009F1D080000000000000000DF160199DF170199DF14039F3704DF1801019F7B06000000000000DF1906000000000000DF2006999999999999DF2106000000030000
2026-03-27 23:20:16.893 5399-5440 bankdemoR3...tAid(L:30) com.newland.template D AID Result 0
2026-03-27 23:20:16.895 5399-5440 bankdemoR3...tAid(L:21) com.newland.template D 9F0607A0000001523010DF0101009F09020001DF1105FEF8FCF8F0DF1205FEF8FCF8F0DF130500100000009F1B0400000000DF1504000000009F1D080000000000000000DF160100DF170100DF14039F3704DF1801019F7B06000000000000DF1906000000000000DF2006999999999999DF2106000000050000
2026-03-27 23:20:16.908 5399-5440 bankdemoR3...tAid(L:30) com.newland.template D AID Result 0
2026-03-27 23:20:16.910 5399-5440 bankdemoR3...tAid(L:21) com.newland.template D 9F0607A0000009122024DF0101009F09020002DF1105B478FCB800DF1205B4F8FCB800DF130500000000009F1B0400000000DF1504000000009F1D080000000000000000DF160100DF170100DF14039F3704DF1801019F7B06000000000000DF1906000000000000DF2006999999999999DF2106000000050000
2026-03-27 23:20:16.912 483-483 BufferQueueProducer surfaceflinger I [com.newland.template/acquire.app.MainActivity#1823](this:0xac0e4ce4,id:-1,api:0,p:-1,c:483) queueBuffer: fps=16.88 dur=2133.13 max=1299.93 min=16.36
2026-03-27 23:20:16.924 5399-5440 bankdemoR3...tAid(L:30) com.newland.template D AID Result 0
2026-03-27 23:20:16.927 5399-5440 bankdemoR3...tAid(L:21) com.newland.template D 9F0607A0000009122124DF0101009F09020002DF1105B478FCB800DF1205B4F8FCB800DF130500000000009F1B0400000000DF1504000000009F1D080000000000000000DF160100DF170100DF14039F3704DF1801019F7B06000000000000DF1906000000000000DF2006999999999999DF2106000000050000
2026-03-27 23:20:16.942 5399-5440 bankdemoR3...tAid(L:30) com.newland.template D AID Result 0
2026-03-27 23:20:16.945 5399-5440 bankdemoR3...tAid(L:21) com.newland.template D 9F0607A0000009122224DF0101009F09020002DF1105B478FCB800DF1205B4F8FCB800DF130500000000009F1B0400000000DF1504000000009F1D080000000000000000DF160100DF170100DF14039F3704DF1801019F7B06000000000000DF1906000000000000DF2006999999999999DF2106000000050000
2026-03-27 23:20:16.956 5399-5440 bankdemoR3...tAid(L:30) com.newland.template D AID Result 0
2026-03-27 23:20:16.958 5399-5440 bankdemoR3...tAid(L:21) com.newland.template D 9F0607A0000009122025DF0101009F09020002DF1105B478FCB800DF1205B4F8FCB800DF130500000000009F1B0400000000DF1504000000009F1D080000000000000000DF160100DF170100DF14039F3704DF1801019F7B06000000000000DF1906000000000000DF2006999999999999DF2106000000050000
2026-03-27 23:20:16.969 5399-5440 bankdemoR3...tAid(L:30) com.newland.template D AID Result 0
2026-03-27 23:20:16.972 5399-5440 bankdemoR3...tAid(L:21) com.newland.template D 9F0607A0000009122125DF0101009F09020002DF1105B478FCB800DF1205B4F8FCB800DF130500000000009F1B0400000000DF1504000000009F1D080000000000000000DF160100DF170100DF14039F3704DF1801019F7B06000000000000DF1906000000000000DF2006999999999999DF2106000000050000
2026-03-27 23:20:16.984 5399-5440 bankdemoR3...tAid(L:30) com.newland.template D AID Result 0
2026-03-27 23:20:16.986 5399-5440 bankdemoR3...tAid(L:21) com.newland.template D 9F0607A0000009122225DF0101009F09020002DF1105B478FCB800DF1205B4F8FCB800DF130500000000009F1B0400000000DF1504000000009F1D080000000000000000DF160100DF170100DF14039F3704DF1801019F7B06000000000000DF1906000000000000DF2006999999999999DF2106000000050000
2026-03-27 23:20:17.001 5399-5440 bankdemoR3...tAid(L:30) com.newland.template D AID Result 0
2026-03-27 23:20:17.003 5399-5440 bankdemoR3...tAid(L:21) com.newland.template D 9F0607A0000000651010DF0101009F09020200DF1105FC60242800DF1205FC60ACF800DF130500100000009F1B0400000000DF1504000000009F1D080000000000000000DF160199DF170199DF14039F3704DF1801019F7B06000000000000DF1906000000000000DF2006999999999999DF21060000000000009F5303730000
2026-03-27 23:20:17.014 5399-5440 bankdemoR3...tAid(L:30) com.newland.template D AID Result 0
2026-03-27 23:20:17.017 5399-5440 bankdemoR3...tAid(L:21) com.newland.template D 9F0607A0000000041010DF0101009F09020002DF1105FE50BCA000DF1205FE50BCF800DF130500000000009F1B0400000000DF150410000000DF160199DF170199DF14039F3704DF1801019F7B06000000000000DF1906000000000000DF2006009999999999DF21060000000500009F1D086C72800000000000DF840744DF81180160DF81190108DF8121050000000000DF812005F45084800CDF812205F45084800CDF840A1BDF812105FFFFFFFFFFDF8120050000000000DF8122050000000000
2026-03-27 23:20:17.031 5399-5440 bankdemoR3...tAid(L:30) com.newland.template D AID Result 0
2026-03-27 23:20:17.034 5399-5440 bankdemoR3...tAid(L:21) com.newland.template D 9F0607A0000000043060DF0101009F09020002DF1105FC50BCA000DF1205FC50BCF800DF130500000000009F1B0400000000DF150410000000DF160101DF170101DF14039F3704DF1801019F1D084C52800000000000DF2106000000050000DF2006009999999999DF1906000000000000DF840744DF81180140DF81190108DF8121050000800000DF812005F45004800CDF812205F45004800CDF840A1BDF812105FFFFFFFFFFDF8120050000000000DF8122050000000000
2026-03-27 23:20:17.047 5399-5440 bankdemoR3...tAid(L:30) com.newland.template D AID Result 0
2026-03-27 23:20:17.049 5399-5440 bankdemoR3...tAid(L:21) com.newland.template D 9F0607A0000005241010DF0101009F09020001DF1105FEF8FCF8F0DF1205FEF8FCF8F0DF130500000000009F1B0400000000DF1504000000009F1D080000000000000000DF160100DF170100DF1801019F7B06000000000000DF1906000000000000DF2006999999999999DF2106000000050000
2026-03-27 23:20:17.060 5399-5440 bankdemoR3...tAid(L:30) com.newland.template D AID Result 0
2026-03-27 23:20:17.062 5399-5440 bankdemoR3...tAid(L:21) com.newland.template D 9F0607A0000000031010DF0101009F09020096DF1105DC4000A800DF1205DC4004F800DF130500100000009F1B0400000000DF1504000000009F1D080000000000000000DF160100DF170100DF14039F3704DF1801019F7B06000000000000DF1906000000000000DF2006999999999999DF2106000000050000
2026-03-27 23:20:17.074 5399-5440 bankdemoR3...tAid(L:30) com.newland.template D AID Result 0
2026-03-27 23:20:17.077 5399-5440 bankdemoR3...tAid(L:21) com.newland.template D 9F0607A0000000032010DF0101009F09020096DF1105DC4000A800DF1205DC4004F800DF130500100000009F1B0400000000DF1504000000009F1D080000000000000000DF160100DF170100DF14039F3704DF1801019F7B06000000000000DF1906000000000000DF2006999999999999DF2106000000050000
2026-03-27 23:20:17.096 5399-5440 bankdemoR3...tAid(L:30) com.newland.template D AID Result 0
2026-03-27 23:20:17.098 5399-5440 bankdemoR3...Capk(L:47) com.newland.template I 7170850B97F83952045CF9CA8B7612DFEB69E9EF:A000000003
2026-03-27 23:20:17.099 5399-5440 bankdemoR3...Capk(L:51) com.newland.template D 00000089
2026-03-27 23:20:17.123 5399-5440 bankdemoR3...Capk(L:64) com.newland.template D 9F0605A0000000039F220189DF0281C0E5E195705CE61A0672B8367E7A51713927A04289EA308328FAD28071ECEAE889B3C4F29AC3BDE46772B00D42FD05F27228820F2693990F81B0F6928E240D957EC4484354CD5E5CA9092B444741A0394D3476651232474A9B87A961DA8DD96D90F036E9B3C52FB09766BDA4D6BC3BDADBC89122B74068F8FA04026C5FA8EF398BC3AB3992A87F6A785CC779BA99F170956623D67A18EB8324263D626BE85BFF77B8B981C0A3F7849C4F3D8E20542955D19128198547B47AE34DF67F28BE433F33DF040103DF03147170850B97F83952045CF9CA8B7612DFEB69E9EFDF060101DF070101DF050420261231
2026-03-27 23:20:17.135 5399-5440 bankdemoR3...Capk(L:67) com.newland.template D 7170850B97F83952045CF9CA8B7612DFEB69E9EF CAPK Result 0
2026-03-27 23:20:17.136 5399-5440 bankdemoR3...Capk(L:47) com.newland.template I 429C954A3859CEF91295F663C963E582ED6EB253:A000000003
2026-03-27 23:20:17.136 5399-5440 bankdemoR3...Capk(L:51) com.newland.template D 00000092
2026-03-27 23:20:17.140 5399-5440 bankdemoR3...Capk(L:64) com.newland.template D 9F0605A0000000039F220192DF0281B0996AF56F569187D09293C14810450ED8EE3357397B18A2458EFAA92DA3B6DF6514EC060195318FD43BE9B8F0CC669E3F844057CBDDF8BDA191BB64473BC8DC9A730DB8F6B4EDE3924186FFD9B8C7735789C23A36BA0B8AF65372EB57EA5D89E7D14E9C7B6B557460F10885DA16AC923F15AF3758F0F03EBD3C5C2C949CBA306DB44E6A2C076C5F67E281D7EF56785DC4D75945E491F01918800A9E2DC66F60080566CE0DAF8D17EAD46AD8E30A247C9FDF040103DF0314429C954A3859CEF91295F663C963E582ED6EB253DF060101DF070101DF050420261231
2026-03-27 23:20:17.153 5399-5440 bankdemoR3...Capk(L:67) com.newland.template D 429C954A3859CEF91295F663C963E582ED6EB253 CAPK Result 0
2026-03-27 23:20:17.154 5399-5440 bankdemoR3...Capk(L:47) com.newland.template I C4A3C43CCF87327D136B804160E47D43B60E6E0F:A000000003
2026-03-27 23:20:17.154 5399-5440 bankdemoR3...Capk(L:51) com.newland.template D 00000094
2026-03-27 23:20:17.159 5399-5440 bankdemoR3...Capk(L:64) com.newland.template D 9F0605A0000000039F220194DF0281F8ACD2B12302EE644F3F835ABD1FC7A6F62CCE48FFEC622AA8EF062BEF6FB8BA8BC68BBF6AB5870EED579BC3973E121303D34841A796D6DCBC41DBF9E52C4609795C0CCF7EE86FA1D5CB041071ED2C51D2202F63F1156C58A92D38BC60BDF424E1776E2BC9648078A03B36FB554375FC53D57C73F5160EA59F3AFC5398EC7B67758D65C9BFF7828B6B82D4BE124A416AB7301914311EA462C19F771F31B3B57336000DFF732D3B83DE07052D730354D297BEC72871DCCF0E193F171ABA27EE464C6A97690943D59BDABB2A27EB71CEEBDAFA1176046478FD62FEC452D5CA393296530AA3F41927ADFE434A2DF2AE3054F8840657A26E0FC617DF040103DF0314C4A3C43CCF87327D136B804160E47D43B60E6E0FDF060101DF070101DF050420261231
2026-03-27 23:20:17.169 5399-5440 bankdemoR3...Capk(L:67) com.newland.template D C4A3C43CCF87327D136B804160E47D43B60E6E0F CAPK Result 0
2026-03-27 23:20:17.169 5399-5440 bankdemoR3...Capk(L:47) com.newland.template I 42D96E6E1217E5B59CC2079CE50C3D9F55B6FC1D:A000000003
2026-03-27 23:20:17.170 5399-5440 bankdemoR3...Capk(L:51) com.newland.template D 00000052
2026-03-27 23:20:17.174 5399-5440 bankdemoR3...Capk(L:64) com.newland.template D 9F0605A0000000039F220152DF0281B0AFF740F8DBE763F333A1013A43722055C8E22F41779E219B0E1C409D60AFD45C8789C57EECD71EA4A269A675916CC1C5E1A05A35BD745A79F94555CE29612AC9338769665B87C3CA8E1AC4957F9F61FA7BFFE4E17631E937837CABF43DD6183D6360A228A3EBC73A1D1CDC72BF09953C81203AB7E492148E4CB774CDDFAAC3544D0DD4F8C8A0E9C70B877EA79F2C22E4CE52C69F3EF376F61B0F43A540FE96C63F586310C3B6E39C78C4D647CADB5933DF040103DF031442D96E6E1217E5B59CC2079CE50C3D9F55B6FC1DDF060101DF070101DF050420261231
2026-03-27 23:20:17.182 5399-5440 bankdemoR3...Capk(L:67) com.newland.template D 42D96E6E1217E5B59CC2079CE50C3D9F55B6FC1D CAPK Result 0
2026-03-27 23:20:17.182 5399-5440 bankdemoR3...Capk(L:47) com.newland.template I EBFA0D5D06D8CE702DA3EAE890701D45E274C845:A000000004
2026-03-27 23:20:17.183 5399-5440 bankdemoR3...Capk(L:51) com.newland.template D 00000005
2026-03-27 23:20:17.187 5399-5440 bankdemoR3...Capk(L:64) com.newland.template D 9F0605A0000000049F220105DF0281B0B8048ABC30C90D976336543E3FD7091C8FE4800DF820ED55E7E94813ED00555B573FECA3D84AF6131A651D66CFF4284FB13B635EDD0EE40176D8BF04B7FD1C7BACF9AC7327DFAA8AA72D10DB3B8E70B2DDD811CB4196525EA386ACC33C0D9D4575916469C4E4F53E8E1C912CC618CB22DDE7C3568E90022E6BBA770202E4522A2DD623D180E215BD1D1507FE3DC90CA310D27B3EFCCD8F83DE3052CAD1E48938C68D095AAC91B5F37E28BB49EC7ED597DF040103DF0314EBFA0D5D06D8CE702DA3EAE890701D45E274C845DF060101DF070101DF050420261231
2026-03-27 23:20:17.195 5399-5440 bankdemoR3...Capk(L:67) com.newland.template D EBFA0D5D06D8CE702DA3EAE890701D45E274C845 CAPK Result 0
2026-03-27 23:20:17.196 5399-5440 bankdemoR3...Capk(L:47) com.newland.template I F910A1504D5FFB793D94F3B500765E1ABCAD72D9:A000000004
2026-03-27 23:20:17.197 5399-5440 bankdemoR3...Capk(L:51) com.newland.template D 00000006
2026-03-27 23:20:17.201 5399-5440 bankdemoR3...Capk(L:64) com.newland.template D 9F0605A0000000049F220106DF0281F8CB26FC830B43785B2BCE37C81ED334622F9622F4C89AAE641046B2353433883F307FB7C974162DA72F7A4EC75D9D657336865B8D3023D3D645667625C9A07A6B7A137CF0C64198AE38FC238006FB2603F41F4F3BB9DA1347270F2F5D8C606E420958C5F7D50A71DE30142F70DE468889B5E3A08695B938A50FC980393A9CBCE44AD2D64F630BB33AD3F5F5FD495D31F37818C1D94071342E07F1BEC2194F6035BA5DED3936500EB82DFDA6E8AFB655B1EF3D0D7EBF86B66DD9F29F6B1D324FE8B26CE38AB2013DD13F611E7A594D675C4432350EA244CC34F3873CBA06592987A1D7E852ADC22EF5A2EE28132031E48F74037E3B34AB747FDF040103DF0314F910A1504D5FFB793D94F3B500765E1ABCAD72D9DF060101DF070101DF050420261231
2026-03-27 23:20:17.210 5399-5440 bankdemoR3...Capk(L:67) com.newland.template D F910A1504D5FFB793D94F3B500765E1ABCAD72D9 CAPK Result 0
2026-03-27 23:20:17.211 5399-5440 bankdemoR3...Capk(L:47) com.newland.template I 21766EBB0EE122AFB65D7845B73DB46BAB65427A:A000000004
2026-03-27 23:20:17.212 5399-5440 bankdemoR3...Capk(L:51) com.newland.template D 000000EF
2026-03-27 23:20:17.216 5399-5440 bankdemoR3...Capk(L:64) com.newland.template D 9F0605A0000000049F2201EFDF0281F8A191CB87473F29349B5D60A88B3EAEE0973AA6F1A082F358D849FDDFF9C091F899EDA9792CAF09EF28F5D22404B88A2293EEBBC1949C43BEA4D60CFD879A1539544E09E0F09F60F065B2BF2A13ECC705F3D468B9D33AE77AD9D3F19CA40F23DCF5EB7C04DC8F69EBA565B1EBCB4686CD274785530FF6F6E9EE43AA43FDB02CE00DAEC15C7B8FD6A9B394BABA419D3F6DC85E16569BE8E76989688EFEA2DF22FF7D35C043338DEAA982A02B866DE5328519EBBCD6F03CDD686673847F84DB651AB86C28CF1462562C577B853564A290C8556D818531268D25CC98A4CC6A0BDFFFDA2DCCA3A94C998559E307FDDF915006D9A987B07DDAEB3BDF040103DF031421766EBB0EE122AFB65D7845B73DB46BAB65427ADF060101DF070101DF050420261231
2026-03-27 23:20:17.226 5399-5440 bankdemoR3...Capk(L:67) com.newland.template D 21766EBB0EE122AFB65D7845B73DB46BAB65427A CAPK Result 0
2026-03-27 23:20:17.227 5399-5440 bankdemoR3...Capk(L:47) com.newland.template I AE667445F8DE6F82C38800E5EBABA322F03F58F2:A000000004
2026-03-27 23:20:17.227 5399-5440 bankdemoR3...Capk(L:51) com.newland.template D 000000F0
2026-03-27 23:20:17.230 5399-5440 bankdemoR3...Capk(L:64) com.newland.template D 9F0605A0000000049F2201F0DF0281807563C51B5276AA6370AB8405522414645832B6BEF2A989C771475B2E8DC654DC8A5BFF9E28E31FF1A370A40DC3FFEB06BC85487D5F1CB61C2441FD71CBCD05D883F8DE413B243AFC9DCA768B061E35B884B5D21B6B016AA36BA12DABCFE49F8E528C893C34C7D4793977E4CC99AB09640D9C7AAB7EC5FF3F40E3D4D18DF7E3A7DF040103DF0314AE667445F8DE6F82C38800E5EBABA322F03F58F2DF060101DF070101DF050420261231
2026-03-27 23:20:17.239 5399-5440 bankdemoR3...Capk(L:67) com.newland.template D AE667445F8DE6F82C38800E5EBABA322F03F58F2 CAPK Result 0
2026-03-27 23:20:17.240 5399-5440 bankdemoR3...Capk(L:47) com.newland.template I D8E68DA167AB5A85D8C3D55ECB9B0517A1A5B4BB:A000000004
2026-03-27 23:20:17.241 5399-5440 bankdemoR3...Capk(L:51) com.newland.template D 000000F1
2026-03-27 23:20:17.244 5399-5440 bankdemoR3...Capk(L:64) com.newland.template D 9F0605A0000000049F2201F1DF0281B0A0DCF4BDE19C3546B4B6F0414D174DDE294AABBB828C5A834D73AAE27C99B0B053A90278007239B6459FF0BBCD7B4B9C6C50AC02CE91368DA1BD21AAEADBC65347337D89B68F5C99A09D05BE02DD1F8C5BA20E2F13FB2A27C41D3F85CAD5CF6668E75851EC66EDBF98851FD4E42C44C1D59F5984703B27D5B9F21B8FA0D93279FBBF69E090642909C9EA27F898959541AA6757F5F624104F6E1D3A9532F2A6E51515AEAD1B43B3D7835088A2FAFA7BE7DF040103DF0314D8E68DA167AB5A85D8C3D55ECB9B0517A1A5B4BBDF060101DF070101DF050420261231
2026-03-27 23:20:17.251 5399-5440 bankdemoR3...Capk(L:67) com.newland.template D D8E68DA167AB5A85D8C3D55ECB9B0517A1A5B4BB CAPK Result 0
2026-03-27 23:20:17.252 5399-5440 bankdemoR3...Capk(L:47) com.newland.template I A69AC7603DAF566E972DEDC2CB433E07E8B01A9A:A000000004
2026-03-27 23:20:17.253 5399-5440 bankdemoR3...Capk(L:51) com.newland.template D 000000F3
2026-03-27 23:20:17.256 5399-5440 bankdemoR3...Capk(L:64) com.newland.template D 9F0605A0000000049F2201F3DF02819098F0C770F23864C2E766DF02D1E833DFF4FFE92D696E1642F0A88C5694C6479D16DB1537BFE29E4FDC6E6E8AFD1B0EB7EA0124723C333179BF19E93F10658B2F776E829E87DAEDA9C94A8B3382199A350C077977C97AFF08FD11310AC950A72C3CA5002EF513FCCC286E646E3C5387535D509514B3B326E1234F9CB48C36DDD44B416D23654034A66F403BA511C5EFA3DF040103DF0314A69AC7603DAF566E972DEDC2CB433E07E8B01A9ADF060101DF070101DF050420261231
2026-03-27 23:20:17.263 5399-5440 bankdemoR3...Capk(L:67) com.newland.template D A69AC7603DAF566E972DEDC2CB433E07E8B01A9A CAPK Result 0
2026-03-27 23:20:17.264 5399-5440 bankdemoR3...Capk(L:47) com.newland.template I 98CEB9E0E8ED52ABDD8549FD50ACECA3BF51A786:A000000004
2026-03-27 23:20:17.265 5399-5440 bankdemoR3...Capk(L:51) com.newland.template D 000000F4
2026-03-27 23:20:17.267 5399-5440 bankdemoR3...Capk(L:64) com.newland.template D 9F0605A0000000049F2201F4DF02709CFAD54B40297C1CDE23FCB3EF68D318341A4727AE1DAA2BEBE35872EF3DC90746297B066ED1CE3C07C1F234FF5490425E8B14674CC57E4397A51584FF5EBA6B5D54D99D2C9FC99D5E4CACB3487ABA790F28E304987AFA7F5F92E22D89FF510C1B581941166C7CCB11EFB08DE607460DDF040103DF031498CEB9E0E8ED52ABDD8549FD50ACECA3BF51A786DF060101DF070101DF050420261231
2026-03-27 23:20:17.275 5399-5440 bankdemoR3...Capk(L:67) com.newland.template D 98CEB9E0E8ED52ABDD8549FD50ACECA3BF51A786 CAPK Result 0
2026-03-27 23:20:17.275 5399-5440 bankdemoR3...Capk(L:47) com.newland.template I F06ECC6D2AAEBF259B7E755A38D9A9B24E2FF3DD:A000000004
2026-03-27 23:20:17.276 5399-5440 bankdemoR3...Capk(L:51) com.newland.template D 000000F8
2026-03-27 23:20:17.279 5399-5440 bankdemoR3...Capk(L:64) com.newland.template D 9F0605A0000000049F2201F8DF028180A1F5E1C9BD8650BD43AB6EE56B891EF7459C0A24FA84F9127D1A6C79D4930F6DB1852E2510F18B61CD354DB83A356BD190B88AB8DF04284D02A4204A7B6CB7C5551977A9B36379CA3DE1A08E69F301C95CC1C20506959275F41723DD5D2925290579E5A95B0DF6323FC8E9273D6F849198C4996209166D9BFC973C361CC826E1DF040103DF0314F06ECC6D2AAEBF259B7E755A38D9A9B24E2FF3DDDF060101DF070101DF050420261231
2026-03-27 23:20:17.286 5399-5440 bankdemoR3...Capk(L:67) com.newland.template D F06ECC6D2AAEBF259B7E755A38D9A9B24E2FF3DD CAPK Result 0
2026-03-27 23:20:17.286 5399-5440 bankdemoR3...Capk(L:47) com.newland.template I 5BED4068D96EA16D2D77E03D6036FC7A160EA99C:A000000004
2026-03-27 23:20:17.287 5399-5440 bankdemoR3...Capk(L:51) com.newland.template D 000000FA
2026-03-27 23:20:17.290 5399-5440 bankdemoR3...Capk(L:64) com.newland.template D 9F0605A0000000049F2201FADF028190A90FCD55AA2D5D9963E35ED0F440177699832F49C6BAB15CDAE5794BE93F934D4462D5D12762E48C38BA83D8445DEAA74195A301A102B2F114EADA0D180EE5E7A5C73E0C4E11F67A43DDAB5D55683B1474CC0627F44B8D3088A492FFAADAD4F42422D0E7013536C3C49AD3D0FAE96459B0F6B1B6056538A3D6D44640F94467B108867DEC40FAAECD740C00E2B7A8852DDF040103DF03145BED4068D96EA16D2D77E03D6036FC7A160EA99CDF060101DF070101DF050420261231
2026-03-27 23:20:17.297 5399-5440 bankdemoR3...Capk(L:67) com.newland.template D 5BED4068D96EA16D2D77E03D6036FC7A160EA99C CAPK Result 0
2026-03-27 23:20:17.298 5399-5440 bankdemoR3...Capk(L:47) com.newland.template I 9A295B05FB390EF7923F57618A9FDA2941FC34E0:A000000004
2026-03-27 23:20:17.298 5399-5440 bankdemoR3...Capk(L:51) com.newland.template D 000000FE
2026-03-27 23:20:17.300 5399-5440 bankdemoR3...Capk(L:64) com.newland.template D 9F0605A0000000049F2201FEDF028180A653EAC1C0F786C8724F737F172997D63D1C3251C44402049B865BAE877D0F398CBFBE8A6035E24AFA086BEFDE9351E54B95708EE672F0968BCD50DCE40F783322B2ABA04EF137EF18ABF03C7DBC5813AEAEF3AA7797BA15DF7D5BA1CBAF7FD520B5A482D8D3FEE105077871113E23A49AF3926554A70FE10ED728CF793B62A1DF040103DF03149A295B05FB390EF7923F57618A9FDA2941FC34E0DF060101DF070101DF050420261231
2026-03-27 23:20:17.307 5399-5440 bankdemoR3...Capk(L:67) com.newland.template D 9A295B05FB390EF7923F57618A9FDA2941FC34E0 CAPK Result 0
2026-03-27 23:20:17.307 5399-5440 bankdemoR3...Capk(L:47) com.newland.template I DD36D5896228C8C4900742F107E2F91FE50BC7EE:A000000065
2026-03-27 23:20:17.308 5399-5440 bankdemoR3...Capk(L:51) com.newland.template D 00000008
2026-03-27 23:20:17.311 5399-5440 bankdemoR3...Capk(L:64) com.newland.template D 9F0605A0000000659F220108DF028180B74670DAD1DC8983652000E5A7F2F8B35DFD083EE593E5BA895C95729F2BADE9C8ABF3DD9CE240C451C6CEFFC768D83CBAC76ABB8FEA58F013C647007CFF7617BAC2AE3981816F25CC7E5238EF34C4F02D0B01C24F80C2C65E7E7743A4FA8E23206A23ECE290C26EA56DB085C5C5EAE26292451FC8292F9957BE8FF20FAD53E5DF040103DF0314DD36D5896228C8C4900742F107E2F91FE50BC7EEDF060101DF070101DF050420261231
2026-03-27 23:20:17.318 5399-5440 bankdemoR3...Capk(L:67) com.newland.template D DD36D5896228C8C4900742F107E2F91FE50BC7EE CAPK Result 0
2026-03-27 23:20:17.319 5399-5440 bankdemoR3...Capk(L:47) com.newland.template I 2A1B82DE00F5F0C401760ADF528228D3EDE0F403:A000000065
2026-03-27 23:20:17.320 5399-5440 bankdemoR3...Capk(L:51) com.newland.template D 0000000F
2026-03-27 23:20:17.323 5399-5440 bankdemoR3...Capk(L:64) com.newland.template D 9F0605A0000000659F22010FDF0281909EFBADDE4071D4EF98C969EB32AF854864602E515D6501FDE576B310964A4F7C2CE842ABEFAFC5DC9E26A619BCF2614FE07375B9249BEFA09CFEE70232E75FFD647571280C76FFCA87511AD255B98A6B577591AF01D003BD6BF7E1FCE4DFD20D0D0297ED5ECA25DE261F37EFE9E175FB5F12D2503D8CFB060A63138511FE0E125CF3A643AFD7D66DCF9682BD246DDEA1DF040103DF03142A1B82DE00F5F0C401760ADF528228D3EDE0F403DF060101DF070101DF050420261231
2026-03-27 23:20:17.331 5399-5440 bankdemoR3...Capk(L:67) com.newland.template D 2A1B82DE00F5F0C401760ADF528228D3EDE0F403 CAPK Result 0
2026-03-27 23:20:17.332 5399-5440 bankdemoR3...Capk(L:47) com.newland.template I D9FD62C9DD4E6DE7741E9A17FB1FF2C5DB948BCB:A000000065
2026-03-27 23:20:17.332 5399-5440 bankdemoR3...Capk(L:51) com.newland.template D 00000011
2026-03-27 23:20:17.336 5399-5440 bankdemoR3...Capk(L:64) com.newland.template D 9F0605A0000000659F220111DF0281B0A2583AA40746E3A63C22478F576D1EFC5FB046135A6FC739E82B55035F71B09BEB566EDB9968DD649B94B6DEDC033899884E908C27BE1CD291E5436F762553297763DAA3B890D778C0F01E3344CECDFB3BA70D7E055B8C760D0179A403D6B55F2B3B083912B183ADB7927441BED3395A199EEFE0DEBD1F5FC3264033DA856F4A8B93916885BD42F9C1F456AAB8CFA83AC574833EB5E87BB9D4C006A4B5346BD9E17E139AB6552D9C58BC041195336485DF040103DF0314D9FD62C9DD4E6DE7741E9A17FB1FF2C5DB948BCBDF060101DF070101DF050420261231
2026-03-27 23:20:17.344 5399-5440 bankdemoR3...Capk(L:67) com.newland.template D D9FD62C9DD4E6DE7741E9A17FB1FF2C5DB948BCB CAPK Result 0
2026-03-27 23:20:17.344 5399-5440 bankdemoR3...Capk(L:47) com.newland.template I 54CFAE617150DFA09D3F901C9123524523EBEDF3:A000000065
2026-03-27 23:20:17.345 5399-5440 bankdemoR3...Capk(L:51) com.newland.template D 00000013
2026-03-27 23:20:17.348 5399-5440 bankdemoR3...Capk(L:64) com.newland.template D 9F0605A0000000659F220113DF0281F8A3270868367E6E29349FC2743EE545AC53BD3029782488997650108524FD051E3B6EACA6A9A6C1441D28889A5F46413C8F62F3645AAEB30A1521EEF41FD4F3445BFA1AB29F9AC1A74D9A16B93293296CB09162B149BAC22F88AD8F322D684D6B49A12413FC1B6AC70EDEDB18EC1585519A89B50B3D03E14063C2CA58B7C2BA7FB22799A33BCDE6AFCBEB4A7D64911D08D18C47F9BD14A9FAD8805A15DE5A38945A97919B7AB88EFA11A88C0CD92C6EE7DC352AB0746ABF13585913C8A4E04464B77909C6BD94341A8976C4769EA6C0D30A60F4EE8FA19E767B170DF4FA80312DBA61DB645D5D1560873E2674E1F620083F30180BD96CA589DF040103DF031454CFAE617150DFA09D3F901C9123524523EBEDF3DF060101DF070101DF050420261231
2026-03-27 23:20:17.358 5399-5440 bankdemoR3...Capk(L:67) com.newland.template D 54CFAE617150DFA09D3F901C9123524523EBEDF3 CAPK Result 0
2026-03-27 23:20:17.359 5399-5440 bankdemoR3...Capk(L:47) com.newland.template I 874B379B7F607DC1CAF87A19E400B6A9E25163E8:A000000065
2026-03-27 23:20:17.359 5399-5440 bankdemoR3...Capk(L:51) com.newland.template D 00000012
2026-03-27 23:20:17.360 5399-5456 bankdemoR3...ect(L:141) com.newland.template D MQTT: Connected successfully
2026-03-27 23:20:17.360 5399-5456 bankdemoR3...ted(L:673) com.newland.template D MQTT: Connected successfully
2026-03-27 23:20:17.361 5399-5456 bankdemoR3...ate(L:215) com.newland.template D MQTT: Started periodic status updates (5s)
2026-03-27 23:20:17.363 5399-5440 bankdemoR3...Capk(L:64) com.newland.template D 9F0605A0000000659F220112DF0281B0ADF05CD4C5B490B087C3467B0F3043750438848461288BFEFD6198DD576DC3AD7A7CFA07DBA128C247A8EAB30DC3A30B02FCD7F1C8167965463626FEFF8AB1AA61A4B9AEF09EE12B009842A1ABA01ADB4A2B170668781EC92B60F605FD12B2B2A6F1FE734BE510F60DC5D189E401451B62B4E06851EC20EBFF4522AACC2E9CDC89BC5D8CDE5D633CFD77220FF6BBD4A9B441473CC3C6FEFC8D13E57C3DE97E1269FA19F655215B23563ED1D1860D8681DF040103DF0314874B379B7F607DC1CAF87A19E400B6A9E25163E8DF060101DF070101DF050420261231
2026-03-27 23:20:17.364 5399-5456 bankdemoR3...ect(L:148) com.newland.template D MQTT: Retrying SN for topic: 98251226730002
2026-03-27 23:20:17.365 5399-5456 bankdemoR3...ect(L:152) com.newland.template D MQTT: Subscribing to topic: /ota/pFppbioOCKlo5c8E/98251226730002/update
2026-03-27 23:20:17.374 5399-5440 bankdemoR3...Capk(L:67) com.newland.template D 874B379B7F607DC1CAF87A19E400B6A9E25163E8 CAPK Result 0
2026-03-27 23:20:17.375 5399-5440 bankdemoR3...Capk(L:47) com.newland.template I C0D15F6CD957E491DB56DCDD1CA87A03EBE06B7B:A000000065
2026-03-27 23:20:17.376 5399-5440 bankdemoR3...Capk(L:51) com.newland.template D 00000014
2026-03-27 23:20:17.380 5399-5440 bankdemoR3...Capk(L:64) com.newland.template D 9F0605A0000000659F220114DF0281F8AEED55B9EE00E1ECEB045F61D2DA9A66AB637B43FB5CDBDB22A2FBB25BE061E937E38244EE5132F530144A3F268907D8FD648863F5A96FED7E42089E93457ADC0E1BC89C58A0DB72675FBC47FEE9FF33C16ADE6D341936B06B6A6F5EF6F66A4EDD981DF75DA8399C3053F430ECA342437C23AF423A211AC9F58EAF09B0F837DE9D86C7109DB1646561AA5AF0289AF5514AC64BC2D9D36A179BB8A7971E2BFA03A9E4B847FD3D63524D43A0E8003547B94A8A75E519DF3177D0A60BC0B4BAB1EA59A2CBB4D2D62354E926E9C7D3BE4181E81BA60F8285A896D17DA8C3242481B6C405769A39D547C74ED9FF95A70A796046B5EFF36682DC29DF040103DF0314C0D15F6CD957E491DB56DCDD1CA87A03EBE06B7BDF060101DF070101DF050420261231
2026-03-27 23:20:17.383 5399-5399 bankdemoR3...tils(L:60) com.newland.template D ConfigFileManager: Attempting migration from ParamsUtils to config file
2026-03-27 23:20:17.385 5399-5399 bankdemoR3...ing(L:152) com.newland.template D Preferences get->key:MQTT_CONFIG_VERSION, value:null
2026-03-27 23:20:17.386 5399-5399 bankdemoR3...ing(L:152) com.newland.template D Preferences get->key:MQTT_EMV_VERSION, value:null
2026-03-27 23:20:17.387 5399-5399 bankdemoR3...ing(L:152) com.newland.template D Preferences get->key:MQTT_KEYS_VERSION, value:***REDACTED***
2026-03-27 23:20:17.388 5399-5399 bankdemoR3...ing(L:152) com.newland.template D Preferences get->key:MQTT_APP_VERSION, value:null
2026-03-27 23:20:17.389 5399-5440 bankdemoR3...Capk(L:67) com.newland.template D C0D15F6CD957E491DB56DCDD1CA87A03EBE06B7B CAPK Result 0
2026-03-27 23:20:17.389 5399-5440 bankdemoR3...Capk(L:47) com.newland.template I EE23B616C95C02652AD18860E48787C079E8E85A:A000000333
2026-03-27 23:20:17.390 5399-5440 bankdemoR3...Capk(L:51) com.newland.template D 00000008
2026-03-27 23:20:17.391 5399-5399 bankdemoR3...fig(L:180) com.newland.template D ConfigFileManager: Config saved successfully
2026-03-27 23:20:17.392 5399-5399 bankdemoR3...tils(L:86) com.newland.template D ConfigFileManager: Migration completed successfully
2026-03-27 23:20:17.393 5399-5440 bankdemoR3...Capk(L:64) com.newland.template D 9F0605A0000003339F220108DF028190B61645EDFD5498FB246444037A0FA18C0F101EBD8EFA54573CE6E6A7FBF63ED21D66340852B0211CF5EEF6A1CD989F66AF21A8EB19DBD8DBC3706D135363A0D683D046304F5A836BC1BC632821AFE7A2F75DA3C50AC74C545A754562204137169663CFCC0B06E67E2109EBA41BC67FF20CC8AC80D7B6EE1A95465B3B2657533EA56D92D539E5064360EA4850FED2D1BFDF040103DF0314EE23B616C95C02652AD18860E48787C079E8E85ADF060101DF070101DF050420261231
2026-03-27 23:20:17.399 5399-5399 bankdemoR3...ate(L:288) com.newland.template D MQTT: Heartbeat payload: {"oid":"organization_id","sn":"98251226730002","vendor":"MoreFun","model":"MF919 S10","uploadTime":"2026-03-27T17:50:17Z","org.device":[{"itemkey":"status","value":"online","timestamp":"2026-03-27T17:50:17Z","message":"Terminal status update"},{"itemkey":"battery","value":"71","timestamp":"2026-03-27T17:50:17Z","message":"Battery level"},{"itemkey":"network","value":"online","timestamp":"2026-03-27T17:50:17Z","message":"Network connectivity"},{"itemkey":"cpu","value":"0","timestamp":"2026-03-27T17:50:17Z","message":"CPU usage percentage"}]}
2026-03-27 23:20:17.401 5399-5440 bankdemoR3...Capk(L:67) com.newland.template D EE23B616C95C02652AD18860E48787C079E8E85A CAPK Result 0
2026-03-27 23:20:17.402 5399-5440 bankdemoR3...Capk(L:47) com.newland.template I A075306EAB0045BAF72CDD33B3B678779DE1F527:A000000333
2026-03-27 23:20:17.403 5399-5440 bankdemoR3...Capk(L:51) com.newland.template D 00000009
