2026-03-27 23:20:17.406 5399-5440 bankdemoR3...Capk(L:64) com.newland.template D 9F0605A0000003339F220109DF0281B0EB374DFC5A96B71D2863875EDA2EAFB96B1B439D3ECE0B1826A2672EEEFA7990286776F8BD989A15141A75C384DFC14FEF9243AAB32707659BE9E4797A247C2F0B6D99372F384AF62FE23BC54BCDC57A9ACD1D5585C303F201EF4E8B806AFB809DB1A3DB1CD112AC884F164A67B99C7D6E5A8A6DF1D3CAE6D7ED3D5BE725B2DE4ADE23FA679BF4EB15A93D8A6E29C7FFA1A70DE2E54F593D908A3BF9EBBD760BBFDC8DB8B54497E6C5BE0E4A4DAC29E5DF040103DF0314A075306EAB0045BAF72CDD33B3B678779DE1F527DF060101DF070101DF050420261231
2026-03-27 23:20:17.416 5399-5440 bankdemoR3...Capk(L:67) com.newland.template D A075306EAB0045BAF72CDD33B3B678779DE1F527 CAPK Result 0
2026-03-27 23:20:17.417 5399-5440 bankdemoR3...Capk(L:47) com.newland.template I A73472B3AB557493A9BC2179CC8014053B12BAB4:A000000025
2026-03-27 23:20:17.418 5399-5440 bankdemoR3...Capk(L:51) com.newland.template D 0000000F
2026-03-27 23:20:17.421 5399-5440 bankdemoR3...Capk(L:64) com.newland.template D 9F0605A0000000259F22010FDF0281B0C8D5AC27A5E1FB89978C7C6479AF993AB3800EB243996FBB2AE26B67B23AC482C4B746005A51AFA7D2D83E894F591A2357B30F85B85627FF15DA12290F70F05766552BA11AD34B7109FA49DE29DCB0109670875A17EA95549E92347B948AA1F045756DE56B707E3863E59A6CBE99C1272EF65FB66CBB4CFF070F36029DD76218B21242645B51CA752AF37E70BE1A84FF31079DC0048E928883EC4FADD497A719385C2BBBEBC5A66AA5E5655D18034EC5DF040103DF0314A73472B3AB557493A9BC2179CC8014053B12BAB4DF060101DF070101DF050420261231
2026-03-27 23:20:17.428 5399-5440 bankdemoR3...Capk(L:67) com.newland.template D A73472B3AB557493A9BC2179CC8014053B12BAB4 CAPK Result 0
2026-03-27 23:20:17.429 5399-5440 bankdemoR3...Capk(L:47) com.newland.template I C729CF2FD262394ABC4CC173506502446AA9B9FD:A000000025
2026-03-27 23:20:17.430 5399-5440 bankdemoR3...Capk(L:51) com.newland.template D 00000010
2026-03-27 23:20:17.433 5399-5440 bankdemoR3...Capk(L:64) com.newland.template D 9F0605A0000000259F220110DF0281F8CF98DFEDB3D3727965EE7797723355E0751C81D2D3DF4D18EBAB9FB9D49F38C8C4A826B99DC9DEA3F01043D4BF22AC3550E2962A59639B1332156422F788B9C16D40135EFD1BA94147750575E636B6EBC618734C91C1D1BF3EDC2A46A43901668E0FFC136774080E888044F6A1E65DC9AAA8928DACBEB0DB55EA3514686C6A732CEF55EE27CF877F110652694A0E3484C855D882AE191674E25C296205BBB599455176FDD7BBC549F27BA5FE35336F7E29E68D783973199436633C67EE5A680F05160ED12D1665EC83D1997F10FD05BBDBF9433E8F797AEE3E9F02A34228ACE927ABE62B8B9281AD08D3DF5C7379685045D7BA5FCDE58637DF040103DF0314C729CF2FD262394ABC4CC173506502446AA9B9FDDF060101DF070101DF050420261231
2026-03-27 23:20:17.443 5399-5440 bankdemoR3...Capk(L:67) com.newland.template D C729CF2FD262394ABC4CC173506502446AA9B9FD CAPK Result 0
2026-03-27 23:20:17.444 5399-5440 bankdemoR3...Capk(L:47) com.newland.template I CCC7303FF295A9F35BA61BD31E27EABD59658265:A000000025
2026-03-27 23:20:17.445 5399-5440 bankdemoR3...Capk(L:51) com.newland.template D 00000062
2026-03-27 23:20:17.447 5399-5440 bankdemoR3...Capk(L:64) com.newland.template D 9F0605A0000000259F220162DF0260BA29DE83090D8D5F4DFFCEB98918995A768F41D0183E1ACA3EF8D5ED9062853E4080E0D289A5CEDD4DD96B1FEA2C53428436CE15A2A1BFE69D46197D3F5A79BCF8F4858BFFA04EDB07FC5BE8560D9CE38F5C3CA3C742EDFDBAE3B5E6DDA45557DF040103DF0314CCC7303FF295A9F35BA61BD31E27EABD59658265DF060101DF070101DF050420261231
2026-03-27 23:20:17.454 5399-5440 bankdemoR3...Capk(L:67) com.newland.template D CCC7303FF295A9F35BA61BD31E27EABD59658265 CAPK Result 0
2026-03-27 23:20:17.455 5399-5440 bankdemoR3...Capk(L:47) com.newland.template I 792B121D86D0F3A99582DB06974481F3B2E18454:A000000025
2026-03-27 23:20:17.455 5399-5440 bankdemoR3...Capk(L:51) com.newland.template D 00000064
2026-03-27 23:20:17.458 5399-5440 bankdemoR3...Capk(L:64) com.newland.template D 9F0605A0000000259F220164DF028180B0DD551047DAFCD10D9A5E33CF47A9333E3B24EC57E8F066A72DED60E881A8AD42777C67ADDF0708042AB943601EE60248540B67E0637018EEB3911AE9C873DAD66CB40BC8F4DC77EB2595252B61C21518F79B706AAC29E7D3FD4D259DB72B6E6D446DD60386DB40F5FDB076D80374C993B4BB2D1DB977C3870897F9DFA454F5DF040103DF0314792B121D86D0F3A99582DB06974481F3B2E18454DF060101DF070101DF050420261231
2026-03-27 23:20:17.465 5399-5440 bankdemoR3...Capk(L:67) com.newland.template D 792B121D86D0F3A99582DB06974481F3B2E18454 CAPK Result 0
2026-03-27 23:20:17.466 5399-5440 bankdemoR3...Capk(L:47) com.newland.template I 894C5D08D4EA28BB79DC46CEAD998B877322F416:A000000025
2026-03-27 23:20:17.467 5399-5440 bankdemoR3...Capk(L:51) com.newland.template D 00000065
2026-03-27 23:20:17.469 5399-5440 bankdemoR3...Capk(L:64) com.newland.template D 9F0605A0000000259F220165DF028190E53EB41F839DDFB474F272CD0CBE373D5468EB3F50F39C95BDF4D39FA82B98DABC9476B6EA350C0DCE1CD92075D8C44D1E57283190F96B3537D9E632C461815EBD2BAF36891DF6BFB1D30FA0B752C43DCA0257D35DFF4CCFC98F84198D5152EC61D7B5F74BD09383BD0E2AA42298FFB02F0D79ADB70D72243EE537F75536A8A8DF962582E9E6812F3A0BE02A4365400DDF040103DF0314894C5D08D4EA28BB79DC46CEAD998B877322F416DF060101DF070101DF050420261231
2026-03-27 23:20:17.476 5399-5440 bankdemoR3...Capk(L:67) com.newland.template D 894C5D08D4EA28BB79DC46CEAD998B877322F416 CAPK Result 0
2026-03-27 23:20:17.477 5399-5440 bankdemoR3...Capk(L:47) com.newland.template I F367CB70F9C9B67B580F533819E302BAC0330090:A000000025
2026-03-27 23:20:17.478 5399-5440 bankdemoR3...Capk(L:51) com.newland.template D 00000066
2026-03-27 23:20:17.480 5399-5440 bankdemoR3...Capk(L:64) com.newland.template D 9F0605A0000000259F220166DF028180BD1478877B9333612D257D9E3C9C23503E28336B723C71F47C25836670395360F53C106FD74DEEEA291259C001AFBE7B4A83654F6E2D9E8148E2CB1D9223AC5903DA18B433F8E3529227505DE84748F241F7BFCD2146E5E9A8C5D2A06D19097087A069F9AE3D610C7C8E1214481A4F27025A1A2EDB8A9CDAFA445690511DB805DF040103DF0314F367CB70F9C9B67B580F533819E302BAC0330090DF060101DF070101DF050420261231
2026-03-27 23:20:17.487 5399-5440 bankdemoR3...Capk(L:67) com.newland.template D F367CB70F9C9B67B580F533819E302BAC0330090 CAPK Result 0
2026-03-27 23:20:17.488 5399-5440 bankdemoR3...Capk(L:47) com.newland.template I 52A2907300C8445BF54B970C894691FEADF2D28E:A000000025
2026-03-27 23:20:17.489 5399-5440 bankdemoR3...Capk(L:51) com.newland.template D 00000067
2026-03-27 23:20:17.492 5399-5440 bankdemoR3...Capk(L:64) com.newland.template D 9F0605A0000000259F220167DF0281B0C687ADCCF3D57D3360B174E471EDA693AA555DFDC6C8CD394C74BA25CCDF8EABFD1F1CEADFBE2280C9E81F7A058998DC22B7F22576FE84713D0BDD3D34CFCD12FCD0D26901BA74103D075C664DABCCAF57BF789494051C5EC303A2E1D784306D3DB3EB665CD360A558F40B7C05C919B2F0282FE1ED9BF6261AA814648FBC263B14214491DE426D242D65CD1FFF0FBE4D4DAFF5CFACB2ADC7131C9B147EE791956551076270696B75FD97373F1FD7804FDF040103DF031452A2907300C8445BF54B970C894691FEADF2D28EDF060101DF070101DF050420261231
2026-03-27 23:20:17.500 5399-5440 bankdemoR3...Capk(L:67) com.newland.template D 52A2907300C8445BF54B970C894691FEADF2D28E CAPK Result 0
2026-03-27 23:20:17.501 5399-5440 bankdemoR3...Capk(L:47) com.newland.template I 415E5FE9EC966C835FBB3E6F766A9B1A4B8674C3:A000000025
2026-03-27 23:20:17.502 5399-5440 bankdemoR3...Capk(L:51) com.newland.template D 00000068
2026-03-27 23:20:17.506 5399-5440 bankdemoR3...Capk(L:64) com.newland.template D 9F0605A0000000259F220168DF0281F8F4D198F2F0CF140E4D2D81B765EB4E24CED4C0834822769854D0E97E8066CBE465029B3F410E350F6296381A253BE71A4BBABBD516625DAE67D073D00113AAB9EA4DCECA29F3BB7A5D46C0D8B983E2482C2AD759735A5AB9AAAEFB31D3E718B8CA66C019ECA0A8BE312E243EB47A62300620BD51CF169A9194C17A42E51B34D83775A98E80B2D66F4F98084A448FE0507EA27C905AEE72B62A8A29438B6A4480FFF72F93280432A55FDD648AD93D82B9ECF01275C0914BAD8EB3AAF46B129F8749FEA425A2DCDD7E813A08FC0CA7841EDD49985CD8BC6D5D56F17AB9C67CEC50BA422440563ECCE21699E435C8682B6266393672C693D8B7DF040103DF0314415E5FE9EC966C835FBB3E6F766A9B1A4B8674C3DF060101DF070101DF050420261231
2026-03-27 23:20:17.516 5399-5440 bankdemoR3...Capk(L:67) com.newland.template D 415E5FE9EC966C835FBB3E6F766A9B1A4B8674C3 CAPK Result 0
2026-03-27 23:20:17.517 5399-5440 bankdemoR3...Capk(L:47) com.newland.template I FDD7139EC7E0C33167FD61AD3CADBD68D66E91C5:A000000025
2026-03-27 23:20:17.518 5399-5440 bankdemoR3...Capk(L:51) com.newland.template D 00000004
2026-03-27 23:20:17.520 5399-5440 bankdemoR3...Capk(L:64) com.newland.template D 9F0605A0000000259F220104DF0260D0F543F03F2517133EF2BA4A1104486758630DCFE3A883C77B4E4844E39A9BD6360D23E6644E1E071F196DDF2E4A68B4A3D93D14268D7240F6A14F0D714C17827D279D192E88931AF7300727AE9DA80A3F0E366AEBA61778171737989E1EE309DF040103DF0314FDD7139EC7E0C33167FD61AD3CADBD68D66E91C5DF060101DF070101DF050420261231
2026-03-27 23:20:17.527 5399-5440 bankdemoR3...Capk(L:67) com.newland.template D FDD7139EC7E0C33167FD61AD3CADBD68D66E91C5 CAPK Result 0
2026-03-27 23:20:17.527 5399-5440 bankdemoR3...Capk(L:47) com.newland.template I 6BDA32B1AA171444C7E8F88075A74FBFE845765F:A000000025
2026-03-27 23:20:17.528 5399-5440 bankdemoR3...Capk(L:51) com.newland.template D 000000CA
2026-03-27 23:20:17.532 5399-5440 bankdemoR3...Capk(L:64) com.newland.template D 9F0605A0000000259F2201CADF0281F8C23ECBD7119F479C2EE546C123A585D697A7D10B55C2D28BEF0D299C01DC65420A03FE5227ECDECB8025FBC86EEBC1935298C1753AB849936749719591758C315FA150400789BB14FADD6EAE2AD617DA38163199D1BAD5D3F8F6A7A20AEF420ADFE2404D30B219359C6A4952565CCCA6F11EC5BE564B49B0EA5BF5B3DC8C5C6401208D0029C3957A8C5922CBDE39D3A564C6DEBB6BD2AEF91FC27BB3D3892BEB9646DCE2E1EF8581EFFA712158AAEC541C0BBB4B3E279D7DA54E45A0ACC3570E712C9F7CDF985CFAFD382AE13A3B214A9E8E1E71AB1EA707895112ABC3A97D0FCB0AE2EE5C85492B6CFD54885CDD6337E895CC70FB3255E3DF040103DF03146BDA32B1AA171444C7E8F88075A74FBFE845765FDF060101DF070101DF050420261231
2026-03-27 23:20:17.541 5399-5440 bankdemoR3...Capk(L:67) com.newland.template D 6BDA32B1AA171444C7E8F88075A74FBFE845765F CAPK Result 0
2026-03-27 23:20:17.542 5399-5440 bankdemoR3...Capk(L:47) com.newland.template I 12F1790CB0273DC73C6E70784BC24C12E8DB71F6:A000000025
2026-03-27 23:20:17.543 5399-5440 bankdemoR3...Capk(L:51) com.newland.template D 000000C3
2026-03-27 23:20:17.546 5399-5440 bankdemoR3...Capk(L:64) com.newland.template D 9F0605A0000000259F2201C3DF0281F8B93182ABE343DFBF388C71C4D6747DCDEC60367FE63CFAA942D7D323E688D0832836548BF0EDFF1EDEEB882C75099FF81A93FA525C32425B36023EA02A8899B9BF7D7934E86F997891823006CEAA93091A73C1FDE18ABD4F87A22308640C064C8C027685F1B2DB7B741B67AB0DE05E870481C5F972508C17F57E4F833D63220F6EA2CFBB878728AA5887DE407D10C6B8F58D46779ECEC1E2155487D52C78A5C03897F2BB580E0A2BBDE8EA2E1C18F6AAF3EB3D04C3477DEAB88F150C8810FD1EF8EB0596866336FE2C1FBC6BEC22B4FE5D885647726DB59709A505F75C49E0D8D71BF51E4181212BE2142AB2A1E8C0D3B7136CD7B7708E4DDF040103DF031412F1790CB0273DC73C6E70784BC24C12E8DB71F6DF060101DF070101DF050420261231
2026-03-27 23:20:17.556 5399-5440 bankdemoR3...Capk(L:67) com.newland.template D 12F1790CB0273DC73C6E70784BC24C12E8DB71F6 CAPK Result 0
2026-03-27 23:20:17.557 5399-5440 bankdemoR3...Capk(L:47) com.newland.template I 8E8DFF443D78CD91DE88821D70C98F0638E51E49:A000000025
2026-03-27 23:20:17.558 5399-5440 bankdemoR3...Capk(L:51) com.newland.template D 000000C9
2026-03-27 23:20:17.561 5399-5440 bankdemoR3...Capk(L:64) com.newland.template D 9F0605A0000000259F2201C9DF0281B0B362DB5733C15B8797B8ECEE55CB1A371F760E0BEDD3715BB270424FD4EA26062C38C3F4AAA3732A83D36EA8E9602F6683EECC6BAFF63DD2D49014BDE4D6D603CD744206B05B4BAD0C64C63AB3976B5C8CAAF8539549F5921C0B700D5B0F83C4E7E946068BAAAB5463544DB18C63801118F2182EFCC8A1E85E53C2A7AE839A5C6A3CABE73762B70D170AB64AFC6CA482944902611FB0061E09A67ACB77E493D998A0CCF93D81A4F6C0DC6B7DF22E62DBDF040103DF03148E8DFF443D78CD91DE88821D70C98F0638E51E49DF060101DF070101DF050420261231
2026-03-27 23:20:17.569 5399-5440 bankdemoR3...Capk(L:67) com.newland.template D 8E8DFF443D78CD91DE88821D70C98F0638E51E49 CAPK Result 0
2026-03-27 23:20:17.570 5399-5440 bankdemoR3...Capk(L:47) com.newland.template I 33BD7A059FAB094939B90A8F35845C9DC779BD50:A000000025
2026-03-27 23:20:17.571 5399-5440 bankdemoR3...Capk(L:51) com.newland.template D 000000C8
2026-03-27 23:20:17.573 5399-5440 bankdemoR3...Capk(L:64) com.newland.template D 9F0605A0000000259F2201C8DF028190BF0CFCED708FB6B048E3014336EA24AA007D7967B8AA4E613D26D015C4FE7805D9DB131CED0D2A8ED504C3B5CCD48C33199E5A5BF644DA043B54DBF60276F05B1750FAB39098C7511D04BABC649482DDCF7CC42C8C435BAB8DD0EB1A620C31111D1AAAF9AF6571EEBD4CF5A08496D57E7ABDBB5180E0A42DA869AB95FB620EFF2641C3702AF3BE0B0C138EAEF202E21DDF040103DF031433BD7A059FAB094939B90A8F35845C9DC779BD50DF060101DF070101DF050420261231
2026-03-27 23:20:17.582 5399-5440 bankdemoR3...Capk(L:67) com.newland.template D 33BD7A059FAB094939B90A8F35845C9DC779BD50 CAPK Result 0
2026-03-27 23:20:17.582 5399-5440 bankdemoR3...Capk(L:47) com.newland.template I BD331F9996A490B33C13441066A09AD3FEB5F66C:A000000333
2026-03-27 23:20:17.583 5399-5440 bankdemoR3...Capk(L:51) com.newland.template D 0000000B
2026-03-27 23:20:17.587 5399-5440 bankdemoR3...Capk(L:64) com.newland.template D 9F0605A0000003339F22010BDF0281F8CF9FDF46B356378E9AF311B0F981B21A1F22F250FB11F55C958709E3C7241918293483289EAE688A094C02C344E2999F315A72841F489E24B1BA0056CFAB3B479D0E826452375DCDBB67E97EC2AA66F4601D774FEAEF775ACCC621BFEB65FB0053FC5F392AA5E1D4C41A4DE9FFDFDF1327C4BB874F1F63A599EE3902FE95E729FD78D4234DC7E6CF1ABABAA3F6DB29B7F05D1D901D2E76A606A8CBFFFFECBD918FA2D278BDB43B0434F5D45134BE1C2781D157D501FF43E5F1C470967CD57CE53B64D82974C8275937C5D8502A1252A8A5D6088A259B694F98648D9AF2CB0EFD9D943C69F896D49FA39702162ACB5AF29B90BADE005BC157DF040103DF0314BD331F9996A490B33C13441066A09AD3FEB5F66CDF060101DF070101DF050420261231
2026-03-27 23:20:17.596 5399-5440 bankdemoR3...Capk(L:67) com.newland.template D BD331F9996A490B33C13441066A09AD3FEB5F66C CAPK Result 0
2026-03-27 23:20:17.597 5399-5440 bankdemoR3...Capk(L:47) com.newland.template I 60154098CBBA350F5F486CA31083D1FC474E31F8:A000000152
2026-03-27 23:20:17.597 5399-5440 bankdemoR3...Capk(L:51) com.newland.template D 0000005C
2026-03-27 23:20:17.600 5399-5440 bankdemoR3...Capk(L:64) com.newland.template D 9F0605A0000001529F22015CDF0281B0833F275FCF5CA4CB6F1BF880E54DCFEB721A316692CAFEB28B698CAECAFA2B2D2AD8517B1EFB59DDEFC39F9C3B33DDEE40E7A63C03E90A4DD261BC0F28B42EA6E7A1F307178E2D63FA1649155C3A5F926B4C7D7C258BCA98EF90C7F4117C205E8E32C45D10E3D494059D2F2933891B979CE4A831B301B0550CDAE9B67064B31D8B481B85A5B046BE8FFA7BDB58DC0D7032525297F26FF619AF7F15BCEC0C92BCDCBC4FB207D115AA65CD04C1CF982191DF040103DF031460154098CBBA350F5F486CA31083D1FC474E31F8DF060101DF070101DF050420261231
2026-03-27 23:20:17.603 5399-5456 bankdemoR3...pic(L:173) com.newland.template D MQTT: Subscribed to topic: /ota/pFppbioOCKlo5c8E/98251226730002/update
2026-03-27 23:20:17.609 5399-5440 bankdemoR3...Capk(L:67) com.newland.template D 60154098CBBA350F5F486CA31083D1FC474E31F8 CAPK Result 0
2026-03-27 23:20:17.610 5399-5440 bankdemoR3...Capk(L:47) com.newland.template I B51EC5F7DE9BB6D8BCE8FB5F69BA57A04221F39B:A000000152
2026-03-27 23:20:17.610 5399-5440 bankdemoR3...Capk(L:51) com.newland.template D 0000005D
2026-03-27 23:20:17.613 5399-5440 bankdemoR3...Capk(L:64) com.newland.template D 9F0605A0000001529F22015DDF0281F8AD938EA9888E5155F8CD272749172B3A8C504C17460EFA0BED7CBC5FD32C4A80FD810312281B5A35562800CDC325358A9639C501A537B7AE43DF263E6D232B811ACDB6DDE979D55D6C911173483993A423A0A5B1E1A70237885A241B8EEBB5571E2D32B41F9CC5514DF83F0D69270E109AF1422F985A52CCE04F3DF269B795155A68AD2D6B660DDCD759F0A5DA7B64104D22C2771ECE7A5FFD40C774E441379D1132FAF04CDF55B9504C6DCE9F61776D81C7C45F19B9EFB3749AC7D486A5AD2E781FA9D082FB2677665B99FA5F1553135A1FD2A2A9FBF625CA84A7D736521431178F13100A2516F9A43CE095B032B886C7A6AB126E203BE7DF040103DF0314B51EC5F7DE9BB6D8BCE8FB5F69BA57A04221F39BDF060101DF070101DF050420261231
2026-03-27 23:20:17.624 5399-5440 bankdemoR3...Capk(L:67) com.newland.template D B51EC5F7DE9BB6D8BCE8FB5F69BA57A04221F39B CAPK Result 0
2026-03-27 23:20:17.625 5399-5440 bankdemoR3...Capk(L:47) com.newland.template I 9825DA9F46E0842D294538D975CBACA06BEC1CE2:A000000912
2026-03-27 23:20:17.626 5399-5440 bankdemoR3...Capk(L:51) com.newland.template D 000000FE
2026-03-27 23:20:17.629 5399-5440 bankdemoR3...Capk(L:64) com.newland.template D 9F0605A0000009129F2201FEDF0281F8AB02061ED94BBE37DB311DE5D660B96A8E49B36ACAFD133265FCD7BE4C37A278FCA74306FA3DE3E3B41A2235B0956A2DAF89D757963BD927F8342AF999986339904A0CEA5CD76AE5C8F5D7709E1DE1330778A4CFD45752F2F5FBDB2EE515ECACC8F68926BDEBF9336195C01E233D69E2A0EE6B4393533386FC71897B4FC875EBEC0543C3352503719FD09CE24995136660816585F3931DA74C69F046780D26503BF318CEFCDB3F539EC95D8D29E6D526284F6B50114CFCD33E920E90E60FBC2F1AD52F6A642DDA9100721BECD84923737DE731B82059590AC5BF3F6EEA1E1BA0FEE49235FF086CF731B651E7D027DE77D551CE8F338237FDDF040103DF03149825DA9F46E0842D294538D975CBACA06BEC1CE2DF060101DF070101DF050420261231
2026-03-27 23:20:17.638 5399-5440 bankdemoR3...Capk(L:67) com.newland.template D 9825DA9F46E0842D294538D975CBACA06BEC1CE2 CAPK Result 0
2026-03-27 23:20:17.639 5399-5440 bankdemoR3...Capk(L:47) com.newland.template I 6FC3B6EA6AE2EBB1CBB0FAB24AA0C0C91803F6ED:A000000912
2026-03-27 23:20:17.640 5399-5440 bankdemoR3...Capk(L:51) com.newland.template D 00000001
2026-03-27 23:20:17.643 5399-5440 bankdemoR3...Capk(L:64) com.newland.template D 9F0605A0000009129F220101DF0281F8D013C352DEF4B63AB1A611F4124238D9BDFF4B23665C7E1F81B8655588ED1B7F19DB990179748034303F190AD5586ED70A4BB4BC3870C3A50ECC922E402D6041362A0510259C80BA59A18F82C44FEAF0032657274069C60FFD889B34838AFF9F977240DDFA44130D21A82BD2DAE4CEAD8AFEDCEE5E9F9C53DB1180C2056B3D597ED5E25B7372132CF18CD6C3DA6E93CD2979B99F652C753DA51EA2E20930628EEE3550D68BE6741646121B1EB0BDC927E22D3C6089DD619A45ADF32440C427CB6650777CA649A31C07A3F7505C42C088A831639DE95D72953F0FF85A6615947C33B3DF28318A9292737E5F9517DB129D4157983A9022674BDF040103DF03146FC3B6EA6AE2EBB1CBB0FAB24AA0C0C91803F6EDDF060101DF070101DF050420261231
2026-03-27 23:20:17.654 5399-5440 bankdemoR3...Capk(L:67) com.newland.template D 6FC3B6EA6AE2EBB1CBB0FAB24AA0C0C91803F6ED CAPK Result 0
2026-03-27 23:20:17.655 5399-5440 bankdemoR3...Capk(L:47) com.newland.template I 9602428A46271C63CCC6DD99477CDB70435D6D5B:A000000524
2026-03-27 23:20:17.656 5399-5440 bankdemoR3...Capk(L:51) com.newland.template D 0000006B
2026-03-27 23:20:17.658 5399-5440 bankdemoR3...Capk(L:64) com.newland.template D 9F0605A0000005249F22016BDF028190C9DFDB625ADA4B5E86049F85A0237627B59524F52BD499B4C5482C1EE012D61A1446E9383CC0B7EE2922D323A5ECDA12941EA8177CFA512DA6B5B7663A89B793B10D314CBB776EB96D0B1734EDE7E1591713915E9991B7B4E8A017A6901279AEBDD6136C9FE7E0C6CBF94C77FA606B629D00B1F890473905EB4DAD1AD93B29C2C1829A82F880B08986B9387611EE409DDF040103DF03149602428A46271C63CCC6DD99477CDB70435D6D5BDF060101DF070101DF050420261231
2026-03-27 23:20:17.665 5399-5440 bankdemoR3...Capk(L:67) com.newland.template D 9602428A46271C63CCC6DD99477CDB70435D6D5B CAPK Result 0
2026-03-27 23:20:17.666 5399-5440 bankdemoR3...Capk(L:47) com.newland.template I 51ED4570323CD41A0348BDFEA81CCC0B8D9BAB3F:A000000524
2026-03-27 23:20:17.667 5399-5440 bankdemoR3...Capk(L:51) com.newland.template D 0000006A
2026-03-27 23:20:17.669 5399-5440 bankdemoR3...Capk(L:64) com.newland.template D 9F0605A0000005249F22016ADF02818092795EAA4FE39EB30441FE952D5423778E02F86783B89DD7C587AE80A69F4D6DC55EAFB6604040D875C72002425EE529CE4EA26FD864BAD760160C2AA0C5AF92381894A5CBBC8AB3AF2641606C379B927A397CB1E9B9EA2EF8C0A9C0DDEBB81B0F8913A118F7044156EA7D23AF626EAF30C2C9ECE8534D3563EF5FE95DE76249DF040103DF031451ED4570323CD41A0348BDFEA81CCC0B8D9BAB3FDF060101DF070101DF050420261231
2026-03-27 23:20:17.676 5399-5440 bankdemoR3...Capk(L:67) com.newland.template D 51ED4570323CD41A0348BDFEA81CCC0B8D9BAB3F CAPK Result 0
2026-03-27 23:20:17.677 5399-5440 bankdemoR3...Capk(L:47) com.newland.template I 3B18A21BF34F781208145D7567982513D1CE8C92:A000000524
2026-03-27 23:20:17.678 5399-5440 bankdemoR3...Capk(L:51) com.newland.template D 0000006C
2026-03-27 23:20:17.681 5399-5440 bankdemoR3...Capk(L:64) com.newland.template D 9F0605A0000005249F22016CDF0281B0C76259FF785ABD5FF613223C01F5BDA0F36F9342CF336B66C32D4B2CD5096E094D8E04DFA11A9B2E3BC78DA63B5C10148D8ED79EBA685D5D0EFE1C58B3F929D861B40FF3AAA3B527148D0C24921EE42DA048E01E38F6A3A49DFA67DD1CD5DD2091412DD36D3269FAF7D2E0FFB1A3E028969CB6BA5A9303A6FF65540F421B069A31B553398EE525EFA5C2CE26BCB81C5345018D5E3E9B7130F72F598C0EAA4682D4DA2F2204518780A8108F82DDC9CF1FDF040103DF03143B18A21BF34F781208145D7567982513D1CE8C92DF060101DF070101DF050420261231
2026-03-27 23:20:17.690 5399-5440 bankdemoR3...Capk(L:67) com.newland.template D 3B18A21BF34F781208145D7567982513D1CE8C92 CAPK Result 0
2026-03-27 23:20:17.691 5399-5440 bankdemoR3...Capk(L:47) com.newland.template I 411008F9921B89C62E2160F6D0358614115ECD4A:A000000524
2026-03-27 23:20:17.691 5399-5440 bankdemoR3...Capk(L:51) com.newland.template D 0000006D
2026-03-27 23:20:17.694 5399-5440 bankdemoR3...Capk(L:64) com.newland.template D 9F0605A0000005249F22016DDF0281F8B747E8CB3615E8D26231355488F3C76C4746F7BB1C381E6C6E6ABF0A6D7CD93CFC6B2C310288CA8BE7EE1730DE621A59D1BB2D8C02C9148FA06E5D1F5E672EEFCE8AECBAD4A1C18F3175F1BEA1AEF539376592366B46A5044E32E59B3F35F50E85F843BA01851E5386B7EBE27367D3D483C5472D3020AF42116DDDA32341557EBABB043EBC6006B99A652009045BFA50C527028586E05942E1D594223B49FE8566931C31FBE8C903ABD4F283E1FAB03D758247EC4B728A85A9897601B753293263ADBD10BE988D0C52FE0091C2721DC02C5130FC7663E95739A70EE2F84DFD2E50C88A1A26587EF7CC047FCA2D03C2CF0CE4B524B4EC3F07DF040103DF0314411008F9921B89C62E2160F6D0358614115ECD4ADF060101DF070101DF050420261231
2026-03-27 23:20:17.704 5399-5440 bankdemoR3...Capk(L:67) com.newland.template D 411008F9921B89C62E2160F6D0358614115ECD4A CAPK Result 0
2026-03-27 23:20:17.704 5399-5440 bankdemoR3...ean(L:181) com.newland.template D Preferences set->key:EMV_AID_CAPK, value:true
2026-03-27 23:20:17.871 5399-5399 bankdemoR3...ish(L:357) com.newland.template D MQTT: Published to topic: tms/status/98251226730002
2026-03-27 23:20:17.871 5399-5462 bankdemoR3...lete(L:99) com.newland.template D MQTT: Message delivered
2026-03-27 23:20:17.871 5399-5399 bankdemoR3...ate(L:290) com.newland.template D MQTT: Sent status update to tms/status/98251226730002
2026-03-27 23:20:17.966 5399-5462 bankdemoR3...ived(L:90) com.newland.template D MQTT: Message arrived, topic: /ota/pFppbioOCKlo5c8E/98251226730002/update, message: {"command":"UPDATE_PARAMS","downloadUrl":"http://demo.ctrmv.com:4000/ota/98251226730002/params.zip","requestId":21730,"type":"tms_command","version":"1.2.5"}
2026-03-27 23:20:17.967 5399-5462 bankdemoR3...ved(L:709) com.newland.template D MQTT: Message arrived, topic: /ota/pFppbioOCKlo5c8E/98251226730002/update, message: {"command":"UPDATE_PARAMS","downloadUrl":"http://demo.ctrmv.com:4000/ota/98251226730002/params.zip","requestId":21730,"type":"tms_command","version":"1.2.5"}
2026-03-27 23:20:17.969 5399-5462 bankdemoR3...age(L:736) com.newland.template D Request for Card Transaction
2026-03-27 23:20:17.970 5399-5462 bankdemoR3...age(L:739) com.newland.template D Phone Number in Request:
2026-03-27 23:20:17.971 5399-5462 bankdemoR3...age(L:742) com.newland.template D TMS: Received command, delegating to TmsCommandHandler
2026-03-27 23:20:17.975 5399-5462 bankdemoR3...mand(L:31) com.newland.template D TMS: Handling command: UPDATE_PARAMS
2026-03-27 23:20:17.978 5399-5462 bankdemoR3...rams(L:77) com.newland.template D TMS: Starting parameter update from: http://demo.ctrmv.com:4000/ota/98251226730002/params.zip
2026-03-27 23:20:18.079 483-483 BufferQueueProducer surfaceflinger I [com.newland.template/acquire.app.MainActivity#1823](this:0xac0e4ce4,id:-1,api:0,p:-1,c:483) queueBuffer: fps=4.28 dur=1167.04 max=933.61 min=16.55
2026-03-27 23:20:18.214 5399-5462 bankdemoR3...ish(L:357) com.newland.template D MQTT: Published to topic: /ota/pFppbioOCKlo5c8E/98251226730002/response
2026-03-27 23:20:18.219 5399-5462 bankdemoR3...lete(L:99) com.newland.template D MQTT: Message delivered
2026-03-27 23:20:18.221 5399-5462 bankdemoR3...ived(L:90) com.newland.template D MQTT: Message arrived, topic: /ota/pFppbioOCKlo5c8E/98251226730002/update, message: {"command":"UPDATE_L3_CONFIG","downloadUrl":"http://demo.ctrmv.com:4000/ota/98251226730002/l3config.zip","requestId":8229,"type":"tms_command","version":"2.3.0"}
2026-03-27 23:20:18.222 5399-5462 bankdemoR3...ved(L:709) com.newland.template D MQTT: Message arrived, topic: /ota/pFppbioOCKlo5c8E/98251226730002/update, message: {"command":"UPDATE_L3_CONFIG","downloadUrl":"http://demo.ctrmv.com:4000/ota/98251226730002/l3config.zip","requestId":8229,"type":"tms_command","version":"2.3.0"}
2026-03-27 23:20:18.225 5399-5462 bankdemoR3...age(L:736) com.newland.template D Request for Card Transaction
2026-03-27 23:20:18.226 5399-5462 bankdemoR3...age(L:739) com.newland.template D Phone Number in Request:
2026-03-27 23:20:18.229 5399-5462 bankdemoR3...age(L:742) com.newland.template D TMS: Received command, delegating to TmsCommandHandler
2026-03-27 23:20:18.230 5399-5462 bankdemoR3...mand(L:31) com.newland.template D TMS: Handling command: UPDATE_L3_CONFIG
2026-03-27 23:20:18.235 5399-5462 bankdemoR3...fig(L:102) com.newland.template D TMS: Starting L3 configuration update from: http://demo.ctrmv.com:4000/ota/98251226730002/l3config.zip
2026-03-27 23:20:18.321 483-1353 SurfaceFlinger surfaceflinger D [SF client] NEW(0xac34a500) for (5399:com.newland.template)
2026-03-27 23:20:18.326 5399-5399 VRI[MainActivity] com.newland.template D hardware acceleration = true, forceHwAccelerated = false
2026-03-27 23:20:18.332 1034-2692 CoreBackPreview system_server D Window{716ca2f u0 com.newland.template/acquire.app.MainActivity}: Setting back callback OnBackInvokedCallbackInfo{mCallback=android.window.IOnBackInvokedCallback$Stub$Proxy@19349c5, mPriority=0}
2026-03-27 23:20:18.334 5399-5399 InputTransport com.newland.template D Create ARC handle: 0x99644c10
2026-03-27 23:20:18.369 483-583 BufferQueueDebug surfaceflinger I [com.newland.template/acquire.app.MainActivity#1839](this:0xac139ce4,id:-1,api:0,p:-1,c:-1) BufferQueue core=(483:/system/bin/surfaceflinger)
2026-03-27 23:20:18.377 5399-5399 BufferQueueConsumer com.newland.template D [](id:151700000001,api:0,p:-1,c:5399) connect: controlledByApp=false
2026-03-27 23:20:18.432 5399-5424 BLASTBufferQueue com.newland.template D [VRI[MainActivity]#1](f:0,a:1) acquireNextBufferLocked size=790x428 mFrameNumber=1 applyTransaction=true mTimestamp=6852980773635(auto) mPendingTransactions.size=0 graphicBufferId=23188528431119 transform=3
2026-03-27 23:20:18.433 5399-5424 Parcel com.newland.template W Expecting binder but got null!
2026-03-27 23:20:18.445 483-483 BufferStateLayer surfaceflinger D com.newland.template/acquire.app.MainActivity#1839 setBuffer frameId=1, bufferId=23188528431119 fenceId=388, w= 790, h=428
2026-03-27 23:20:18.459 5399-5462 bankdemoR3...ish(L:357) com.newland.template D MQTT: Published to topic: /ota/pFppbioOCKlo5c8E/98251226730002/response
2026-03-27 23:20:18.459 5399-5462 bankdemoR3...lete(L:99) com.newland.template D MQTT: Message delivered
2026-03-27 23:20:18.460 5399-5462 bankdemoR3...ived(L:90) com.newland.template D MQTT: Message arrived, topic: /ota/pFppbioOCKlo5c8E/98251226730002/update, message: {"command":"UPDATE_APPLICATION","requestId":8261,"type":"tms_command","version":"3.7.5"}
2026-03-27 23:20:18.461 5399-5462 bankdemoR3...ved(L:709) com.newland.template D MQTT: Message arrived, topic: /ota/pFppbioOCKlo5c8E/98251226730002/update, message: {"command":"UPDATE_APPLICATION","requestId":8261,"type":"tms_command","version":"3.7.5"}
2026-03-27 23:20:18.465 5399-5462 bankdemoR3...age(L:736) com.newland.template D Request for Card Transaction
2026-03-27 23:20:18.466 5399-5462 bankdemoR3...age(L:739) com.newland.template D Phone Number in Request:
2026-03-27 23:20:18.467 5399-5462 bankdemoR3...age(L:742) com.newland.template D TMS: Received command, delegating to TmsCommandHandler
2026-03-27 23:20:18.468 5399-5462 bankdemoR3...mand(L:31) com.newland.template D TMS: Handling command: UPDATE_APPLICATION
2026-03-27 23:20:18.475 5399-5462 bankdemoR3...fig(L:180) com.newland.template D ConfigFileManager: Config saved successfully
2026-03-27 23:20:18.476 5399-5462 bankdemoR3...ion(L:239) com.newland.template D ConfigFileManager: Version updated: application = 3.7.5
2026-03-27 23:20:18.476 5399-5462 bankdemoR3...ion(L:120) com.newland.template D TMS: Application version recorded: 3.7.5
2026-03-27 23:20:18.541 483-1146 SurfaceFlinger surfaceflinger D [SF client] NEW(0xac34a560) for (5399:com.newland.template)
2026-03-27 23:20:18.546 5399-5399 VRI[MainActivity] com.newland.template D hardware acceleration = true, forceHwAccelerated = false
2026-03-27 23:20:18.555 1034-2692 CoreBackPreview system_server D Window{441b2d4 u0 com.newland.template/acquire.app.MainActivity}: Setting back callback OnBackInvokedCallbackInfo{mCallback=android.window.IOnBackInvokedCallback$Stub$Proxy@a89f772, mPriority=0}
2026-03-27 23:20:18.556 5399-5399 InputTransport com.newland.template D Create ARC handle: 0x83740280
2026-03-27 23:20:18.590 483-583 BufferQueueDebug surfaceflinger I [com.newland.template/acquire.app.MainActivity#1842](this:0xabf56ce4,id:-1,api:0,p:-1,c:-1) BufferQueue core=(483:/system/bin/surfaceflinger)
2026-03-27 23:20:18.603 5399-5399 BufferQueueConsumer com.newland.template D [](id:151700000002,api:0,p:-1,c:5399) connect: controlledByApp=false
2026-03-27 23:20:18.660 5399-5424 BLASTBufferQueue com.newland.template D [VRI[MainActivity]#2](f:0,a:1) acquireNextBufferLocked size=790x428 mFrameNumber=1 applyTransaction=true mTimestamp=6853209083251(auto) mPendingTransactions.size=0 graphicBufferId=23188528431127 transform=3
2026-03-27 23:20:18.661 5399-5424 Parcel com.newland.template W Expecting binder but got null!
2026-03-27 23:20:18.662 483-483 BufferStateLayer surfaceflinger D com.newland.template/acquire.app.MainActivity#1842 setBuffer frameId=1, bufferId=23188528431127 fenceId=436, w= 790, h=428
2026-03-27 23:20:18.720 1384-1384 GrantPermi...sViewModel com.android.permissioncontroller V Logged buttons presented and clicked permissionGroupName=android.permission-group.MICROPHONE uid=10110 selectedLocations=0 package=com.newland.template presentedButtons=44 clickedButton=4 sessionId=-3615069368969919386 targetSdk=31
2026-03-27 23:20:18.723 1034-2692 PackageManager system_server D android.permission.RECORD_AUDIO is granted, packageName: com.newland.template, callingUid: 10091, userId: 0
2026-03-27 23:20:18.728 1384-1384 GrantPermi...sViewModel com.android.permissioncontroller V Permission grant result requestId=-3615069368969919386 callingUid=10110 callingPackage=com.newland.template permission=android.permission.RECORD_AUDIO isImplicit=false result=4
2026-03-27 23:20:18.791 5399-5462 bankdemoR3...ish(L:357) com.newland.template D MQTT: Published to topic: /ota/pFppbioOCKlo5c8E/98251226730002/response
2026-03-27 23:20:18.792 5399-5462 bankdemoR3...lete(L:99) com.newland.template D MQTT: Message delivered
2026-03-27 23:20:19.494 1384-1384 GrantPermi...sViewModel com.android.permissioncontroller V Logged buttons presented and clicked permissionGroupName=android.permission-group.READ_MEDIA_AURAL uid=10110 selectedLocations=0 package=com.newland.template presentedButtons=9 clickedButton=1 sessionId=-3615069368969919386 targetSdk=31
2026-03-27 23:20:19.496 1034-2692 PackageManager system_server D android.permission.WRITE_EXTERNAL_STORAGE is granted, packageName: com.newland.template, callingUid: 10091, userId: 0
2026-03-27 23:20:19.498 1735-1751 MediaProvider com.android.providers.media.module I Invalidating LocalCallingIdentity cache for package com.newland.template. Reason: op android:read_external_storage
2026-03-27 23:20:19.500 1034-4650 PackageManager system_server D android.permission.READ_EXTERNAL_STORAGE is granted, packageName: com.newland.template, callingUid: 10091, userId: 0
2026-03-27 23:20:19.502 1735-1751 MediaProvider com.android.providers.media.module I Invalidating LocalCallingIdentity cache for package com.newland.template. Reason: op android:read_external_storage
2026-03-27 23:20:19.503 1384-1384 GrantPermi...sViewModel com.android.permissioncontroller V Permission grant result requestId=-3615069368969919386 callingUid=10110 callingPackage=com.newland.template permission=android.permission.READ_EXTERNAL_STORAGE isImplicit=false result=4
2026-03-27 23:20:19.504 1384-1384 GrantPermi...sViewModel com.android.permissioncontroller V Permission grant result requestId=-3615069368969919386 callingUid=10110 callingPackage=com.newland.template permission=android.permission.WRITE_EXTERNAL_STORAGE isImplicit=false result=4
2026-03-27 23:20:19.513 1034-4650 PackageManager system_server D android.permission.READ_MEDIA_AUDIO is granted, packageName: com.newland.template, callingUid: 10091, userId: 0
2026-03-27 23:20:19.516 1735-1751 MediaProvider com.android.providers.media.module I Invalidating LocalCallingIdentity cache for package com.newland.template. Reason: op android:read_external_storage
2026-03-27 23:20:19.516 1384-1384 GrantPermi...sViewModel com.android.permissioncontroller V Permission grant result requestId=-3615069368969919386 callingUid=10110 callingPackage=com.newland.template permission=android.permission.READ_MEDIA_AUDIO isImplicit=true result=4
2026-03-27 23:20:19.524 1034-4650 PackageManager system_server D android.permission.READ_MEDIA_VIDEO is granted, packageName: com.newland.template, callingUid: 10091, userId: 0
2026-03-27 23:20:19.525 1735-1751 MediaProvider com.android.providers.media.module I Invalidating LocalCallingIdentity cache for package com.newland.template. Reason: op android:read_external_storage
2026-03-27 23:20:19.528 1034-1479 PackageManager system_server D android.permission.READ_MEDIA_IMAGES is granted, packageName: com.newland.template, callingUid: 10091, userId: 0
2026-03-27 23:20:19.529 1735-1751 MediaProvider com.android.providers.media.module I Invalidating LocalCallingIdentity cache for package com.newland.template. Reason: op android:read_external_storage
2026-03-27 23:20:19.530 1384-1384 GrantPermi...sViewModel com.android.permissioncontroller V Permission grant result requestId=-3615069368969919386 callingUid=10110 callingPackage=com.newland.template permission=android.permission.READ_MEDIA_VIDEO isImplicit=true result=4
2026-03-27 23:20:19.530 1384-1384 GrantPermi...sViewModel com.android.permissioncontroller V Permission grant result requestId=-3615069368969919386 callingUid=10110 callingPackage=com.newland.template permission=android.permission.READ_MEDIA_IMAGES isImplicit=true result=4
2026-03-27 23:20:19.535 1034-4650 PowerHalWrapper system_server I last:com.android.permissioncontroller, next:com.newland.template
2026-03-27 23:20:19.536 1034-4650 DuraSpeed system_server D onAppSwitched, packageName:com.newland.template
2026-03-27 23:20:19.566 1034-3126 PowerHalWrapper system_server I amsBoostNotify pid:5399,activity:acquire.app.MainActivity, package:com.newland.template, mProcessCreatePackcom.newland.template
2026-03-27 23:20:19.567 1034-3126 mtkpower_client system_server I [Legacy][PowerHal_Wrap_notifyAppState] com.newland.template/acquire.app.MainActivity pid=5399 state:1
2026-03-27 23:20:19.567 1034-3126 game_scn system_server I collectForegroundAppList packName=com.newland.template, actName=acquire.app.MainActivity, pid=5399, uid=10110, state:RESUMED
2026-03-27 23:20:19.567 1034-3126 game_scn system_server I powerNotifyForegroundApp multi_resumed_app_info: pid: 5399, packname: com.newland.template, actname: acquire.app.MainActivity
2026-03-27 23:20:19.568 1034-3126 WindowManager system_server W Changing focus from Window{8f7ea74 u0 com.android.permissioncontroller/com.android.permissioncontroller.permission.ui.GrantPermissionsActivity} to Window{441b2d4 u0 com.newland.template/acquire.app.MainActivity} displayId=0 Callers=com.android.server.wm.RootWindowContainer.updateFocusedWindowLocked:485 com.android.server.wm.WindowManagerService.updateFocusedWindowLocked:6062 com.android.server.wm.ActivityTaskManagerService.setResumedActivityUncheckLocked:4862 com.android.server.wm.TaskFragment.onActivityStateChanged:761
2026-03-27 23:20:19.570 472-556 libPowerHal ven...hardware.mtkpower@1.0-service I [perfNotifyAppState] pack:com.newland.template, act:acquire.app.MainActivity, state:1, pid:5399, uid:10110, fps:60
2026-03-27 23:20:19.570 472-556 libPowerHal ven...hardware.mtkpower@1.0-service I [perfNotifyAppState] foreground:com.newland.template, pid:5399, uid:10110
2026-03-27 23:20:19.571 472-502 mtkpower@impl ven...hardware.mtkpower@1.0-service I [notifyAppState] pc:0, com.android.permissioncontroller => com.newland.template
2026-03-27 23:20:19.578 5399-5399 Compatibil...geReporter com.newland.template D Compat change id reported: 78294732; UID 10110; state: DISABLED
2026-03-27 23:20:19.583 5399-5399 bankdemoR3...sume(L:31) com.newland.template V SplashFragment{9700be6}->onResume
2026-03-27 23:20:19.585 5399-5399 bankdemoR3...ean(L:209) com.newland.template D Preferences get->key:OLD_LAYOUT, value:false
2026-03-27 23:20:19.591 1034-3126 PowerHalWrapper system_server I amsBoostNotify pid:1384,activity:com.android.permissioncontroller.permission.ui.GrantPermissionsActivity, package:com.android.permissioncontroller, mProcessCreatePackcom.newland.template
2026-03-27 23:20:19.591 1034-3126 game_scn system_server I powerNotifyForegroundApp multi_resumed_app_info: pid: 5399, packname: com.newland.template, actname: acquire.app.MainActivity
2026-03-27 23:20:19.596 5399-5399 Printer com.newland.template I Success
2026-03-27 23:20:19.598 5399-5399 bankdemoR3...ean(L:209) com.newland.template D Preferences get->key:TRANS_INSTALLMENT, value:true
2026-03-27 23:20:19.599 5399-5399 bankdemoR3...ean(L:209) com.newland.template D Preferences get->key:TRANS_BALANCE, value:true
2026-03-27 23:20:19.600 5399-5399 bankdemoR3...ean(L:209) com.newland.template D Preferences get->key:TRANS_PREAUTH, value:***REDACTED***
2026-03-27 23:20:19.601 5399-5399 bankdemoR3...ean(L:209) com.newland.template D Preferences get->key:TRANS_SALE, value:true
2026-03-27 23:20:19.604 5399-5399 bankdemoR3...ean(L:209) com.newland.template D Preferences get->key:TRANS_VOID, value:true
2026-03-27 23:20:19.605 5399-5399 bankdemoR3...ean(L:209) com.newland.template D Preferences get->key:TRANS_MOBILE_PAY, value:true
2026-03-27 23:20:19.606 5399-5399 bankdemoR3...ean(L:209) com.newland.template D Preferences get->key:TRANS_REFUND, value:true
2026-03-27 23:20:19.682 5399-5437 BufferPoolAccessor2.0 com.newland.template D bufferpool2 0xb00b96d8 : 0(0 size) total buffers - 0(0 size) used buffers - 0/5 (recycle/alloc) - 4/32 (fetch/transfer)
2026-03-27 23:20:19.682 5399-5437 BufferPoolAccessor2.0 com.newland.template D evictor expired: 1, evicted: 1
2026-03-27 23:20:19.722 1034-1055 PowerHalWrapper system_server I amsBoostNotify pid:1384,activity:com.android.permissioncontroller.permission.ui.GrantPermissionsActivity, package:com.android.permissioncontroller, mProcessCreatePackcom.newland.template
2026-03-27 23:20:19.722 1034-1055 game_scn system_server I powerNotifyForegroundApp multi_resumed_app_info: pid: 5399, packname: com.newland.template, actname: acquire.app.MainActivity
2026-03-27 23:20:19.756 1034-4650 WindowManager system_server D setParent old=Task{488d7ee #34 type=standard A=10110:com.newland.template U=0 visible=true visibleRequested=true mode=fullscreen translucent=false sz=1},new=null,this window=ActivityRecord{9dd44b0 u0 com.android.permissioncontroller/.permission.ui.GrantPermissionsActivity} t34 f}},callers=com.android.server.wm.WindowContainer.removeChild:772 com.android.server.wm.TaskFragment.removeChild:2514 com.android.server.wm.Task.removeChild:1499 com.android.server.wm.Task.removeChild:1482 com.android.server.wm.WindowContainer.removeImmediately:828 com.android.server.wm.WindowToken.removeImmediately:350
2026-03-27 23:20:19.772 5399-5399 bankdemoR3...ean(L:209) com.newland.template D Preferences get->key:LOGO_DYNAMIC, value:false
2026-03-27 23:20:19.773 5399-5399 bankdemoR3...Logo(L:63) com.newland.template D LogoUtils: Loading logo. Mode: Static
2026-03-27 23:20:19.782 5399-5399 Printer com.newland.template I Success
2026-03-27 23:20:19.783 5399-5399 bankdemoR3...ean(L:209) com.newland.template D Preferences get->key:TRANS_INSTALLMENT, value:true
2026-03-27 23:20:19.784 5399-5399 bankdemoR3...ean(L:209) com.newland.template D Preferences get->key:TRANS_BALANCE, value:true
2026-03-27 23:20:19.785 5399-5399 bankdemoR3...ean(L:209) com.newland.template D Preferences get->key:TRANS_PREAUTH, value:***REDACTED***
2026-03-27 23:20:19.786 5399-5399 bankdemoR3...ean(L:209) com.newland.template D Preferences get->key:TRANS_SALE, value:true
2026-03-27 23:20:19.786 5399-5399 bankdemoR3...ean(L:209) com.newland.template D Preferences get->key:TRANS_VOID, value:true
2026-03-27 23:20:19.787 5399-5399 bankdemoR3...ean(L:209) com.newland.template D Preferences get->key:TRANS_MOBILE_PAY, value:true
2026-03-27 23:20:19.788 5399-5399 bankdemoR3...ean(L:209) com.newland.template D Preferences get->key:TRANS_REFUND, value:true
2026-03-27 23:20:19.789 5399-5399 bankdemoR3...sume(L:31) com.newland.template V MainFragment{84fc063}->onResume
2026-03-27 23:20:19.791 5399-5399 bankdemoR3...sume(L:31) com.newland.template V MainActivity{14e39a4}->onResume
2026-03-27 23:20:19.945 483-483 BufferQueueProducer surfaceflinger I [com.newland.template/acquire.app.MainActivity#1823](this:0xac0e4ce4,id:-1,api:0,p:-1,c:483) queueBuffer: fps=6.96 dur=1866.55 max=1499.14 min=16.28
2026-03-27 23:20:19.945 483-483 BufferQueueProducer surfaceflinger I [com.newland.template/acquire.app.MainActivity#1842](this:0xabf56ce4,id:-1,api:0,p:-1,c:483) queueBuffer: fps=3.89 dur=1283.90 max=1200.42 min=16.61
2026-03-27 23:20:19.962 483-483 BufferQueueProducer surfaceflinger I [com.newland.template/acquire.app.MainActivity#1839](this:0xac139ce4,id:-1,api:0,p:-1,c:483) queueBuffer: fps=2.64 dur=1516.44 max=1283.50 min=16.45
2026-03-27 23:20:20.254 5399-5468 ProfileInstaller com.newland.template D Installing profile for com.newland.template
2026-03-27 23:20:20.570 472-556 libPowerHal ven...hardware.mtkpower@1.0-service I [perfNotifyAppState] pack:com.newland.template, act:acquire.app.MainActivity, state:5, pid:5399, uid:10110, fps:90
2026-03-27 23:20:20.683 5399-5437 BufferPoolAccessor2.0 com.newland.template D bufferpool2 0xb00bb4d8 : 0(0 size) total buffers - 0(0 size) used buffers - 2/7 (recycle/alloc) - 5/32 (fetch/transfer)
2026-03-27 23:20:20.683 5399-5437 BufferPoolAccessor2.0 com.newland.template D evictor expired: 1, evicted: 1
2026-03-27 23:20:21.843 483-483 BufferQueueProducer surfaceflinger I [com.newland.template/acquire.app.MainActivity#1842](this:0xabf56ce4,id:-1,api:0,p:-1,c:483) queueBuffer: fps=11.59 dur=1897.76 max=1330.57 min=16.32
2026-03-27 23:20:22.065 5399-5399 bankdemoR3...ish(L:357) com.newland.template D MQTT: Published to topic: /ota/pFppbioOCKlo5c8E/98251226730002/response
2026-03-27 23:20:22.065 5399-5462 bankdemoR3...lete(L:99) com.newland.template D MQTT: Message delivered
2026-03-27 23:20:22.067 1034-4650 CoreBackPreview system_server D Window{441b2d4 u0 com.newland.template/acquire.app.MainActivity}: Setting back callback null
2026-03-27 23:20:22.075 5399-5424 OpenGLRenderer com.newland.template D endAllActiveAnimators on 0x8373bc00 (RippleDrawable) with handle 0x977b43c0
2026-03-27 23:20:22.077 5399-5399 View com.newland.template D [Warning] assignParent to null: this = DecorView@e6cdea9[MainActivity]
2026-03-27 23:20:22.078 1034-4650 InputManager-JNI system_server W Input channel object '441b2d4 com.newland.template/acquire.app.MainActivity (client)' was disposed without first being removed with the input manager!
2026-03-27 23:20:22.083 1034-4650 WindowManager system_server W Changing focus from Window{441b2d4 u0 com.newland.template/acquire.app.MainActivity EXITING} to Window{716ca2f u0 com.newland.template/acquire.app.MainActivity} displayId=0 Callers=com.android.server.wm.RootWindowContainer.updateFocusedWindowLocked:485 com.android.server.wm.WindowManagerService.updateFocusedWindowLocked:6062 com.android.server.wm.WindowState.setupWindowForRemoveOnExit:2728 com.android.server.wm.WindowState.removeIfPossible:2696
2026-03-27 23:20:22.091 5399-5399 InputTransport com.newland.template D Destroy ARC handle: 0x83740280
2026-03-27 23:20:22.132 5399-5416 BLASTBufferQueue com.newland.template D [VRI[MainActivity]#2](f:0,a:1) destructor()
2026-03-27 23:20:22.132 5399-5416 BufferQueueConsumer com.newland.template D [VRI[MainActivity]#2(BLAST Consumer)2](id:151700000002,api:0,p:-1,c:5399) disconnect
2026-03-27 23:20:22.158 483-483 BufferQueueProducer surfaceflinger I [com.newland.template/acquire.app.MainActivity#1839](this:0xac139ce4,id:-1,api:0,p:-1,c:483) queueBuffer: fps=8.20 dur=2195.97 max=1862.59 min=16.40
2026-03-27 23:20:22.176 1034-1056 WindowManager system_server D setParent old=ActivityRecord{d5c2d31 u0 com.newland.template/acquire.app.MainActivity} t34},new=null,this window=Window{441b2d4 u0 com.newland.template/acquire.app.MainActivity},callers=com.android.server.wm.WindowContainer.removeChild:772 com.android.server.wm.ActivityRecord.removeChild:4268 com.android.server.wm.ActivityRecord.removeChild:377 com.android.server.wm.WindowContainer.removeImmediately:828 com.android.server.wm.WindowState.removeImmediately:2514 com.android.server.wm.WindowState.destroySurface:3618
2026-03-27 23:20:22.212 483-483 BufferQueueDebug surfaceflinger I [com.newland.template/acquire.app.MainActivity#1842](this:0xabf56ce4,id:-1,api:0,p:-1,c:483) onDestructor()
2026-03-27 23:20:22.571 472-556 libPowerHal ven...hardware.mtkpower@1.0-service I [perfNotifyAppState] pack:com.newland.template, act:acquire.app.MainActivity, state:5, pid:5399, uid:10110, fps:60
2026-03-27 23:20:23.174 483-483 BufferQueueProducer surfaceflinger I [com.newland.template/acquire.app.MainActivity#1839](this:0xac139ce4,id:-1,api:0,p:-1,c:483) queueBuffer: fps=5.90 dur=1016.54 max=916.67 min=16.43
2026-03-27 23:20:23.258 5399-5411 ewland.template com.newland.template I NativeAlloc concurrent copying GC freed 243534(9117KB) AllocSpace objects, 29(2152KB) LOS objects, 49% free, 3732KB/7464KB, paused 152us,66us total 121.142ms
2026-03-27 23:20:23.290 483-1353 SurfaceFlinger surfaceflinger D [SF client] REMOVE (0xac34a560) for (5399:com.newland.template)
2026-03-27 23:20:23.503 5399-5399 bankdemoR3...ish(L:357) com.newland.template D MQTT: Published to topic: /ota/pFppbioOCKlo5c8E/98251226730002/response
2026-03-27 23:20:23.503 5399-5462 bankdemoR3...lete(L:99) com.newland.template D MQTT: Message delivered
2026-03-27 23:20:23.505 1034-3126 CoreBackPreview system_server D Window{716ca2f u0 com.newland.template/acquire.app.MainActivity}: Setting back callback null
2026-03-27 23:20:23.545 5399-5424 OpenGLRenderer com.newland.template D endAllActiveAnimators on 0x999fd600 (RippleDrawable) with handle 0x83740570
2026-03-27 23:20:23.546 5399-5399 View com.newland.template D [Warning] assignParent to null: this = DecorView@45badc7[MainActivity]
2026-03-27 23:20:23.547 1034-3126 InputManager-JNI system_server W Input channel object '716ca2f com.newland.template/acquire.app.MainActivity (client)' was disposed without first being removed with the input manager!
2026-03-27 23:20:23.552 1034-3126 WindowManager system_server W Changing focus from Window{716ca2f u0 com.newland.template/acquire.app.MainActivity EXITING} to Window{f38b849 u0 com.newland.template/acquire.app.MainActivity} displayId=0 Callers=com.android.server.wm.RootWindowContainer.updateFocusedWindowLocked:485 com.android.server.wm.WindowManagerService.updateFocusedWindowLocked:6062 com.android.server.wm.WindowState.setupWindowForRemoveOnExit:2728 com.android.server.wm.WindowState.removeIfPossible:2696
2026-03-27 23:20:23.565 5399-5399 InputTransport com.newland.template D Destroy ARC handle: 0x99644c10
2026-03-27 23:20:23.600 5399-5448 BLASTBufferQueue com.newland.template D [VRI[MainActivity]#1](f:0,a:1) destructor()
2026-03-27 23:20:23.601 5399-5448 BufferQueueConsumer com.newland.template D [VRI[MainActivity]#1(BLAST Consumer)1](id:151700000001,api:0,p:-1,c:5399) disconnect
2026-03-27 23:20:23.641 483-483 BufferQueueProducer surfaceflinger I [com.newland.template/acquire.app.MainActivity#1823](this:0xac0e4ce4,id:-1,api:0,p:-1,c:483) queueBuffer: fps=1.35 dur=3696.27 max=3629.59 min=16.51
2026-03-27 23:20:23.643 1034-1056 WindowManager system_server D setParent old=ActivityRecord{d5c2d31 u0 com.newland.template/acquire.app.MainActivity} t34},new=null,this window=Window{716ca2f u0 com.newland.template/acquire.app.MainActivity},callers=com.android.server.wm.WindowContainer.removeChild:772 com.android.server.wm.ActivityRecord.removeChild:4268 com.android.server.wm.ActivityRecord.removeChild:377 com.android.server.wm.WindowContainer.removeImmediately:828 com.android.server.wm.WindowState.removeImmediately:2514 com.android.server.wm.WindowState.destroySurface:3618
2026-03-27 23:20:23.662 483-483 BufferQueueDebug surfaceflinger I [com.newland.template/acquire.app.MainActivity#1839](this:0xac139ce4,id:-1,api:0,p:-1,c:483) onDestructor()
2026-03-27 23:20:24.572 472-556 libPowerHal ven...hardware.mtkpower@1.0-service I [perfNotifyAppState] pack:com.newland.template, act:acquire.app.MainActivity, state:5, pid:5399, uid:10110, fps:90
2026-03-27 23:20:28.731 1034-3126 ActivityTaskManager system_server E pkgName : com.newland.template
2026-03-27 23:20:28.735 1034-3126 ActivityTaskManager system_server D ATMS startActivity packageName=com.newland.template callingPackage=com.newland.template callingFeatureId=null intent=Intent { cmp=com.newland.template/acquire.core.TransActivity (has extras) } resolvedType=null resultTo=Token{5ba75d8 ActivityRecord{d5c2d31 u0 com.newland.template/acquire.app.MainActivity} t34}} resultWho=null requestCode=-1 startFlags=0 profilerInfo=null bOptions=null
2026-03-27 23:20:28.736 1034-3126 ActivityTaskManager system_server E pkgName : com.newland.template
2026-03-27 23:20:28.738 1034-3126 ActivityTaskManager system_server I START u0 {cmp=com.newland.template/acquire.core.TransActivity (has extras)} from uid 10110
2026-03-27 23:20:28.803 1034-3126 PowerHalWrapper system_server I last:com.newland.template, next:com.newland.template
