2026-03-27 23:20:55.801 1034-1172 WifiNetworkFactory system_server D got request NetworkRequest [ REQUEST id=99, [ Capabilities: INTERNET&NOT_RESTRICTED&TRUSTED&NOT_VCN_MANAGED Uid: 10110 RequestorUid: 10110 RequestorPkg: com.newland.template UnderlyingNetworks: Null] ]
2026-03-27 23:20:55.801 1034-1172 UntrustedW...orkFactory system_server D got request NetworkRequest [ REQUEST id=99, [ Capabilities: INTERNET&NOT_RESTRICTED&TRUSTED&NOT_VCN_MANAGED Uid: 10110 RequestorUid: 10110 RequestorPkg: com.newland.template UnderlyingNetworks: Null] ]
2026-03-27 23:20:55.801 1034-1172 OemPaidWif...orkFactory system_server D got request NetworkRequest [ REQUEST id=99, [ Capabilities: INTERNET&NOT_RESTRICTED&TRUSTED&NOT_VCN_MANAGED Uid: 10110 RequestorUid: 10110 RequestorPkg: com.newland.template UnderlyingNetworks: Null] ]
2026-03-27 23:20:55.801 1034-1172 MultiInter...orkFactory system_server D got request NetworkRequest [ REQUEST id=99, [ Capabilities: INTERNET&NOT_RESTRICTED&TRUSTED&NOT_VCN_MANAGED Uid: 10110 RequestorUid: 10110 RequestorPkg: com.newland.template UnderlyingNetworks: Null] ]
2026-03-27 23:20:55.811 5493-5493 bankdemoR3...ing(L:152) com.newland.template D Preferences get->key:MQTT_BROKER_ADDRESS, value:demo.ctrmv.com
2026-03-27 23:20:55.812 5493-5493 bankdemoR3...Int(L:260) com.newland.template D Preferences get->key:MQTT_BROKER_PORT, value:1883
2026-03-27 23:20:55.813 5493-5493 bankdemoR3...lize(L:67) com.newland.template D MQTT: Initializing with ClientId: 98251226730002
2026-03-27 23:20:56.135 5493-5541 bankdemoR3...ect(L:128) com.newland.template D MQTT: Initializing connection
2026-03-27 23:20:56.149 5493-5542 System.out com.newland.template I [com.mediatek.cta.CtaAdapter]:check permission begin!
2026-03-27 23:20:56.150 5493-5542 System com.newland.template W ClassLoader referenced unknown path: system/framework/mediatek-cta.jar
2026-03-27 23:20:56.152 5493-5542 System.out com.newland.template I [com.mediatek.cta.CtaAdapter] e:java.lang.ClassNotFoundException: com.mediatek.cta.CtaUtils
2026-03-27 23:20:56.153 5493-5542 TrafficStats com.newland.template D tagSocket(165) with statsTag=0xffffffff, statsUid=-1
2026-03-27 23:20:56.153 5493-5493 bankdemoR3...ted(L:158) com.newland.template V MainFragment{96dd12e}->onViewCreated
2026-03-27 23:20:56.157 5493-5493 bankdemoR3...tart(L:27) com.newland.template V MainFragment{96dd12e}->onStart
2026-03-27 23:20:56.167 5493-5493 bankdemoR3...ean(L:209) com.newland.template D Preferences get->key:OLD_LAYOUT, value:false
2026-03-27 23:20:56.175 5493-5493 Printer com.newland.template I Success
2026-03-27 23:20:56.176 5493-5493 bankdemoR3...ean(L:209) com.newland.template D Preferences get->key:TRANS_INSTALLMENT, value:true
2026-03-27 23:20:56.177 5493-5493 bankdemoR3...ean(L:209) com.newland.template D Preferences get->key:TRANS_BALANCE, value:true
2026-03-27 23:20:56.178 5493-5493 bankdemoR3...ean(L:209) com.newland.template D Preferences get->key:TRANS_PREAUTH, value:***REDACTED***
2026-03-27 23:20:56.179 5493-5493 bankdemoR3...ean(L:209) com.newland.template D Preferences get->key:TRANS_SALE, value:true
2026-03-27 23:20:56.181 5493-5493 bankdemoR3...ean(L:209) com.newland.template D Preferences get->key:TRANS_VOID, value:true
2026-03-27 23:20:56.182 5493-5493 bankdemoR3...ean(L:209) com.newland.template D Preferences get->key:TRANS_MOBILE_PAY, value:true
2026-03-27 23:20:56.182 5493-5493 bankdemoR3...ean(L:209) com.newland.template D Preferences get->key:TRANS_REFUND, value:true
2026-03-27 23:20:56.266 5493-5493 bankdemoR3...ean(L:209) com.newland.template D Preferences get->key:LOGO_DYNAMIC, value:false
2026-03-27 23:20:56.267 5493-5493 bankdemoR3...Logo(L:63) com.newland.template D LogoUtils: Loading logo. Mode: Static
2026-03-27 23:20:56.276 5493-5493 Printer com.newland.template I Success
2026-03-27 23:20:56.277 5493-5493 bankdemoR3...ean(L:209) com.newland.template D Preferences get->key:TRANS_INSTALLMENT, value:true
2026-03-27 23:20:56.278 5493-5493 bankdemoR3...ean(L:209) com.newland.template D Preferences get->key:TRANS_BALANCE, value:true
2026-03-27 23:20:56.279 5493-5493 bankdemoR3...ean(L:209) com.newland.template D Preferences get->key:TRANS_PREAUTH, value:***REDACTED***
2026-03-27 23:20:56.280 5493-5493 bankdemoR3...ean(L:209) com.newland.template D Preferences get->key:TRANS_SALE, value:true
2026-03-27 23:20:56.281 5493-5493 bankdemoR3...ean(L:209) com.newland.template D Preferences get->key:TRANS_VOID, value:true
2026-03-27 23:20:56.282 5493-5493 bankdemoR3...ean(L:209) com.newland.template D Preferences get->key:TRANS_MOBILE_PAY, value:true
2026-03-27 23:20:56.283 5493-5493 bankdemoR3...ean(L:209) com.newland.template D Preferences get->key:TRANS_REFUND, value:true
2026-03-27 23:20:56.285 5493-5493 bankdemoR3...sume(L:31) com.newland.template V MainFragment{96dd12e}->onResume
2026-03-27 23:20:56.287 5493-5493 bankdemoR3...Show(L:85) com.newland.template V MainFragment{96dd12e}->onFragmentShow
2026-03-27 23:20:56.318 5493-5532 bankdemoR3...ean(L:209) com.newland.template D Preferences get->key:EXTERNAL_PINPAD_YSDK, value:***REDACTED***
2026-03-27 23:20:56.320 5493-5532 bankdemoR3...ean(L:209) com.newland.template D Preferences get->key:EMV_AID_CAPK, value:true
2026-03-27 23:20:56.502 483-483 BufferQueueProducer surfaceflinger I [com.newland.template/acquire.app.MainActivity#1914](this:0xac0e5ce4,id:-1,api:0,p:-1,c:483) queueBuffer: fps=19.23 dur=1924.46 max=1125.13 min=16.29
2026-03-27 23:20:56.779 5493-5541 bankdemoR3...ect(L:141) com.newland.template D MQTT: Connected successfully
2026-03-27 23:20:56.779 5493-5541 bankdemoR3...ted(L:673) com.newland.template D MQTT: Connected successfully
2026-03-27 23:20:56.781 5493-5541 bankdemoR3...ate(L:215) com.newland.template D MQTT: Started periodic status updates (5s)
2026-03-27 23:20:56.782 5493-5541 bankdemoR3...ect(L:148) com.newland.template D MQTT: Retrying SN for topic: 98251226730002
2026-03-27 23:20:56.783 5493-5541 bankdemoR3...ect(L:152) com.newland.template D MQTT: Subscribing to topic: /ota/pFppbioOCKlo5c8E/98251226730002/update
2026-03-27 23:20:56.810 5493-5493 bankdemoR3...ate(L:288) com.newland.template D MQTT: Heartbeat payload: {"oid":"organization_id","sn":"98251226730002","vendor":"MoreFun","model":"MF919 S10","uploadTime":"2026-03-27T17:50:56Z","org.device":[{"itemkey":"status","value":"online","timestamp":"2026-03-27T17:50:56Z","message":"Terminal status update"},{"itemkey":"battery","value":"71","timestamp":"2026-03-27T17:50:56Z","message":"Battery level"},{"itemkey":"network","value":"online","timestamp":"2026-03-27T17:50:56Z","message":"Network connectivity"},{"itemkey":"cpu","value":"0","timestamp":"2026-03-27T17:50:56Z","message":"CPU usage percentage"},{"itemkey":"application","value":"3.7.5","timestamp":"2026-03-27T17:50:56Z","message":"Current application version"}]}
2026-03-27 23:20:56.938 5493-5541 bankdemoR3...pic(L:173) com.newland.template D MQTT: Subscribed to topic: /ota/pFppbioOCKlo5c8E/98251226730002/update
2026-03-27 23:20:57.534 5493-5493 bankdemoR3...ish(L:357) com.newland.template D MQTT: Published to topic: tms/status/98251226730002
2026-03-27 23:20:57.534 5493-5547 bankdemoR3...lete(L:99) com.newland.template D MQTT: Message delivered
2026-03-27 23:20:57.534 5493-5493 bankdemoR3...ate(L:290) com.newland.template D MQTT: Sent status update to tms/status/98251226730002
2026-03-27 23:20:57.706 5493-5547 bankdemoR3...ived(L:90) com.newland.template D MQTT: Message arrived, topic: /ota/pFppbioOCKlo5c8E/98251226730002/update, message: {"command":"UPDATE_PARAMS","downloadUrl":"http://demo.ctrmv.com:4000/ota/98251226730002/params.zip","requestId":21922,"type":"tms_command","version":"1.2.5"}
2026-03-27 23:20:57.707 5493-5547 bankdemoR3...ved(L:709) com.newland.template D MQTT: Message arrived, topic: /ota/pFppbioOCKlo5c8E/98251226730002/update, message: {"command":"UPDATE_PARAMS","downloadUrl":"http://demo.ctrmv.com:4000/ota/98251226730002/params.zip","requestId":21922,"type":"tms_command","version":"1.2.5"}
2026-03-27 23:20:57.709 5493-5547 bankdemoR3...age(L:736) com.newland.template D Request for Card Transaction
2026-03-27 23:20:57.710 5493-5547 bankdemoR3...age(L:739) com.newland.template D Phone Number in Request:
2026-03-27 23:20:57.711 5493-5547 bankdemoR3...age(L:742) com.newland.template D TMS: Received command, delegating to TmsCommandHandler
2026-03-27 23:20:57.714 5493-5547 bankdemoR3...mand(L:31) com.newland.template D TMS: Handling command: UPDATE_PARAMS
2026-03-27 23:20:57.717 5493-5547 bankdemoR3...rams(L:77) com.newland.template D TMS: Starting parameter update from: http://demo.ctrmv.com:4000/ota/98251226730002/params.zip
2026-03-27 23:20:57.804 483-483 BufferQueueProducer surfaceflinger I [com.newland.template/acquire.app.MainActivity#1914](this:0xac0e5ce4,id:-1,api:0,p:-1,c:483) queueBuffer: fps=5.37 dur=1302.69 max=1150.13 min=3.50
2026-03-27 23:20:57.872 5493-5547 bankdemoR3...ish(L:357) com.newland.template D MQTT: Published to topic: /ota/pFppbioOCKlo5c8E/98251226730002/response
2026-03-27 23:20:57.877 5493-5547 bankdemoR3...lete(L:99) com.newland.template D MQTT: Message delivered
2026-03-27 23:20:57.878 5493-5547 bankdemoR3...ived(L:90) com.newland.template D MQTT: Message arrived, topic: /ota/pFppbioOCKlo5c8E/98251226730002/update, message: {"command":"UPDATE_L3_CONFIG","downloadUrl":"http://demo.ctrmv.com:4000/ota/98251226730002/l3config.zip","requestId":21986,"type":"tms_command","version":"2.3.0"}
2026-03-27 23:20:57.879 5493-5547 bankdemoR3...ved(L:709) com.newland.template D MQTT: Message arrived, topic: /ota/pFppbioOCKlo5c8E/98251226730002/update, message: {"command":"UPDATE_L3_CONFIG","downloadUrl":"http://demo.ctrmv.com:4000/ota/98251226730002/l3config.zip","requestId":21986,"type":"tms_command","version":"2.3.0"}
2026-03-27 23:20:57.880 5493-5547 bankdemoR3...age(L:736) com.newland.template D Request for Card Transaction
2026-03-27 23:20:57.881 5493-5547 bankdemoR3...age(L:739) com.newland.template D Phone Number in Request:
2026-03-27 23:20:57.882 5493-5547 bankdemoR3...age(L:742) com.newland.template D TMS: Received command, delegating to TmsCommandHandler
2026-03-27 23:20:57.883 5493-5547 bankdemoR3...mand(L:31) com.newland.template D TMS: Handling command: UPDATE_L3_CONFIG
2026-03-27 23:20:57.885 5493-5547 bankdemoR3...fig(L:102) com.newland.template D TMS: Starting L3 configuration update from: http://demo.ctrmv.com:4000/ota/98251226730002/l3config.zip
2026-03-27 23:20:57.976 483-1353 SurfaceFlinger surfaceflinger D [SF client] NEW(0xac349960) for (5493:com.newland.template)
2026-03-27 23:20:57.982 5493-5493 VRI[MainActivity] com.newland.template D hardware acceleration = true, forceHwAccelerated = false
2026-03-27 23:20:57.986 1034-2905 WindowManager system_server W Changing focus from Window{c870d7a u0 com.newland.template/acquire.app.MainActivity} to Window{d070cef u0 com.newland.template/acquire.app.MainActivity} displayId=0 Callers=com.android.server.wm.RootWindowContainer.updateFocusedWindowLocked:485 com.android.server.wm.WindowManagerService.updateFocusedWindowLocked:6062 com.android.server.wm.WindowManagerService.addWindow:1861 com.android.server.wm.Session.addToDisplayAsUser:215
2026-03-27 23:20:57.992 1034-2905 CoreBackPreview system_server D Window{d070cef u0 com.newland.template/acquire.app.MainActivity}: Setting back callback OnBackInvokedCallbackInfo{mCallback=android.window.IOnBackInvokedCallback$Stub$Proxy@dc3ea01, mPriority=0}
2026-03-27 23:20:57.994 5493-5493 InputTransport com.newland.template D Create ARC handle: 0xa5c91ea0
2026-03-27 23:20:58.023 483-1651 BufferQueueDebug surfaceflinger I [com.newland.template/acquire.app.MainActivity#1923](this:0xac348ce4,id:-1,api:0,p:-1,c:-1) BufferQueue core=(483:/system/bin/surfaceflinger)
2026-03-27 23:20:58.031 5493-5493 BufferQueueConsumer com.newland.template D [](id:157500000001,api:0,p:-1,c:5493) connect: controlledByApp=false
2026-03-27 23:20:58.042 5493-5547 bankdemoR3...ish(L:357) com.newland.template D MQTT: Published to topic: /ota/pFppbioOCKlo5c8E/98251226730002/response
2026-03-27 23:20:58.043 5493-5547 bankdemoR3...lete(L:99) com.newland.template D MQTT: Message delivered
2026-03-27 23:20:58.043 5493-5547 bankdemoR3...ived(L:90) com.newland.template D MQTT: Message arrived, topic: /ota/pFppbioOCKlo5c8E/98251226730002/update, message: {"command":"UPDATE_APPLICATION","requestId":8293,"type":"tms_command","version":"3.7.5"}
2026-03-27 23:20:58.044 5493-5547 bankdemoR3...ved(L:709) com.newland.template D MQTT: Message arrived, topic: /ota/pFppbioOCKlo5c8E/98251226730002/update, message: {"command":"UPDATE_APPLICATION","requestId":8293,"type":"tms_command","version":"3.7.5"}
2026-03-27 23:20:58.045 5493-5547 bankdemoR3...age(L:736) com.newland.template D Request for Card Transaction
2026-03-27 23:20:58.045 5493-5547 bankdemoR3...age(L:739) com.newland.template D Phone Number in Request:
2026-03-27 23:20:58.046 5493-5547 bankdemoR3...age(L:742) com.newland.template D TMS: Received command, delegating to TmsCommandHandler
2026-03-27 23:20:58.046 5493-5547 bankdemoR3...mand(L:31) com.newland.template D TMS: Handling command: UPDATE_APPLICATION
2026-03-27 23:20:58.048 5493-5547 bankdemoR3...ion(L:114) com.newland.template D TMS: Application already up to date: 3.7.5
2026-03-27 23:20:58.082 5493-5516 BLASTBufferQueue com.newland.template D [VRI[MainActivity]#1](f:0,a:1) acquireNextBufferLocked size=790x428 mFrameNumber=1 applyTransaction=true mTimestamp=6892630872176(auto) mPendingTransactions.size=0 graphicBufferId=23592255356943 transform=3
2026-03-27 23:20:58.083 5493-5516 Parcel com.newland.template W Expecting binder but got null!
2026-03-27 23:20:58.088 483-483 BufferStateLayer surfaceflinger D com.newland.template/acquire.app.MainActivity#1923 setBuffer frameId=1, bufferId=23592255356943 fenceId=366, w= 790, h=428
2026-03-27 23:20:58.186 483-585 SurfaceFlinger surfaceflinger D [SF client] NEW(0xac34b280) for (5493:com.newland.template)
2026-03-27 23:20:58.192 5493-5493 VRI[MainActivity] com.newland.template D hardware acceleration = true, forceHwAccelerated = false
2026-03-27 23:20:58.196 1034-2905 WindowManager system_server W Changing focus from Window{d070cef u0 com.newland.template/acquire.app.MainActivity} to Window{5bb0fdf u0 com.newland.template/acquire.app.MainActivity} displayId=0 Callers=com.android.server.wm.RootWindowContainer.updateFocusedWindowLocked:485 com.android.server.wm.WindowManagerService.updateFocusedWindowLocked:6062 com.android.server.wm.WindowManagerService.addWindow:1861 com.android.server.wm.Session.addToDisplayAsUser:215
2026-03-27 23:20:58.207 5493-5493 InputTransport com.newland.template D Create ARC handle: 0xa5c91510
2026-03-27 23:20:58.211 1034-2905 CoreBackPreview system_server D Window{5bb0fdf u0 com.newland.template/acquire.app.MainActivity}: Setting back callback OnBackInvokedCallbackInfo{mCallback=android.window.IOnBackInvokedCallback$Stub$Proxy@81a5571, mPriority=0}
2026-03-27 23:20:58.216 5493-5547 bankdemoR3...ish(L:357) com.newland.template D MQTT: Published to topic: /ota/pFppbioOCKlo5c8E/98251226730002/response
2026-03-27 23:20:58.216 5493-5547 bankdemoR3...lete(L:99) com.newland.template D MQTT: Message delivered
2026-03-27 23:20:58.250 483-1146 BufferQueueDebug surfaceflinger I [com.newland.template/acquire.app.MainActivity#1930](this:0xac139ce4,id:-1,api:0,p:-1,c:-1) BufferQueue core=(483:/system/bin/surfaceflinger)
2026-03-27 23:20:58.261 5493-5493 BufferQueueConsumer com.newland.template D [](id:157500000002,api:0,p:-1,c:5493) connect: controlledByApp=false
2026-03-27 23:20:58.310 5493-5516 BLASTBufferQueue com.newland.template D [VRI[MainActivity]#2](f:0,a:1) acquireNextBufferLocked size=790x428 mFrameNumber=1 applyTransaction=true mTimestamp=6892859106253(auto) mPendingTransactions.size=0 graphicBufferId=23592255356950 transform=3
2026-03-27 23:20:58.311 5493-5516 Parcel com.newland.template W Expecting binder but got null!
2026-03-27 23:20:58.321 483-483 BufferStateLayer surfaceflinger D com.newland.template/acquire.app.MainActivity#1930 setBuffer frameId=1, bufferId=23592255356950 fenceId=374, w= 790, h=428
2026-03-27 23:20:59.072 5493-5523 BufferPoolAccessor2.0 com.newland.template D bufferpool2 0xb168d0d8 : 0(0 size) total buffers - 0(0 size) used buffers - 0/5 (recycle/alloc) - 4/32 (fetch/transfer)
2026-03-27 23:20:59.072 5493-5523 BufferPoolAccessor2.0 com.newland.template D evictor expired: 1, evicted: 1
2026-03-27 23:20:59.197 5493-5493 bankdemoR3...ate(L:106) com.newland.template D FlyParameter request
2026-03-27 23:20:59.275 483-1146 SurfaceFlinger surfaceflinger D [SF client] NEW(0xac349c00) for (5493:com.newland.template)
2026-03-27 23:20:59.281 5493-5493 VRI[MainActivity] com.newland.template D hardware acceleration = true, forceHwAccelerated = false
2026-03-27 23:20:59.286 1034-2905 WindowManager system_server W Changing focus from Window{5bb0fdf u0 com.newland.template/acquire.app.MainActivity} to Window{30ca32e u0 com.newland.template/acquire.app.MainActivity} displayId=0 Callers=com.android.server.wm.RootWindowContainer.updateFocusedWindowLocked:485 com.android.server.wm.WindowManagerService.updateFocusedWindowLocked:6062 com.android.server.wm.WindowManagerService.addWindow:1861 com.android.server.wm.Session.addToDisplayAsUser:215
2026-03-27 23:20:59.296 1034-2905 CoreBackPreview system_server D Window{30ca32e u0 com.newland.template/acquire.app.MainActivity}: Setting back callback OnBackInvokedCallbackInfo{mCallback=android.window.IOnBackInvokedCallback$Stub$Proxy@a667648, mPriority=0}
2026-03-27 23:20:59.296 5493-5493 InputTransport com.newland.template D Create ARC handle: 0xadd6f6c0
2026-03-27 23:20:59.304 5493-5553 bankdemoR3...ters(L:69) com.newland.template D Downloading parameters from: http://demo.ctrmv.com:4000/ota/98251226730002/l3config.zip
2026-03-27 23:20:59.308 1034-2905 CoreBackPreview system_server D Window{5bb0fdf u0 com.newland.template/acquire.app.MainActivity}: Setting back callback null
2026-03-27 23:20:59.312 5493-5516 OpenGLRenderer com.newland.template D endAllActiveAnimators on 0xa5fba100 (RippleDrawable) with handle 0xadd6f1a0
2026-03-27 23:20:59.313 5493-5493 View com.newland.template D [Warning] assignParent to null: this = DecorView@2117ece[MainActivity]
2026-03-27 23:20:59.314 1034-2905 InputManager-JNI system_server W Input channel object '5bb0fdf com.newland.template/acquire.app.MainActivity (client)' was disposed without first being removed with the input manager!
2026-03-27 23:20:59.316 5493-5553 System.out com.newland.template I [okhttp]:check permission begin!
2026-03-27 23:20:59.316 5493-5553 System com.newland.template W ClassLoader referenced unknown path: system/framework/mediatek-cta.jar
2026-03-27 23:20:59.318 5493-5553 System.out com.newland.template I [okhttp] e:java.lang.ClassNotFoundException: com.mediatek.cta.CtaUtils
2026-03-27 23:20:59.321 483-483 BufferQueueProducer surfaceflinger I [com.newland.template/acquire.app.MainActivity#1930](this:0xac139ce4,id:-1,api:0,p:-1,c:483) queueBuffer: fps=15.00 dur=1000.19 max=683.30 min=16.34
2026-03-27 23:20:59.327 5493-5493 InputTransport com.newland.template D Destroy ARC handle: 0xa5c91510
2026-03-27 23:20:59.330 5493-5553 TrafficStats com.newland.template D tagSocket(103) with statsTag=0xffffffff, statsUid=-1
2026-03-27 23:20:59.331 5493-5553 System.out com.newland.template I [com.mediatek.cta.CtaAdapter]:check permission begin!
2026-03-27 23:20:59.344 483-1146 BufferQueueDebug surfaceflinger I [com.newland.template/acquire.app.MainActivity#1936](this:0xabf56ce4,id:-1,api:0,p:-1,c:-1) BufferQueue core=(483:/system/bin/surfaceflinger)
2026-03-27 23:20:59.354 5493-5493 BufferQueueConsumer com.newland.template D [](id:157500000003,api:0,p:-1,c:5493) connect: controlledByApp=false
2026-03-27 23:20:59.360 5493-5506 BLASTBufferQueue com.newland.template D [VRI[MainActivity]#2](f:0,a:1) destructor()
2026-03-27 23:20:59.361 5493-5506 BufferQueueConsumer com.newland.template D [VRI[MainActivity]#2(BLAST Consumer)2](id:157500000002,api:0,p:-1,c:5493) disconnect
2026-03-27 23:20:59.379 5493-5516 BLASTBufferQueue com.newland.template D [VRI[MainActivity]#3](f:0,a:1) acquireNextBufferLocked size=446x399 mFrameNumber=1 applyTransaction=true mTimestamp=6893928198561(auto) mPendingTransactions.size=0 graphicBufferId=23592255356963 transform=3
2026-03-27 23:20:59.380 5493-5516 Parcel com.newland.template W Expecting binder but got null!
2026-03-27 23:20:59.404 483-483 BufferStateLayer surfaceflinger D com.newland.template/acquire.app.MainActivity#1936 setBuffer frameId=1, bufferId=23592255356963 fenceId=445, w= 446, h=399
2026-03-27 23:20:59.408 1034-1056 WindowManager system_server D setParent old=ActivityRecord{c664e10 u0 com.newland.template/acquire.app.MainActivity} t35},new=null,this window=Window{5bb0fdf u0 com.newland.template/acquire.app.MainActivity},callers=com.android.server.wm.WindowContainer.removeChild:772 com.android.server.wm.ActivityRecord.removeChild:4268 com.android.server.wm.ActivityRecord.removeChild:377 com.android.server.wm.WindowContainer.removeImmediately:828 com.android.server.wm.WindowState.removeImmediately:2514 com.android.server.wm.WindowState.destroySurface:3618
2026-03-27 23:20:59.424 483-483 BufferQueueDebug surfaceflinger I [com.newland.template/acquire.app.MainActivity#1930](this:0xac139ce4,id:-1,api:0,p:-1,c:483) onDestructor()
2026-03-27 23:20:59.513 5493-5553 bankdemoR3...ters(L:93) com.newland.template E Error fetching parameters (Fix with AI) java.net.ConnectException: Failed to connect to demo.ctrmv.com/78.47.213.209:4000
at com.android.okhttp.internal.io.RealConnection.connectSocket(RealConnection.java:147)
at com.android.okhttp.internal.io.RealConnection.connect(RealConnection.java:116)
at com.android.okhttp.internal.http.StreamAllocation.findConnection(StreamAllocation.java:186)
at com.android.okhttp.internal.http.StreamAllocation.findHealthyConnection(StreamAllocation.java:128)
at com.android.okhttp.internal.http.StreamAllocation.newStream(StreamAllocation.java:97)
at com.android.okhttp.internal.http.HttpEngine.connect(HttpEngine.java:302)
at com.android.okhttp.internal.http.HttpEngine.sendRequest(HttpEngine.java:245)
at com.android.okhttp.internal.huc.HttpURLConnectionImpl.execute(HttpURLConnectionImpl.java:465)
at com.android.okhttp.internal.huc.HttpURLConnectionImpl.getResponse(HttpURLConnectionImpl.java:411)
at com.android.okhttp.internal.huc.HttpURLConnectionImpl.getResponseCode(HttpURLConnectionImpl.java:542) at acquire.sdk.FlyParameterHelper.lambda$fetchParameters$0$acquire-sdk-FlyParameterHelper(FlyParameterHelper.java:76)
at acquire.sdk.FlyParameterHelper$$ExternalSyntheticLambda0.run(Unknown Source:6)
at java.util.concurrent.ThreadPoolExecutor.runWorker(ThreadPoolExecutor.java:1137)
at java.util.concurrent.ThreadPoolExecutor$Worker.run(ThreadPoolExecutor.java:637)
at java.lang.Thread.run(Thread.java:1012)
2026-03-27 23:20:59.513 5493-5553 bankdemoR3...ror(L:198) com.newland.template E Receive FlyParameter failed.Error code = 255,message = Failed to connect to demo.ctrmv.com/78.47.213.209:4000
2026-03-27 23:20:59.534 1034-2905 CoreBackPreview system_server D Window{30ca32e u0 com.newland.template/acquire.app.MainActivity}: Setting back callback null
2026-03-27 23:20:59.540 5493-5493 View com.newland.template D [Warning] assignParent to null: this = DecorView@60e3ffb[MainActivity]
2026-03-27 23:20:59.540 5493-5493 BLASTBufferQueue com.newland.template D [VRI[MainActivity]#3](f:0,a:1) destructor()
2026-03-27 23:20:59.540 5493-5493 BufferQueueConsumer com.newland.template D [VRI[MainActivity]#3(BLAST Consumer)3](id:157500000003,api:0,p:-1,c:5493) disconnect
2026-03-27 23:20:59.542 1034-2905 InputManager-JNI system_server W Input channel object '30ca32e com.newland.template/acquire.app.MainActivity (client)' was disposed without first being removed with the input manager!
2026-03-27 23:20:59.545 1034-2905 WindowManager system_server W Changing focus from Window{30ca32e u0 com.newland.template/acquire.app.MainActivity EXITING} to Window{d070cef u0 com.newland.template/acquire.app.MainActivity} displayId=0 Callers=com.android.server.wm.RootWindowContainer.updateFocusedWindowLocked:485 com.android.server.wm.WindowManagerService.updateFocusedWindowLocked:6062 com.android.server.wm.WindowState.setupWindowForRemoveOnExit:2728 com.android.server.wm.WindowState.removeIfPossible:2696
2026-03-27 23:20:59.551 5493-5493 InputTransport com.newland.template D Destroy ARC handle: 0xadd6f6c0
2026-03-27 23:20:59.577 483-1146 SurfaceFlinger surfaceflinger D [SF client] NEW(0xac349b40) for (5493:com.newland.template)
2026-03-27 23:20:59.582 5493-5493 VRI[Toast] com.newland.template D hardware acceleration = true, forceHwAccelerated = false
2026-03-27 23:20:59.592 5493-5493 InputTransport com.newland.template D Create ARC handle: 0xa5e50260
2026-03-27 23:20:59.611 5493-5493 BufferQueueConsumer com.newland.template D [](id:157500000004,api:0,p:-1,c:5493) connect: controlledByApp=false
2026-03-27 23:20:59.628 5493-5516 BLASTBufferQueue com.newland.template D [VRI[Toast]#4](f:0,a:1) acquireNextBufferLocked size=554x115 mFrameNumber=1 applyTransaction=true mTimestamp=6894177261330(auto) mPendingTransactions.size=0 graphicBufferId=23592255356968 transform=3
2026-03-27 23:20:59.629 5493-5516 Parcel com.newland.template W Expecting binder but got null!
2026-03-27 23:20:59.642 1034-1056 WindowManager system_server D setParent old=ActivityRecord{c664e10 u0 com.newland.template/acquire.app.MainActivity} t35},new=null,this window=Window{30ca32e u0 com.newland.template/acquire.app.MainActivity},callers=com.android.server.wm.WindowContainer.removeChild:772 com.android.server.wm.ActivityRecord.removeChild:4268 com.android.server.wm.ActivityRecord.removeChild:377 com.android.server.wm.WindowContainer.removeImmediately:828 com.android.server.wm.WindowState.removeImmediately:2514 com.android.server.wm.WindowState.destroySurface:3618
2026-03-27 23:20:59.671 483-483 BufferQueueProducer surfaceflinger I [com.newland.template/acquire.app.MainActivity#1923](this:0xac348ce4,id:-1,api:0,p:-1,c:483) queueBuffer: fps=5.05 dur=1583.91 max=1217.19 min=16.36
2026-03-27 23:20:59.674 483-483 BufferQueueDebug surfaceflinger I [com.newland.template/acquire.app.MainActivity#1936](this:0xabf56ce4,id:-1,api:0,p:-1,c:483) onDestructor()
2026-03-27 23:20:59.803 472-556 libPowerHal ven...hardware.mtkpower@1.0-service I [perfNotifyAppState] pack:com.newland.template, act:acquire.app.MainActivity, state:5, pid:5493, uid:10110, fps:90
2026-03-27 23:20:59.964 5493-5559 ProfileInstaller com.newland.template D Installing profile for com.newland.template
2026-03-27 23:21:00.072 5493-5523 BufferPoolAccessor2.0 com.newland.template D bufferpool2 0xb168d498 : 0(0 size) total buffers - 0(0 size) used buffers - 2/7 (recycle/alloc) - 5/32 (fetch/transfer)
2026-03-27 23:21:00.072 5493-5523 BufferPoolAccessor2.0 com.newland.template D evictor expired: 1, evicted: 1
2026-03-27 23:21:00.803 472-556 libPowerHal ven...hardware.mtkpower@1.0-service I [perfNotifyAppState] pack:com.newland.template, act:acquire.app.MainActivity, state:5, pid:5493, uid:10110, fps:60
2026-03-27 23:21:01.331 5493-5493 bankdemoR3...ate(L:106) com.newland.template D FlyParameter request
2026-03-27 23:21:01.336 483-483 BufferQueueProducer surfaceflinger I [com.newland.template/acquire.app.MainActivity#1923](this:0xac348ce4,id:-1,api:0,p:-1,c:483) queueBuffer: fps=10.81 dur=1664.63 max=1330.89 min=16.03
2026-03-27 23:21:01.367 483-585 SurfaceFlinger surfaceflinger D [SF client] NEW(0xac34a8c0) for (5493:com.newland.template)
2026-03-27 23:21:01.371 5493-5493 VRI[MainActivity] com.newland.template D hardware acceleration = true, forceHwAccelerated = false
2026-03-27 23:21:01.376 1034-2905 WindowManager system_server W Changing focus from Window{d070cef u0 com.newland.template/acquire.app.MainActivity} to Window{61dcff2 u0 com.newland.template/acquire.app.MainActivity} displayId=0 Callers=com.android.server.wm.RootWindowContainer.updateFocusedWindowLocked:485 com.android.server.wm.WindowManagerService.updateFocusedWindowLocked:6062 com.android.server.wm.WindowManagerService.addWindow:1861 com.android.server.wm.Session.addToDisplayAsUser:215
2026-03-27 23:21:01.386 1034-2905 CoreBackPreview system_server D Window{61dcff2 u0 com.newland.template/acquire.app.MainActivity}: Setting back callback OnBackInvokedCallbackInfo{mCallback=android.window.IOnBackInvokedCallback$Stub$Proxy@c19cec, mPriority=0}
2026-03-27 23:21:01.386 5493-5493 InputTransport com.newland.template D Create ARC handle: 0xadad03b0
2026-03-27 23:21:01.388 5493-5553 bankdemoR3...ters(L:69) com.newland.template D Downloading parameters from: http://demo.ctrmv.com:4000/ota/98251226730002/params.zip
2026-03-27 23:21:01.391 5493-5553 System.out com.newland.template I [okhttp]:check permission begin!
2026-03-27 23:21:01.391 5493-5553 System.out com.newland.template I [okhttp]:not MMS!
2026-03-27 23:21:01.391 5493-5553 System.out com.newland.template I [okhttp]:not Email!
2026-03-27 23:21:01.392 1034-2905 CoreBackPreview system_server D Window{d070cef u0 com.newland.template/acquire.app.MainActivity}: Setting back callback null
2026-03-27 23:21:01.395 5493-5516 OpenGLRenderer com.newland.template D endAllActiveAnimators on 0xa604ab00 (RippleDrawable) with handle 0xadad0220
2026-03-27 23:21:01.396 5493-5493 View com.newland.template D [Warning] assignParent to null: this = DecorView@a7d88d5[MainActivity]
2026-03-27 23:21:01.397 1034-4650 InputManager-JNI system_server W Input channel object 'd070cef com.newland.template/acquire.app.MainActivity (client)' was disposed without first being removed with the input manager!
2026-03-27 23:21:01.398 5493-5553 TrafficStats com.newland.template D tagSocket(104) with statsTag=0xffffffff, statsUid=-1
2026-03-27 23:21:01.398 5493-5553 System.out com.newland.template I [com.mediatek.cta.CtaAdapter]:check permission begin!
2026-03-27 23:21:01.406 5493-5531 BLASTBufferQueue com.newland.template D [VRI[MainActivity]#1](f:0,a:1) destructor()
2026-03-27 23:21:01.406 5493-5531 BufferQueueConsumer com.newland.template D [VRI[MainActivity]#1(BLAST Consumer)1](id:157500000001,api:0,p:-1,c:5493) disconnect
2026-03-27 23:21:01.407 5493-5493 InputTransport com.newland.template D Destroy ARC handle: 0xa5c91ea0
2026-03-27 23:21:01.416 483-585 BufferQueueDebug surfaceflinger I [com.newland.template/acquire.app.MainActivity#1952](this:0xabf56ce4,id:-1,api:0,p:-1,c:-1) BufferQueue core=(483:/system/bin/surfaceflinger)
2026-03-27 23:21:01.424 5493-5493 BufferQueueConsumer com.newland.template D [](id:157500000005,api:0,p:-1,c:5493) connect: controlledByApp=false
2026-03-27 23:21:01.443 5493-5516 BLASTBufferQueue com.newland.template D [VRI[MainActivity]#5](f:0,a:1) acquireNextBufferLocked size=446x399 mFrameNumber=1 applyTransaction=true mTimestamp=6895991921407(auto) mPendingTransactions.size=0 graphicBufferId=23592255356975 transform=3
2026-03-27 23:21:01.444 5493-5516 Parcel com.newland.template W Expecting binder but got null!
2026-03-27 23:21:01.451 483-483 BufferStateLayer surfaceflinger D com.newland.template/acquire.app.MainActivity#1952 setBuffer frameId=1, bufferId=23592255356975 fenceId=400, w= 446, h=399
2026-03-27 23:21:01.486 1034-1056 WindowManager system_server D setParent old=ActivityRecord{c664e10 u0 com.newland.template/acquire.app.MainActivity} t35},new=null,this window=Window{d070cef u0 com.newland.template/acquire.app.MainActivity},callers=com.android.server.wm.WindowContainer.removeChild:772 com.android.server.wm.ActivityRecord.removeChild:4268 com.android.server.wm.ActivityRecord.removeChild:377 com.android.server.wm.WindowContainer.removeImmediately:828 com.android.server.wm.WindowState.removeImmediately:2514 com.android.server.wm.WindowState.destroySurface:3618
2026-03-27 23:21:01.504 483-483 BufferQueueDebug surfaceflinger I [com.newland.template/acquire.app.MainActivity#1923](this:0xac348ce4,id:-1,api:0,p:-1,c:483) onDestructor()
2026-03-27 23:21:01.540 5493-5493 View com.newland.template D [Warning] assignParent to null: this = android.widget.LinearLayout{5c596b7 V.E...... ......ID 0,0-540,101}
2026-03-27 23:21:01.540 5493-5493 BLASTBufferQueue com.newland.template D [VRI[Toast]#4](f:0,a:1) destructor()
2026-03-27 23:21:01.540 5493-5493 BufferQueueConsumer com.newland.template D [VRI[Toast]#4(BLAST Consumer)4](id:157500000004,api:0,p:-1,c:5493) disconnect
2026-03-27 23:21:01.546 5493-5493 InputTransport com.newland.template D Destroy ARC handle: 0xa5e50260
2026-03-27 23:21:01.547 1034-1153 NotificationService system_server W Toast already killed. pkg=com.newland.template token=android.os.BinderProxy@3056925
2026-03-27 23:21:01.701 5493-5553 bankdemoR3...ters(L:93) com.newland.template E Error fetching parameters (Fix with AI) java.net.ConnectException: Failed to connect to demo.ctrmv.com/78.47.213.209:4000
at com.android.okhttp.internal.io.RealConnection.connectSocket(RealConnection.java:147)
at com.android.okhttp.internal.io.RealConnection.connect(RealConnection.java:116)
at com.android.okhttp.internal.http.StreamAllocation.findConnection(StreamAllocation.java:186)
at com.android.okhttp.internal.http.StreamAllocation.findHealthyConnection(StreamAllocation.java:128)
at com.android.okhttp.internal.http.StreamAllocation.newStream(StreamAllocation.java:97)
at com.android.okhttp.internal.http.HttpEngine.connect(HttpEngine.java:302)
at com.android.okhttp.internal.http.HttpEngine.sendRequest(HttpEngine.java:245)
at com.android.okhttp.internal.huc.HttpURLConnectionImpl.execute(HttpURLConnectionImpl.java:465)
at com.android.okhttp.internal.huc.HttpURLConnectionImpl.getResponse(HttpURLConnectionImpl.java:411)
at com.android.okhttp.internal.huc.HttpURLConnectionImpl.getResponseCode(HttpURLConnectionImpl.java:542) at acquire.sdk.FlyParameterHelper.lambda$fetchParameters$0$acquire-sdk-FlyParameterHelper(FlyParameterHelper.java:76)
at acquire.sdk.FlyParameterHelper$$ExternalSyntheticLambda0.run(Unknown Source:6)
at java.util.concurrent.ThreadPoolExecutor.runWorker(ThreadPoolExecutor.java:1137)
at java.util.concurrent.ThreadPoolExecutor$Worker.run(ThreadPoolExecutor.java:637)
at java.lang.Thread.run(Thread.java:1012)
2026-03-27 23:21:01.703 5493-5553 bankdemoR3...ror(L:198) com.newland.template E Receive FlyParameter failed.Error code = 255,message = Failed to connect to demo.ctrmv.com/78.47.213.209:4000
2026-03-27 23:21:01.719 1034-1153 CoreBackPreview system_server D Window{61dcff2 u0 com.newland.template/acquire.app.MainActivity}: Setting back callback null
2026-03-27 23:21:01.725 5493-5493 View com.newland.template D [Warning] assignParent to null: this = DecorView@dc11b42[MainActivity]
2026-03-27 23:21:01.726 1034-2905 InputManager-JNI system_server W Input channel object '61dcff2 com.newland.template/acquire.app.MainActivity (client)' was disposed without first being removed with the input manager!
2026-03-27 23:21:01.729 1034-2905 WindowManager system_server W Changing focus from Window{61dcff2 u0 com.newland.template/acquire.app.MainActivity EXITING} to Window{c870d7a u0 com.newland.template/acquire.app.MainActivity} displayId=0 Callers=com.android.server.wm.RootWindowContainer.updateFocusedWindowLocked:485 com.android.server.wm.WindowManagerService.updateFocusedWindowLocked:6062 com.android.server.wm.WindowState.setupWindowForRemoveOnExit:2728 com.android.server.wm.WindowState.removeIfPossible:2696
2026-03-27 23:21:01.737 5493-5493 InputTransport com.newland.template D Destroy ARC handle: 0xadad03b0
2026-03-27 23:21:01.739 1034-4650 NotificationService system_server I cancelToast pkg=com.newland.template token=android.os.BinderProxy@3056925
2026-03-27 23:21:01.739 1034-4650 NotificationService system_server W Toast already cancelled. pkg=com.newland.template token=android.os.BinderProxy@3056925
2026-03-27 23:21:01.741 483-585 SurfaceFlinger surfaceflinger D [SF client] NEW(0xac34a020) for (5493:com.newland.template)
2026-03-27 23:21:01.746 5493-5493 VRI[Toast] com.newland.template D hardware acceleration = true, forceHwAccelerated = false
2026-03-27 23:21:01.757 5493-5493 InputTransport com.newland.template D Create ARC handle: 0xadd6f720
2026-03-27 23:21:01.773 5493-5531 BLASTBufferQueue com.newland.template D [VRI[MainActivity]#5](f:0,a:1) destructor()
2026-03-27 23:21:01.773 5493-5531 BufferQueueConsumer com.newland.template D [VRI[MainActivity]#5(BLAST Consumer)5](id:157500000005,api:0,p:-1,c:5493) disconnect
2026-03-27 23:21:01.779 5493-5493 BufferQueueConsumer com.newland.template D [](id:157500000006,api:0,p:-1,c:5493) connect: controlledByApp=false
2026-03-27 23:21:01.793 5493-5516 BLASTBufferQueue com.newland.template D [VRI[Toast]#6](f:0,a:1) acquireNextBufferLocked size=554x115 mFrameNumber=1 applyTransaction=true mTimestamp=6896342264407(auto) mPendingTransactions.size=0 graphicBufferId=23592255356984 transform=3
2026-03-27 23:21:01.794 5493-5516 Parcel com.newland.template W Expecting binder but got null!
2026-03-27 23:21:01.806 472-556 libPowerHal ven...hardware.mtkpower@1.0-service I [perfNotifyAppState] pack:com.newland.template, act:acquire.app.MainActivity, state:5, pid:5493, uid:10110, fps:90
2026-03-27 23:21:01.825 1034-1056 WindowManager system_server D setParent old=ActivityRecord{c664e10 u0 com.newland.template/acquire.app.MainActivity} t35},new=null,this window=Window{61dcff2 u0 com.newland.template/acquire.app.MainActivity},callers=com.android.server.wm.WindowContainer.removeChild:772 com.android.server.wm.ActivityRecord.removeChild:4268 com.android.server.wm.ActivityRecord.removeChild:377 com.android.server.wm.WindowContainer.removeImmediately:828 com.android.server.wm.WindowState.removeImmediately:2514 com.android.server.wm.WindowState.destroySurface:3618
2026-03-27 23:21:01.834 483-483 BufferQueueProducer surfaceflinger I [com.newland.template/acquire.app.MainActivity#1914](this:0xac0e5ce4,id:-1,api:0,p:-1,c:483) queueBuffer: fps=3.23 dur=4029.91 max=3413.36 min=16.43
2026-03-27 23:21:01.838 483-483 BufferQueueDebug surfaceflinger I [com.newland.template/acquire.app.MainActivity#1952](this:0xabf56ce4,id:-1,api:0,p:-1,c:483) onDestructor()
2026-03-27 23:21:03.724 5493-5493 View com.newland.template D [Warning] assignParent to null: this = android.widget.LinearLayout{e105854 V.E...... ......ID 0,0-540,101}
2026-03-27 23:21:03.725 5493-5493 BLASTBufferQueue com.newland.template D [VRI[Toast]#6](f:0,a:1) destructor()
2026-03-27 23:21:03.725 5493-5493 BufferQueueConsumer com.newland.template D [VRI[Toast]#6(BLAST Consumer)6](id:157500000006,api:0,p:-1,c:5493) disconnect
2026-03-27 23:21:03.731 5493-5493 InputTransport com.newland.template D Destroy ARC handle: 0xadd6f720
2026-03-27 23:21:03.734 1034-1153 NotificationService system_server W Toast already killed. pkg=com.newland.template token=android.os.BinderProxy@c8346f
2026-03-27 23:21:03.852 5493-5502 ewland.template com.newland.template I Background concurrent copying GC freed 131508(5941KB) AllocSpace objects, 22(1820KB) LOS objects, 49% free, 3902KB/7804KB, paused 151us,136us total 133.362ms
2026-03-27 23:21:03.868 483-585 SurfaceFlinger surfaceflinger D [SF client] REMOVE (0xac349960) for (5493:com.newland.template)
2026-03-27 23:21:03.869 483-585 SurfaceFlinger surfaceflinger D [SF client] REMOVE (0xac34b280) for (5493:com.newland.template)
2026-03-27 23:21:03.870 483-585 SurfaceFlinger surfaceflinger D [SF client] REMOVE (0xac349c00) for (5493:com.newland.template)
2026-03-27 23:21:03.871 483-585 SurfaceFlinger surfaceflinger D [SF client] REMOVE (0xac349b40) for (5493:com.newland.template)
2026-03-27 23:21:03.872 483-585 SurfaceFlinger surfaceflinger D [SF client] REMOVE (0xac34a8c0) for (5493:com.newland.template)
2026-03-27 23:21:03.872 483-585 SurfaceFlinger surfaceflinger D [SF client] REMOVE (0xac34a020) for (5493:com.newland.template) this is the updated logcat, let me explain the scenario. when the user clicks on cancle button during update shukria params. the versions other than application version are not been updated, how come application version is getting updated? and once we click on the "ok" button for update params popup, there it shows the error faild to connect to some url it is showing, and the data's are not been updated. other than application version. also during updates the if the key config version is empty, then it should trigger the update params, if any one version is empty then it should trigger the update params, can you tell me what is the issue here and can you tell me the fix in simple words.