2026-03-27 23:20:12.562 1034-1775 ActivityTaskManager system_server E pkgName : com.newland.template
2026-03-27 23:20:12.563 1034-1775 ActivityTaskManager system_server D ATMS startActivity packageName=com.newland.template callingPackage=com.morefun.launcher callingFeatureId=null intent=Intent { act=android.intent.action.MAIN cat=[android.intent.category.LAUNCHER] flg=0x10200000 cmp=com.newland.template/acquire.app.MainActivity } resolvedType=null resultTo=Token{4beee54 ActivityRecord{ae141fd u0 com.morefun.launcher/.activity.LauncherActivity} t7}} resultWho=null requestCode=-1 startFlags=0 profilerInfo=null bOptions=null
2026-03-27 23:20:12.564 1034-1775 ActivityTaskManager system_server E pkgName : com.newland.template
2026-03-27 23:20:12.566 1034-1775 ActivityTaskManager system_server I START u0 {act=android.intent.action.MAIN cat=[android.intent.category.LAUNCHER] flg=0x10200000 cmp=com.newland.template/acquire.app.MainActivity} from uid 1000
2026-03-27 23:20:12.583 1034-1775 PowerHalWrapper system_server I last:com.morefun.launcher, next:com.newland.template
2026-03-27 23:20:12.584 1034-1775 DuraSpeed system_server D onAppSwitched, packageName:com.newland.template
2026-03-27 23:20:12.594 1034-1775 ActivityTaskManager system_server E ->startActivity for com.newland.template result:0
2026-03-27 23:20:12.613 1034-4748 CoreBackPreview system_server D Window{cdc1997 u0 Splash Screen com.newland.template}: Setting back callback OnBackInvokedCallbackInfo{mCallback=android.window.IOnBackInvokedCallback$Stub$Proxy@1156b6d, mPriority=0}
2026-03-27 23:20:12.614 1034-1055 PowerHalWrapper system_server I amsBoostProcessCreate package:com.newland.template
2026-03-27 23:20:12.616 1034-1062 ziparchive system_server W Unable to open '/data/app/~~PXIKEVOO8G7lk1eZHgFktw==/com.newland.template-BV0x_iAl5lK1xf2BjN62eA==/base.dm': No such file or directory
2026-03-27 23:20:12.617 1034-1062 DexOptExtImpl system_server D com.newland.template reason is 1 abi is armeabi-v7a
2026-03-27 23:20:12.621 1034-4748 PowerHalWrapper system_server I amsBoostNotify pid:1798,activity:com.morefun.launcher.activity.LauncherActivity, package:com.morefun.launcher, mProcessCreatePackcom.newland.template
2026-03-27 23:20:12.635 483-583 BufferQueueDebug surfaceflinger I [Splash Screen com.newland.template#1818](this:0xac348ce4,id:-1,api:0,p:-1,c:-1) BufferQueue core=(483:/system/bin/surfaceflinger)
2026-03-27 23:20:12.652 1034-1066 ActivityManager system_server E [pisces]Permission file(/mfisv/data/perm/com.newland.template.perm) is not found.
2026-03-27 23:20:12.652 1034-1066 ActivityManager system_server I Start proc 5399:com.newland.template/u0a110 for next-top-activity {com.newland.template/acquire.app.MainActivity}
2026-03-27 23:20:12.679 483-483 BufferStateLayer surfaceflinger D Splash Screen com.newland.template#1818 setBuffer frameId=1, bufferId=5355824218650 fenceId=182, w= 720, h=1600
2026-03-27 23:20:12.805 1034-4748 PowerHalWrapper system_server I amsBoostNotify pid:5399,activity:acquire.app.MainActivity, package:com.newland.template, mProcessCreatePackcom.newland.template
2026-03-27 23:20:12.805 1034-4748 mtkpower_client system_server I [Legacy][PowerHal_Wrap_notifyAppState] com.newland.template/acquire.app.MainActivity pid=5399 state:1
2026-03-27 23:20:12.806 1034-4748 game_scn system_server I collectForegroundAppList packName=com.newland.template, actName=acquire.app.MainActivity, pid=5399, uid=10110, state:RESUMED
2026-03-27 23:20:12.806 1034-4748 game_scn system_server I powerNotifyForegroundApp multi_resumed_app_info: pid: 5399, packname: com.newland.template, actname: acquire.app.MainActivity
2026-03-27 23:20:12.806 472-556 libPowerHal ven...hardware.mtkpower@1.0-service I [perfNotifyAppState] pack:com.newland.template, act:acquire.app.MainActivity, state:1, pid:5399, uid:10110, fps:60
2026-03-27 23:20:12.806 472-556 libPowerHal ven...hardware.mtkpower@1.0-service I [perfNotifyAppState] foreground:com.newland.template, pid:5399, uid:10110
2026-03-27 23:20:12.807 472-502 mtkpower@impl ven...hardware.mtkpower@1.0-service I [notifyAppState] pc:1, com.morefun.launcher => com.newland.template
2026-03-27 23:20:12.817 5399-5399 Compatibil...geReporter com.newland.template D Compat change id reported: 171979766; UID 10110; state: ENABLED
2026-03-27 23:20:12.840 5399-5399 ziparchive com.newland.template W Unable to open '/data/app/~~PXIKEVOO8G7lk1eZHgFktw==/com.newland.template-BV0x_iAl5lK1xf2BjN62eA==/base.dm': No such file or directory
2026-03-27 23:20:12.840 5399-5399 ziparchive com.newland.template W Unable to open '/data/app/~~PXIKEVOO8G7lk1eZHgFktw==/com.newland.template-BV0x_iAl5lK1xf2BjN62eA==/base.dm': No such file or directory
2026-03-27 23:20:13.937 5399-5399 GraphicsEnvironment com.newland.template V ANGLE Developer option for 'com.newland.template' set to: 'default'
2026-03-27 23:20:13.938 5399-5399 GraphicsEnvironment com.newland.template V ANGLE GameManagerService for com.newland.template: false
2026-03-27 23:20:13.938 5399-5399 GraphicsEnvironment com.newland.template V Neither updatable production driver nor prerelease driver is supported.
2026-03-27 23:20:13.946 5399-5399 NetworkSecurityConfig com.newland.template D No Network Security Config specified, using platform default
2026-03-27 23:20:13.948 5399-5399 NetworkSecurityConfig com.newland.template D No Network Security Config specified, using platform default
2026-03-27 23:20:13.959 5399-5399 Compatibil...geReporter com.newland.template D Compat change id reported: 183155436; UID 10110; state: DISABLED
2026-03-27 23:20:14.035 5399-5423 bindDeviceService com.newland.template E ======bindService======
2026-03-27 23:20:14.041 5399-5422 bankdemoR3...nfig(L:43) com.newland.template I Check application parameters start.
2026-03-27 23:20:14.043 5399-5422 bankdemoR3...ean(L:209) com.newland.template D Preferences get->key:FIRST_RUN, value:true
2026-03-27 23:20:14.044 5399-5422 bankdemoR3...nfig(L:47) com.newland.template D App first run.
2026-03-27 23:20:14.060 5399-5422 bankdemoR3...rams(L:92) com.newland.template D Import params->key:BASE_MERCHANT_NAME, value:Demo Merchant
2026-03-27 23:20:14.062 5399-5422 bankdemoR3...rams(L:92) com.newland.template D Import params->key:BASE_TRACE_NO, value:000001
2026-03-27 23:20:14.063 5399-5422 bankdemoR3...rams(L:92) com.newland.template D Import params->key:BASE_MAX_REFUND_AMOUNT, value:1000000
2026-03-27 23:20:14.065 5399-5422 bankdemoR3...rams(L:92) com.newland.template D Import params->key:#BASE_CURRENCY_CODE, value:840
2026-03-27 23:20:14.066 5399-5422 bankdemoR3...rams(L:92) com.newland.template D Import params->key:#BASE_CURRENCY_CODE, value:356
2026-03-27 23:20:14.068 5399-5422 bankdemoR3...rams(L:92) com.newland.template D Import params->key:BASE_CURRENCY_CODE, value:784
2026-03-27 23:20:14.070 5399-5422 bankdemoR3...rams(L:92) com.newland.template D Import params->key:BASE_MAX_TRANS_COUNT, value:500
2026-03-27 23:20:14.071 5399-5422 bankdemoR3...rams(L:92) com.newland.template D Import params->key:PINPAD_MASTER_KEY_INDEX, value:0
2026-03-27 23:20:14.073 5399-5422 bankdemoR3...rams(L:92) com.newland.template D Import params->key:PINPAD_ALGORITHM_TYPE, value:0
2026-03-27 23:20:14.075 5399-5422 bankdemoR3...rams(L:92) com.newland.template D Import params->key:PINPAD_TIMEOUT, value:60
2026-03-27 23:20:14.076 5399-5422 bankdemoR3...rams(L:92) com.newland.template D Import params->key:EXTERNAL_PINPAD_YSDK, value:1
2026-03-27 23:20:14.078 5399-5422 bankdemoR3...rams(L:92) com.newland.template D Import params->key:EXTERNAL_PINPAD, value:0
2026-03-27 23:20:14.080 5399-5422 bankdemoR3...rams(L:92) com.newland.template D Import params->key:EXTERNAL_PINPAD_CONNECT_MODE, value:0
2026-03-27 23:20:14.081 5399-5422 bankdemoR3...rams(L:92) com.newland.template D Import params->key:PRINT_COUNT, value:2
2026-03-27 23:20:14.083 5399-5422 bankdemoR3...rams(L:92) com.newland.template D Import params->key:PRINT_EXTERNAL, value:0
2026-03-27 23:20:14.085 5399-5422 bankdemoR3...rams(L:92) com.newland.template D Import params->key:PRINT_EXTERNAL_CONNECT_MODE, value:1
2026-03-27 23:20:14.086 5399-5422 bankdemoR3...rams(L:92) com.newland.template D Import params->key:PRINT_EXTERNAL_SERIAL_BAUDRATE, value:115200
2026-03-27 23:20:14.088 5399-5422 bankdemoR3...rams(L:92) com.newland.template D Import params->key:PRINT_REMARKS, value:Thank you, Visit Again
2026-03-27 23:20:14.090 5399-5422 bankdemoR3...rams(L:92) com.newland.template D Import params->key:TRANS_SALE, value:1
2026-03-27 23:20:14.091 5399-5422 bankdemoR3...rams(L:92) com.newland.template D Import params->key:TRANS_VOID, value:1
2026-03-27 23:20:14.093 5399-5422 bankdemoR3...rams(L:92) com.newland.template D Import params->key:TRANS_REFUND, value:1
2026-03-27 23:20:14.095 5399-5422 bankdemoR3...rams(L:92) com.newland.template D Import params->key:TRANS_BALANCE, value:1
2026-03-27 23:20:14.097 5399-5422 bankdemoR3...rams(L:92) com.newland.template D Import params->key:TRANS_PREAUTH, value:1
2026-03-27 23:20:14.098 5399-5422 bankdemoR3...rams(L:92) com.newland.template D Import params->key:TRANS_MOBILE_PAY, value:1
2026-03-27 23:20:14.100 5399-5422 bankdemoR3...rams(L:92) com.newland.template D Import params->key:TRANS_INSTALLMENT, value:1
2026-03-27 23:20:14.102 5399-5422 bankdemoR3...rams(L:92) com.newland.template D Import params->key:COMM_USE_SSL, value:0
2026-03-27 23:20:14.104 5399-5422 bankdemoR3...rams(L:92) com.newland.template D Import params->key:COMM_TIMEOUT, value:60
2026-03-27 23:20:14.106 5399-5422 bankdemoR3...rams(L:92) com.newland.template D Import params->key:COMM_TPDU, value:6000782000
2026-03-27 23:20:14.107 5399-5422 bankdemoR3...rams(L:92) com.newland.template D Import params->key:COMM_SERVER_ADDRESS, value:40.120.104.51
2026-03-27 23:20:14.109 5399-5422 bankdemoR3...rams(L:92) com.newland.template D Import params->key:#COMM_SERVER_ADDRESS, value:78.47.213.209
2026-03-27 23:20:14.111 5399-5422 bankdemoR3...rams(L:92) com.newland.template D Import params->key:COMM_PORT, value:80
2026-03-27 23:20:14.112 5399-5422 bankdemoR3...rams(L:92) com.newland.template D Import params->key:#COMM_PORT, value:9103
2026-03-27 23:20:14.114 5399-5422 bankdemoR3...rams(L:92) com.newland.template D Import params->key:COMM_NII, value:782
2026-03-27 23:20:14.116 5399-5422 bankdemoR3...rams(L:92) com.newland.template D Import params->key:ELECSIGN_IS_SUPPORT, value:0
2026-03-27 23:20:14.118 5399-5422 bankdemoR3...rams(L:92) com.newland.template D Import params->key:SCAN_PRIORITY_SCANNER, value:1
2026-03-27 23:20:14.120 5399-5422 bankdemoR3...rams(L:92) com.newland.template D Import params->key:SCAN_EXTERN_CONNECT_MODE, value:0
2026-03-27 23:20:14.121 5399-5422 bankdemoR3...rams(L:92) com.newland.template D Import params->key:SCAN_EXTERN_USB_WAIT_TIME, value:300
2026-03-27 23:20:14.123 5399-5422 bankdemoR3...rams(L:92) com.newland.template D Import params->key:SCAN_EXTERN_SERIAL_BAUDRATE, value:115200
2026-03-27 23:20:14.125 5399-5422 bankdemoR3...rams(L:92) com.newland.template D Import params->key:PASSWORD_ADMIN, value:123456
2026-03-27 23:20:14.127 5399-5422 bankdemoR3...rams(L:92) com.newland.template D Import params->key:PASSWORD_SYSTEM_ADMIN, value:000000
2026-03-27 23:20:14.128 5399-5422 bankdemoR3...rams(L:92) com.newland.template D Import params->key:PASSWORD_SECURITY, value:888888
2026-03-27 23:20:14.130 5399-5422 bankdemoR3...rams(L:92) com.newland.template D Import params->key:TOMS_FLY_PARAMETERS, value:0
2026-03-27 23:20:14.132 5399-5422 bankdemoR3...rams(L:92) com.newland.template D Import params->key:TOMS_FLY_RECEIPT, value:0
2026-03-27 23:20:14.133 5399-5422 bankdemoR3...rams(L:92) com.newland.template D Import params->key:NFC_RECEIPT, value:0
2026-03-27 23:20:14.135 5399-5422 bankdemoR3...rams(L:92) com.newland.template D Import params->key:OTHER_TIP_INPUT, value:0
2026-03-27 23:20:14.137 5399-5422 bankdemoR3...rams(L:92) com.newland.template D Import params->key:OTHER_THRID_BILL_SHOW, value:0
2026-03-27 23:20:14.139 5399-5422 bankdemoR3...rams(L:92) com.newland.template D Import params->key:OTHER_VOID_CARD, value:0
2026-03-27 23:20:14.141 5399-5422 bankdemoR3...rams(L:92) com.newland.template D Import params->key:OTHER_VOID_PIN, value:0
2026-03-27 23:20:14.142 5399-5422 bankdemoR3...rams(L:92) com.newland.template D Import params->key:CHIP_MSR_FALLBACK, value:0
2026-03-27 23:20:14.144 5399-5422 bankdemoR3...rams(L:92) com.newland.template D Import params->key:CHIP_MSR_SCHEME_FALLBACK, value:1
2026-03-27 23:20:14.146 5399-5422 bankdemoR3...rams(L:92) com.newland.template D Import params->key:CHIP_MSR_TECH_FALLBACK, value:1
2026-03-27 23:20:14.148 5399-5422 bankdemoR3...rams(L:92) com.newland.template D Import params->key:PIN_FOR_MANUAL, value:0
2026-03-27 23:20:14.150 5399-5422 bankdemoR3...rams(L:92) com.newland.template D Import params->key:QR_SERVER_ADDRESS, value:demo.ctrmv.com
2026-03-27 23:20:14.151 5399-5422 bankdemoR3...rams(L:92) com.newland.template D Import params->key:QR_SERVER_PORT, value:4001
2026-03-27 23:20:14.153 5399-5422 bankdemoR3...rams(L:92) com.newland.template D Import params->key:QR_API_ENDPOINT, value:/api/Iotmsgtest/createQrMf
2026-03-27 23:20:14.155 5399-5422 bankdemoR3...rams(L:92) com.newland.template D Import params->key:MQTT_BROKER_ADDRESS, value:demo.ctrmv.com
2026-03-27 23:20:14.156 5399-5422 bankdemoR3...rams(L:92) com.newland.template D Import params->key:MQTT_BROKER_PORT, value:1883
2026-03-27 23:20:14.158 5399-5422 bankdemoR3...rams(L:92) com.newland.template D Import params->key:TTQ_CTLS, value:3680C000
2026-03-27 23:20:14.171 5399-5399 AppCompatDelegate com.newland.template D Checking for metadata for AppLocalesMetadataHolderService : Service not found
2026-03-27 23:20:14.239 5399-5399 bankdemoR3...ated(L:40) com.newland.template D add Activity:acquire.app.MainActivity@14e39a4
2026-03-27 23:20:14.315 5399-5399 ewland.template com.newland.template W Accessing hidden method Landroid/view/View;->computeFitSystemWindows(Landroid/graphics/Rect;Landroid/graphics/Rect;)Z (unsupported, reflection, allowed)
2026-03-27 23:20:14.316 5399-5399 ewland.template com.newland.template W Accessing hidden method Landroid/view/ViewGroup;->makeOptionalFitsSystemWindows()V (unsupported, reflection, allowed)
2026-03-27 23:20:14.339 5399-5399 bankdemoR3...ent(L:167) com.newland.template D add acquire.app.fragment.splash.SplashFragment
2026-03-27 23:20:14.347 5399-5399 bankdemoR3...ach(L:114) com.newland.template V SplashFragment{9700be6}->onAttach
2026-03-27 23:20:14.392 5399-5399 bankdemoR3...eate(L:23) com.newland.template V SplashFragment{9700be6}->onCreate
2026-03-27 23:20:14.393 5399-5399 bankdemoR3...Show(L:85) com.newland.template V SplashFragment{9700be6}->onFragmentShow
2026-03-27 23:20:14.397 5399-5399 bankdemoR3...eate(L:23) com.newland.template V MainActivity{14e39a4}->onCreate
2026-03-27 23:20:14.408 5399-5422 bankdemoR3...nts(L:220) com.newland.template D Import merchant->Merchant{mid='123456789012345', tid='12345671', cardOrg='DEFAULT', batchNo='000001'}
2026-03-27 23:20:14.439 5399-5422 bankdemoR3...nts(L:220) com.newland.template D Import merchant->Merchant{mid='123456789012345', tid='12345672', cardOrg='CUP', batchNo='000001'}
2026-03-27 23:20:14.447 5399-5422 bankdemoR3...nts(L:220) com.newland.template D Import merchant->Merchant{mid='9765991682', tid='8900901', cardOrg='AMEX', batchNo='000001'}
2026-03-27 23:20:14.448 5399-5399 Compatibil...geReporter com.newland.template D Compat change id reported: 210923482; UID 10110; state: DISABLED
2026-03-27 23:20:14.449 5399-5399 Compatibil...geReporter com.newland.template D Compat change id reported: 37756858; UID 10110; state: ENABLED
2026-03-27 23:20:14.456 5399-5422 bankdemoR3...nts(L:220) com.newland.template D Import merchant->Merchant{mid='123456789012345', tid='12345674', cardOrg='MASTER CARD', batchNo='000001'}
2026-03-27 23:20:14.465 5399-5422 bankdemoR3...ean(L:181) com.newland.template D Preferences set->key:FIRST_RUN, value:false
2026-03-27 23:20:14.473 5399-5422 bankdemoR3...nfig(L:53) com.newland.template I App first over.
2026-03-27 23:20:14.474 5399-5422 bankdemoR3...ing(L:152) com.newland.template D Preferences get->key:QR_SERVER_ADDRESS, value:demo.ctrmv.com
2026-03-27 23:20:14.475 5399-5422 bankdemoR3...ing(L:152) com.newland.template D Preferences get->key:QR_SERVER_PORT, value:4001
2026-03-27 23:20:14.476 5399-5422 bankdemoR3...ing(L:152) com.newland.template D Preferences get->key:QR_API_ENDPOINT, value:/api/Iotmsgtest/createQrMf
2026-03-27 23:20:14.476 5399-5422 bankdemoR3...ing(L:152) com.newland.template D Preferences get->key:MQTT_BROKER_ADDRESS, value:demo.ctrmv.com
2026-03-27 23:20:14.477 5399-5422 bankdemoR3...ing(L:152) com.newland.template D Preferences get->key:MQTT_BROKER_PORT, value:1883
2026-03-27 23:20:14.478 5399-5422 bankdemoR3...nfig(L:64) com.newland.template D init 8583.xml
2026-03-27 23:20:14.482 5399-5422 bankdemoR3...File(L:62) com.newland.template D start to parse ISO8583 configuration xml.
2026-03-27 23:20:14.483 5399-5399 bankdemoR3...ted(L:158) com.newland.template V SplashFragment{9700be6}->onViewCreated
2026-03-27 23:20:14.495 5399-5422 bankdemoR3...File(L:80) com.newland.template D BITMAP >> IsoFormat{maxLen=8, type=2, lengthVar=false, alignRight=false, fill='0'}
2026-03-27 23:20:14.497 5399-5422 bankdemoR3...File(L:96) com.newland.template D FIELD000 >> IsoFormat{maxLen=4, type=1, lengthVar=false, alignRight=true, fill='0'}
2026-03-27 23:20:14.498 5399-5422 bankdemoR3...File(L:96) com.newland.template D FIELD001 >> IsoFormat{maxLen=8, type=2, lengthVar=false, alignRight=false, fill='0'}
2026-03-27 23:20:14.499 5399-5422 bankdemoR3...File(L:96) com.newland.template D FIELD002 >> IsoFormat{maxLen=99, type=1, lengthVar=true, alignRight=false, fill='0'}
2026-03-27 23:20:14.501 5399-5422 bankdemoR3...File(L:96) com.newland.template D FIELD003 >> IsoFormat{maxLen=6, type=1, lengthVar=false, alignRight=true, fill='0'}
2026-03-27 23:20:14.501 5399-5399 OnBackInvokedCallback com.newland.template W OnBackInvokedCallback is not enabled for the application. Set 'android:enableOnBackInvokedCallback="true"' in the application manifest.
2026-03-27 23:20:14.502 5399-5422 bankdemoR3...File(L:96) com.newland.template D FIELD004 >> IsoFormat{maxLen=12, type=1, lengthVar=false, alignRight=true, fill='0'}
2026-03-27 23:20:14.503 5399-5399 bankdemoR3...tart(L:27) com.newland.template V SplashFragment{9700be6}->onStart
2026-03-27 23:20:14.503 5399-5422 bankdemoR3...File(L:96) com.newland.template D FIELD005 >> IsoFormat{maxLen=99, type=0, lengthVar=true, alignRight=false, fill=' '}
2026-03-27 23:20:14.504 5399-5422 bankdemoR3...File(L:96) com.newland.template D FIELD006 >> IsoFormat{maxLen=99, type=0, lengthVar=true, alignRight=false, fill=' '}
2026-03-27 23:20:14.506 5399-5422 bankdemoR3...File(L:96) com.newland.template D FIELD007 >> IsoFormat{maxLen=99, type=0, lengthVar=true, alignRight=false, fill=' '}
2026-03-27 23:20:14.507 5399-5422 bankdemoR3...File(L:96) com.newland.template D FIELD008 >> IsoFormat{maxLen=99, type=0, lengthVar=true, alignRight=false, fill=' '}
2026-03-27 23:20:14.508 5399-5422 bankdemoR3...File(L:96) com.newland.template D FIELD009 >> IsoFormat{maxLen=99, type=0, lengthVar=true, alignRight=false, fill=' '}
2026-03-27 23:20:14.508 5399-5399 bankdemoR3...tart(L:27) com.newland.template V MainActivity{14e39a4}->onStart
2026-03-27 23:20:14.509 5399-5422 bankdemoR3...File(L:96) com.newland.template D FIELD010 >> IsoFormat{maxLen=99, type=0, lengthVar=true, alignRight=false, fill=' '}
2026-03-27 23:20:14.511 5399-5422 bankdemoR3...File(L:96) com.newland.template D FIELD011 >> IsoFormat{maxLen=6, type=1, lengthVar=false, alignRight=true, fill='0'}
2026-03-27 23:20:14.512 5399-5399 bankdemoR3...sume(L:31) com.newland.template V SplashFragment{9700be6}->onResume
2026-03-27 23:20:14.512 5399-5422 bankdemoR3...File(L:96) com.newland.template D FIELD012 >> IsoFormat{maxLen=6, type=1, lengthVar=false, alignRight=true, fill='0'}
2026-03-27 23:20:14.513 5399-5422 bankdemoR3...File(L:96) com.newland.template D FIELD013 >> IsoFormat{maxLen=4, type=1, lengthVar=false, alignRight=true, fill='0'}
2026-03-27 23:20:14.514 5399-5422 bankdemoR3...File(L:96) com.newland.template D FIELD014 >> IsoFormat{maxLen=4, type=1, lengthVar=false, alignRight=true, fill='0'}
2026-03-27 23:20:14.515 5399-5399 bankdemoR3...sume(L:31) com.newland.template V MainActivity{14e39a4}->onResume
2026-03-27 23:20:14.515 5399-5422 bankdemoR3...File(L:96) com.newland.template D FIELD015 >> IsoFormat{maxLen=4, type=1, lengthVar=false, alignRight=true, fill='0'}
2026-03-27 23:20:14.517 5399-5422 bankdemoR3...File(L:96) com.newland.template D FIELD016 >> IsoFormat{maxLen=99, type=0, lengthVar=true, alignRight=false, fill=' '}
2026-03-27 23:20:14.518 5399-5422 bankdemoR3...File(L:96) com.newland.template D FIELD017 >> IsoFormat{maxLen=99, type=0, lengthVar=true, alignRight=false, fill=' '}
2026-03-27 23:20:14.519 5399-5422 bankdemoR3...File(L:96) com.newland.template D FIELD018 >> IsoFormat{maxLen=99, type=0, lengthVar=true, alignRight=false, fill=' '}
2026-03-27 23:20:14.521 5399-5422 bankdemoR3...File(L:96) com.newland.template D FIELD019 >> IsoFormat{maxLen=99, type=0, lengthVar=true, alignRight=false, fill=' '}
2026-03-27 23:20:14.523 5399-5422 bankdemoR3...File(L:96) com.newland.template D FIELD020 >> IsoFormat{maxLen=99, type=0, lengthVar=true, alignRight=false, fill=' '}
2026-03-27 23:20:14.524 5399-5422 bankdemoR3...File(L:96) com.newland.template D FIELD021 >> IsoFormat{maxLen=99, type=0, lengthVar=true, alignRight=false, fill=' '}
2026-03-27 23:20:14.525 5399-5422 bankdemoR3...File(L:96) com.newland.template D FIELD022 >> IsoFormat{maxLen=3, type=1, lengthVar=false, alignRight=true, fill='0'}
2026-03-27 23:20:14.525 5399-5399 MSYNC3-Var...efreshRate com.newland.template I Variable refreshrate is disabled
2026-03-27 23:20:14.526 5399-5422 bankdemoR3...File(L:96) com.newland.template D FIELD023 >> IsoFormat{maxLen=3, type=1, lengthVar=false, alignRight=true, fill='0'}
2026-03-27 23:20:14.528 5399-5422 bankdemoR3...File(L:96) com.newland.template D FIELD024 >> IsoFormat{maxLen=3, type=1, lengthVar=false, alignRight=true, fill='0'}
2026-03-27 23:20:14.530 5399-5422 bankdemoR3...File(L:96) com.newland.template D FIELD025 >> IsoFormat{maxLen=2, type=1, lengthVar=false, alignRight=true, fill='0'}
2026-03-27 23:20:14.531 5399-5422 bankdemoR3...File(L:96) com.newland.template D FIELD026 >> IsoFormat{maxLen=2, type=1, lengthVar=false, alignRight=true, fill='0'}
2026-03-27 23:20:14.532 5399-5399 SurfaceFactory com.newland.template I [static] sSurfaceFactory = com.mediatek.view.impl.SurfaceFactoryImpl@48f5518
2026-03-27 23:20:14.533 5399-5422 bankdemoR3...File(L:96) com.newland.template D FIELD027 >> IsoFormat{maxLen=99, type=0, lengthVar=true, alignRight=false, fill=' '}
2026-03-27 23:20:14.534 483-583 SurfaceFlinger surfaceflinger D [SF client] NEW(0xac3498a0) for (5399:com.newland.template)
2026-03-27 23:20:14.534 5399-5422 bankdemoR3...File(L:96) com.newland.template D FIELD028 >> IsoFormat{maxLen=99, type=0, lengthVar=true, alignRight=false, fill=' '}
2026-03-27 23:20:14.535 5399-5431 PowerHalWrapper com.newland.template I PowerHalWrapper.getInstance
2026-03-27 23:20:14.536 5399-5422 bankdemoR3...File(L:96) com.newland.template D FIELD029 >> IsoFormat{maxLen=99, type=0, lengthVar=true, alignRight=false, fill=' '}
2026-03-27 23:20:14.537 5399-5422 bankdemoR3...File(L:96) com.newland.template D FIELD030 >> IsoFormat{maxLen=99, type=0, lengthVar=true, alignRight=false, fill=' '}
2026-03-27 23:20:14.538 5399-5422 bankdemoR3...File(L:96) com.newland.template D FIELD031 >> IsoFormat{maxLen=99, type=0, lengthVar=true, alignRight=false, fill=' '}
2026-03-27 23:20:14.539 5399-5422 bankdemoR3...File(L:96) com.newland.template D FIELD032 >> IsoFormat{maxLen=99, type=1, lengthVar=true, alignRight=false, fill='0'}
2026-03-27 23:20:14.540 5399-5422 bankdemoR3...File(L:96) com.newland.template D FIELD033 >> IsoFormat{maxLen=99, type=0, lengthVar=true, alignRight=false, fill=' '}
2026-03-27 23:20:14.542 5399-5422 bankdemoR3...File(L:96) com.newland.template D FIELD034 >> IsoFormat{maxLen=99, type=0, lengthVar=true, alignRight=false, fill=' '}
2026-03-27 23:20:14.543 5399-5422 bankdemoR3...File(L:96) com.newland.template D FIELD035 >> IsoFormat{maxLen=99, type=1, lengthVar=true, alignRight=false, fill='0'}
2026-03-27 23:20:14.544 5399-5422 bankdemoR3...File(L:96) com.newland.template D FIELD036 >> IsoFormat{maxLen=999, type=1, lengthVar=true, alignRight=false, fill='0'}
2026-03-27 23:20:14.545 5399-5422 bankdemoR3...File(L:96) com.newland.template D FIELD037 >> IsoFormat{maxLen=12, type=0, lengthVar=false, alignRight=false, fill=' '}
2026-03-27 23:20:14.547 5399-5422 bankdemoR3...File(L:96) com.newland.template D FIELD038 >> IsoFormat{maxLen=6, type=0, lengthVar=false, alignRight=false, fill=' '}
2026-03-27 23:20:14.548 5399-5399 VRI[MainActivity] com.newland.template D hardware acceleration = true, forceHwAccelerated = false
2026-03-27 23:20:14.548 5399-5422 bankdemoR3...File(L:96) com.newland.template D FIELD039 >> IsoFormat{maxLen=2, type=0, lengthVar=false, alignRight=false, fill=' '}
2026-03-27 23:20:14.549 5399-5422 bankdemoR3...File(L:96) com.newland.template D FIELD040 >> IsoFormat{maxLen=99, type=0, lengthVar=true, alignRight=false, fill=' '}
2026-03-27 23:20:14.551 5399-5422 bankdemoR3...File(L:96) com.newland.template D FIELD041 >> IsoFormat{maxLen=8, type=0, lengthVar=false, alignRight=false, fill=' '}
2026-03-27 23:20:14.552 5399-5422 bankdemoR3...File(L:96) com.newland.template D FIELD042 >> IsoFormat{maxLen=15, type=0, lengthVar=false, alignRight=false, fill=' '}
2026-03-27 23:20:14.554 5399-5422 bankdemoR3...File(L:96) com.newland.template D FIELD043 >> IsoFormat{maxLen=40, type=0, lengthVar=false, alignRight=false, fill=' '}
2026-03-27 23:20:14.555 5399-5422 bankdemoR3...File(L:96) com.newland.template D FIELD044 >> IsoFormat{maxLen=999, type=1, lengthVar=true, alignRight=true, fill='0'}
2026-03-27 23:20:14.556 5399-5422 bankdemoR3...File(L:96) com.newland.template D FIELD045 >> IsoFormat{maxLen=99, type=0, lengthVar=true, alignRight=false, fill=' '}
2026-03-27 23:20:14.557 5399-5422 bankdemoR3...File(L:96) com.newland.template D FIELD046 >> IsoFormat{maxLen=99, type=0, lengthVar=true, alignRight=false, fill=' '}
2026-03-27 23:20:14.558 1034-1527 CoreBackPreview system_server D Window{f38b849 u0 com.newland.template/acquire.app.MainActivity}: Setting back callback OnBackInvokedCallbackInfo{mCallback=android.window.IOnBackInvokedCallback$Stub$Proxy@12d966f, mPriority=0}
2026-03-27 23:20:14.559 5399-5422 bankdemoR3...File(L:96) com.newland.template D FIELD047 >> IsoFormat{maxLen=999, type=0, lengthVar=true, alignRight=true, fill='0'}
2026-03-27 23:20:14.560 5399-5422 bankdemoR3...File(L:96) com.newland.template D FIELD048 >> IsoFormat{maxLen=999, type=1, lengthVar=true, alignRight=false, fill='0'}
2026-03-27 23:20:14.561 5399-5399 InputTransport com.newland.template D Create ARC handle: 0xaffc34d0
2026-03-27 23:20:14.562 5399-5422 bankdemoR3...File(L:96) com.newland.template D FIELD049 >> IsoFormat{maxLen=3, type=0, lengthVar=false, alignRight=false, fill=' '}
2026-03-27 23:20:14.564 5399-5422 bankdemoR3...File(L:96) com.newland.template D FIELD050 >> IsoFormat{maxLen=99, type=0, lengthVar=true, alignRight=false, fill=' '}
2026-03-27 23:20:14.566 5399-5422 bankdemoR3...File(L:96) com.newland.template D FIELD051 >> IsoFormat{maxLen=99, type=0, lengthVar=true, alignRight=false, fill=' '}
2026-03-27 23:20:14.567 5399-5422 bankdemoR3...File(L:96) com.newland.template D FIELD052 >> IsoFormat{maxLen=8, type=2, lengthVar=false, alignRight=false, fill=' '}
2026-03-27 23:20:14.568 5399-5399 Choreographer com.newland.template I Skipped 31 frames! The application may be doing too much work on its main thread.
2026-03-27 23:20:14.568 5399-5422 bankdemoR3...File(L:96) com.newland.template D FIELD053 >> IsoFormat{maxLen=16, type=1, lengthVar=false, alignRight=true, fill='0'}
2026-03-27 23:20:14.570 5399-5422 bankdemoR3...File(L:96) com.newland.template D FIELD054 >> IsoFormat{maxLen=999, type=1, lengthVar=true, alignRight=true, fill='0'}
2026-03-27 23:20:14.571 5399-5422 bankdemoR3...File(L:96) com.newland.template D FIELD055 >> IsoFormat{maxLen=999, type=2, lengthVar=true, alignRight=true, fill='0'}
2026-03-27 23:20:14.573 5399-5422 bankdemoR3...File(L:96) com.newland.template D FIELD056 >> IsoFormat{maxLen=99, type=0, lengthVar=true, alignRight=false, fill=' '}
2026-03-27 23:20:14.574 5399-5422 bankdemoR3...File(L:96) com.newland.template D FIELD057 >> IsoFormat{maxLen=999, type=2, lengthVar=true, alignRight=false, fill='0'}
2026-03-27 23:20:14.575 5399-5422 bankdemoR3...File(L:96) com.newland.template D FIELD058 >> IsoFormat{maxLen=4999, type=0, lengthVar=true, alignRight=false, fill='0'}
2026-03-27 23:20:14.577 5399-5422 bankdemoR3...File(L:96) com.newland.template D FIELD059 >> IsoFormat{maxLen=999, type=1, lengthVar=true, alignRight=false, fill='0'}
2026-03-27 23:20:14.578 5399-5422 bankdemoR3...File(L:96) com.newland.template D FIELD060 >> IsoFormat{maxLen=999, type=1, lengthVar=true, alignRight=false, fill='0'}
2026-03-27 23:20:14.579 5399-5422 bankdemoR3...File(L:96) com.newland.template D FIELD061 >> IsoFormat{maxLen=999, type=1, lengthVar=true, alignRight=false, fill='0'}
2026-03-27 23:20:14.581 5399-5422 bankdemoR3...File(L:96) com.newland.template D FIELD062 >> IsoFormat{maxLen=999, type=0, lengthVar=true, alignRight=false, fill=' '}
2026-03-27 23:20:14.583 5399-5422 bankdemoR3...File(L:96) com.newland.template D FIELD063 >> IsoFormat{maxLen=4999, type=0, lengthVar=true, alignRight=false, fill=' '}
2026-03-27 23:20:14.584 5399-5422 bankdemoR3...File(L:96) com.newland.template D FIELD064 >> IsoFormat{maxLen=8, type=2, lengthVar=false, alignRight=false, fill='0'}
2026-03-27 23:20:14.596 5399-5422 bankdemoR3...File(L:96) com.newland.template D FIELD128 >> IsoFormat{maxLen=8, type=2, lengthVar=false, alignRight=false, fill='0'}
2026-03-27 23:20:14.597 5399-5422 bankdemoR3...nfig(L:72) com.newland.template D init sound resource
2026-03-27 23:20:14.598 483-1651 BufferQueueDebug surfaceflinger I [com.newland.template/acquire.app.MainActivity#1823](this:0xac0e4ce4,id:-1,api:0,p:-1,c:-1) BufferQueue core=(483:/system/bin/surfaceflinger)
2026-03-27 23:20:14.601 1034-1527 WindowManager system_server W Changing focus from null to Window{f38b849 u0 com.newland.template/acquire.app.MainActivity} displayId=0 Callers=com.android.server.wm.RootWindowContainer.updateFocusedWindowLocked:485 com.android.server.wm.WindowManagerService.updateFocusedWindowLocked:6062 com.android.server.wm.WindowManagerService.relayoutWindow:2496 com.android.server.wm.Session.relayout:267
2026-03-27 23:20:14.605 1034-1527 WindowManager system_server I Relayout Window{f38b849 u0 com.newland.template/acquire.app.MainActivity}: oldVis=4 newVis=0 focusMayChange = true requestedWidth = 720 requestedHeight = 1600 outFrames = ClientWindowFrames{frame=[0,0][720,1600] display=[0,0][720,1600] parentFrame=[0,0][0,0] parentClippedByDisplayCutout=false} outSurfaceControl = Surface(name=com.newland.template/acquire.app.MainActivity)/@0x8a5a768
2026-03-27 23:20:14.609 5399-5399 BufferQueueConsumer com.newland.template D [](id:151700000000,api:0,p:-1,c:5399) connect: controlledByApp=false
2026-03-27 23:20:14.610 5399-5422 bankdemoR3...nfig(L:74) com.newland.template I Check application parameters over.
2026-03-27 23:20:14.611 5399-5422 bankdemoR3...vice(L:81) com.newland.template I Check device start.
2026-03-27 23:20:14.613 5399-5422 bankdemoR3...vice(L:82) com.newland.template D Version name: 3.8
2026-03-27 23:20:14.617 5399-5399 FBI com.newland.template E Can't load library: dlopen failed: library "libmagtsync.so" not found
2026-03-27 23:20:14.617 5399-5422 bankdemoR3...init(L:58) com.newland.template D [NSDK ServiceHelper]--NSDK init start.
2026-03-27 23:20:14.622 5399-5433 MediaCodec com.newland.template D CreateByType: pid -1(5399)
2026-03-27 23:20:14.622 5399-5433 MediaCodec com.newland.template D CreateByType: mime audio/mpeg, encoder 0 pid -1
2026-03-27 23:20:14.624 5399-5433 MediaCodecList com.newland.template D codecHandlesFormat: no format, so no extra checks
2026-03-27 23:20:14.625 5399-5433 MediaCodecList com.newland.template D codecHandlesFormat: no format, so no extra checks
2026-03-27 23:20:14.626 5399-5433 MediaCodecList com.newland.template D codecHandlesFormat: no format, so no extra checks
2026-03-27 23:20:14.626 5399-5433 MediaCodecList com.newland.template D codecHandlesFormat: no format, so no extra checks
2026-03-27 23:20:14.628 5399-5433 CCodecBufferChannel com.newland.template D mBufferCountDebug=0 mIsUserLoad=1
2026-03-27 23:20:14.629 5399-5433 MediaCodec com.newland.template D [0xb1e2a400] init: CCodec 0xb00c04c0, CCodecBufferChannel 0xb00c1c00
2026-03-27 23:20:14.631 5399-5434 MediaCodec com.newland.template D [0xb1e2a400] setState: 1
2026-03-27 23:20:14.631 5399-5434 CCodec com.newland.template D allocate(c2.mtk.mp3.decoder)
2026-03-27 23:20:14.635 5399-5434 Codec2Client com.newland.template I Available Codec2 services: "default" "software"
2026-03-27 23:20:14.639 5399-5434 CCodec com.newland.template I setting up 'default' as default (vendor) store
2026-03-27 23:20:14.652 5399-5434 CCodec com.newland.template I Created component [c2.mtk.mp3.decoder]
2026-03-27 23:20:14.652 5399-5434 CCodecBufferChannel com.newland.template D [0xb00c1c00] setComponent: mName c2.mtk.mp3.decoder#966, mPipelineWatcher 0xb00c1db0
2026-03-27 23:20:14.652 5399-5434 CCodecBufferChannel com.newland.template D PipelineWatcher debug info [c2.mtk.mp3.decoder#966] enable=0
2026-03-27 23:20:14.652 5399-5422 bankdemoR3...init(L:64) com.newland.template E [NSDK ServiceHelper]--NSDK init failed. (Fix with AI) java.lang.RuntimeException: Stub!
at android.newland.BootProvider.(BootProvider.java:1)
at com.newland.nsdk.core.internal.e.a.(BootProviderImpl.java:3)
at com.newland.nsdk.core.internal.e.a.a(BootProviderImpl.java:4)
at com.newland.nsdk.core.internal.NSDKModuleManagerImpl.init(NSDKModuleManagerImpl.java:3)
at acquire.sdk.ServiceHelper.init(ServiceHelper.java:60)
at acquire.core.tools.SelfCheckHelper.initDevice(SelfCheckHelper.java:85) at acquire.app.MainActivity.lambda$onCreate$0$acquire-app-MainActivity(MainActivity.java:49)
at acquire.app.MainActivity$$ExternalSyntheticLambda0.run(Unknown Source:2)
at java.util.concurrent.ThreadPoolExecutor.runWorker(ThreadPoolExecutor.java:1137)
at java.util.concurrent.ThreadPoolExecutor$Worker.run(ThreadPoolExecutor.java:637)
at java.lang.Thread.run(Thread.java:1012)
2026-03-27 23:20:14.653 5399-5434 CCodecConfig com.newland.template D read media type: audio/mpeg
2026-03-27 23:20:14.653 5399-5422 bankdemoR3...ean(L:209) com.newland.template D Preferences get->key:EXTERNAL_PINPAD, value:***REDACTED***
2026-03-27 23:20:14.654 5399-5424 skia com.newland.template D GrGLMakeAssembledInterface verStr OpenGL ES 3.2 build 1.15@6070602
2026-03-27 23:20:14.656 5399-5424 skia com.newland.template D GrGLMakeAssembledGLESInterface verStr OpenGL ES 3.2 build 1.15@6070602
2026-03-27 23:20:14.656 5399-5424 skia com.newland.template D extensions init verString=OpenGL ES 3.2 build 1.15@6070602
2026-03-27 23:20:14.656 5399-5422 bankdemoR3...tton(L:41) com.newland.template E SettingsManager is null.
2026-03-27 23:20:14.657 5399-5422 bankdemoR3...tton(L:63) com.newland.template E SettingsManager is null.
2026-03-27 23:20:14.658 5399-5434 ReflectedParamUpdater com.newland.template D extent() != 1 for single value type: algo.buffers.max-count.values
2026-03-27 23:20:14.659 5399-5434 ReflectedParamUpdater com.newland.template D extent() != 1 for single value type: output.subscribed-indices.values
2026-03-27 23:20:14.659 5399-5434 ReflectedParamUpdater com.newland.template D extent() != 1 for single value type: input.buffers.allocator-ids.values
2026-03-27 23:20:14.659 5399-5434 ReflectedParamUpdater com.newland.template D extent() != 1 for single value type: output.buffers.allocator-ids.values
2026-03-27 23:20:14.660 5399-5434 ReflectedParamUpdater com.newland.template D extent() != 1 for single value type: algo.buffers.allocator-ids.values
2026-03-27 23:20:14.660 5399-5434 ReflectedParamUpdater com.newland.template D extent() != 1 for single value type: output.buffers.pool-ids.values
2026-03-27 23:20:14.661 5399-5434 ReflectedParamUpdater com.newland.template D extent() != 1 for single value type: algo.buffers.pool-ids.values
2026-03-27 23:20:14.664 5399-5434 CCodecConfig com.newland.template I query failed after returning 7 values (BAD_INDEX)
2026-03-27 23:20:14.665 5399-5434 CCodecConfig com.newland.template D c2 config diff is Dict { c2::u32 coded.bitrate.value = 64000 c2::u32 input.buffers.max-size.value = 65536 c2::u32 input.delay.value = 0 string input.media-type.value = "audio/mpeg" string output.media-type.value = "audio/raw" c2::u32 raw.channel-count.value = 2 c2::u32 raw.sample-rate.value = 44100 }
2026-03-27 23:20:14.667 5399-5434 MediaCodec com.newland.template D [0xb1e2a400] setState: 2
2026-03-27 23:20:14.668 5399-5433 MediaCodec com.newland.template D [0xb1e2a400] [c2.mtk.mp3.decoder] configure
2026-03-27 23:20:14.668 5399-5434 MediaCodec com.newland.template D flushMediametrics
2026-03-27 23:20:14.669 5399-5434 MediaCodec com.newland.template D [0xb1e2a400] setState: 3
2026-03-27 23:20:14.670 5399-5434 CCodec com.newland.template D [c2.mtk.mp3.decoder] buffers are bound to CCodec for this session
2026-03-27 23:20:14.670 5399-5434 CCodecConfig com.newland.template D no c2 equivalents for durationUs
2026-03-27 23:20:14.670 5399-5434 CCodecConfig com.newland.template D no c2 equivalents for track-id
2026-03-27 23:20:14.670 5399-5434 CCodecConfig com.newland.template D no c2 equivalents for flags
2026-03-27 23:20:14.672 5399-5434 CCodecConfig com.newland.template D c2 config diff is c2::u32 coded.bitrate.value = 192000
2026-03-27 23:20:14.674 5399-5434 Codec2Client com.newland.template W query -- param skipped: index = 1107298332.
2026-03-27 23:20:14.674 5399-5434 CCodec com.newland.template D encoding statistics level = 0
2026-03-27 23:20:14.674 5399-5434 CCodec com.newland.template D setup formats input: AMessage(what = 0x00000000) = { int32_t bitrate = 192000 int32_t channel-count = 2 int32_t max-input-size = 65536 string mime = "audio/mpeg" int32_t sample-rate = 44100 }
2026-03-27 23:20:14.674 5399-5434 CCodec com.newland.template D setup formats output: AMessage(what = 0x00000000) = { int32_t channel-count = 2 string mime = "audio/raw" int32_t sample-rate = 44100 int32_t android._config-pcm-encoding = 2 }
2026-03-27 23:20:14.675 5399-5434 CCodecConfig com.newland.template I query failed after returning 7 values (BAD_INDEX)
2026-03-27 23:20:14.675 5399-5434 MediaCodec com.newland.template D [0xb1e2a400] setState: 4
2026-03-27 23:20:14.675 5399-5434 MediaCodec com.newland.template D [0xb1e2a400] setState: 5
2026-03-27 23:20:14.678 5399-5434 Codec2Client com.newland.template W query -- param skipped: index = 1342179345.
2026-03-27 23:20:14.678 5399-5434 Codec2Client com.newland.template W query -- param skipped: index = 2415921170.
2026-03-27 23:20:14.679 5399-5434 C2Store com.newland.template D Using ION
2026-03-27 23:20:14.681 5399-5434 CCodecBufferChannel com.newland.template D [c2.mtk.mp3.decoder#966] Created input block pool with allocatorID 16 => poolID 17 - OK (0)
2026-03-27 23:20:14.683 5399-5434 CCodecBufferChannel com.newland.template I [c2.mtk.mp3.decoder#966] Created output block pool with allocatorID 16 => poolID 37 - OK
2026-03-27 23:20:14.684 5399-5434 CCodecBufferChannel com.newland.template D [c2.mtk.mp3.decoder#966] Configured output block pool ids 37 => OK
2026-03-27 23:20:14.684 5399-5434 CCodecBufferChannel com.newland.template D [0xb00c1c00] [c2.mtk.mp3.decoder#966] start: output->outputDelay 0, output->numSlots 4
2026-03-27 23:20:14.684 5399-5434 CCodecBuffers com.newland.template D [c2.mtk.mp3.decoder#966:1D-Output.Impl[N]] converted 0 buffers to array mode of 4
2026-03-27 23:20:14.685 5399-5441 ion com.newland.template E ioctl c0044901 failed with code -1: Invalid argument
2026-03-27 23:20:14.685 5399-5434 ion com.newland.template E ioctl c0044901 failed with code -1: Invalid argument
2026-03-27 23:20:14.687 5399-5434 MediaCodec com.newland.template D [0xb1e2a400] setState: 6
2026-03-27 23:20:14.690 5399-5434 CCodecBuffers com.newland.template D [c2.mtk.mp3.decoder#966:1D-Input.Impl[N]] converted 4 buffers to array mode of 4
2026-03-27 23:20:14.702 5399-5434 PipelineWatcher com.newland.template D [0xb00c1db0] pipelineFull: too many frames in pipeline (4)
2026-03-27 23:20:14.730 5399-5434 CCodecBufferChannel com.newland.template D [c2.mtk.mp3.decoder#966] input EOS
2026-03-27 23:20:14.734 5399-5433 MediaCodec com.newland.template D [0xb1e2a400] [c2.mtk.mp3.decoder] stop
2026-03-27 23:20:14.734 5399-5434 MediaCodec com.newland.template D [0xb1e2a400] setState: 9
2026-03-27 23:20:14.735 5399-5434 CCodecBufferChannel com.newland.template D [c2.mtk.mp3.decoder#966] MediaCodec discarded an unknown buffer
2026-03-27 23:20:14.735 5399-5434 CCodecBufferChannel com.newland.template D [c2.mtk.mp3.decoder#966] MediaCodec discarded an unknown buffer
2026-03-27 23:20:14.736 5399-5434 MediaCodec com.newland.template D [0xb1e2a400] [c2.mtk.mp3.decoder] kWhatStopCompleted
2026-03-27 23:20:14.736 5399-5434 MediaCodec com.newland.template D [0xb1e2a400] setState: 2
2026-03-27 23:20:14.736 5399-5433 MediaCodec com.newland.template D [0xb1e2a400] [c2.mtk.mp3.decoder] release
2026-03-27 23:20:14.736 5399-5434 MediaCodec com.newland.template D [0xb1e2a400] setState: 10
2026-03-27 23:20:14.738 5399-5434 hw-BpHwBinder com.newland.template I onLastStrongRef automatically unlinking death recipients
2026-03-27 23:20:14.738 5399-5434 MediaCodec com.newland.template D [0xb1e2a400] [c2.mtk.mp3.decoder] kWhatReleaseCompleted
2026-03-27 23:20:14.738 5399-5434 MediaCodec com.newland.template D [0xb1e2a400] setState: 0
2026-03-27 23:20:14.739 5399-5433 MediaCodec com.newland.template D [0xb1e2a400] ~MediaCodec
2026-03-27 23:20:14.740 5399-5433 MediaCodec com.newland.template D flushMediametrics
2026-03-27 23:20:14.751 5399-5433 MediaCodec com.newland.template D CreateByType: pid -1(5399)
2026-03-27 23:20:14.751 5399-5433 MediaCodec com.newland.template D CreateByType: mime audio/vorbis, encoder 0 pid -1
2026-03-27 23:20:14.752 5399-5433 MediaCodecList com.newland.template D codecHandlesFormat: no format, so no extra checks
2026-03-27 23:20:14.752 5399-5433 MediaCodecList com.newland.template D codecHandlesFormat: no format, so no extra checks
2026-03-27 23:20:14.754 5399-5433 CCodecBufferChannel com.newland.template D mBufferCountDebug=0 mIsUserLoad=1
2026-03-27 23:20:14.754 5399-5433 MediaCodec com.newland.template D [0xb1e2a400] init: CCodec 0xb00c0600, CCodecBufferChannel 0xaefb7600
2026-03-27 23:20:14.754 5399-5449 MediaCodec com.newland.template D [0xb1e2a400] setState: 1
2026-03-27 23:20:14.754 5399-5449 CCodec com.newland.template D allocate(c2.android.vorbis.decoder)
2026-03-27 23:20:14.756 5399-5449 CCodec com.newland.template I setting up 'default' as default (vendor) store
2026-03-27 23:20:14.763 5399-5424 BLASTBufferQueue com.newland.template D [VRI[MainActivity]#0](f:0,a:1) acquireNextBufferLocked size=720x1600 mFrameNumber=1 applyTransaction=true mTimestamp=6849312101020(auto) mPendingTransactions.size=0 graphicBufferId=23188528431107 transform=3
2026-03-27 23:20:14.765 5399-5449 CCodec com.newland.template I Created component [c2.android.vorbis.decoder]
2026-03-27 23:20:14.765 5399-5449 CCodecBufferChannel com.newland.template D [0xaefb7600] setComponent: mName c2.android.vorbis.decoder#861, mPipelineWatcher 0xaefb77b0
2026-03-27 23:20:14.765 5399-5449 CCodecBufferChannel com.newland.template D PipelineWatcher debug info [c2.android.vorbis.decoder#861] enable=0
2026-03-27 23:20:14.766 5399-5449 CCodecConfig com.newland.template D read media type: audio/vorbis
2026-03-27 23:20:14.768 5399-5424 Parcel com.newland.template W Expecting binder but got null!
2026-03-27 23:20:14.770 5399-5449 ReflectedParamUpdater com.newland.template D extent() != 1 for single value type: algo.buffers.max-count.values
2026-03-27 23:20:14.771 5399-5449 ReflectedParamUpdater com.newland.template D extent() != 1 for single value type: output.subscribed-indices.values
2026-03-27 23:20:14.772 5399-5449 ReflectedParamUpdater com.newland.template D extent() != 1 for single value type: input.buffers.allocator-ids.values
2026-03-27 23:20:14.772 5399-5449 ReflectedParamUpdater com.newland.template D extent() != 1 for single value type: output.buffers.allocator-ids.values
2026-03-27 23:20:14.773 5399-5449 ReflectedParamUpdater com.newland.template D extent() != 1 for single value type: algo.buffers.allocator-ids.values
2026-03-27 23:20:14.773 5399-5449 ReflectedParamUpdater com.newland.template D extent() != 1 for single value type: output.buffers.pool-ids.values
2026-03-27 23:20:14.774 5399-5449 ReflectedParamUpdater com.newland.template D extent() != 1 for single value type: algo.buffers.pool-ids.values
2026-03-27 23:20:14.777 5399-5449 CCodecConfig com.newland.template I query failed after returning 7 values (BAD_INDEX)
2026-03-27 23:20:14.777 1034-1052 ziparchive system_server W Unable to open '/data/app/~~PXIKEVOO8G7lk1eZHgFktw==/com.newland.template-BV0x_iAl5lK1xf2BjN62eA==/base.dm': No such file or directory
2026-03-27 23:20:14.777 5399-5449 CCodecConfig com.newland.template D c2 config diff is Dict { c2::u32 coded.bitrate.value = 64000 c2::u32 input.buffers.max-size.value = 32768 c2::u32 input.delay.value = 0 string input.media-type.value = "audio/vorbis" string output.media-type.value = "audio/raw" c2::u32 raw.channel-count.value = 1 c2::u32 raw.sample-rate.value = 48000 }
2026-03-27 23:20:14.779 483-483 BufferStateLayer surfaceflinger D com.newland.template/acquire.app.MainActivity#1823 setBuffer frameId=1, bufferId=23188528431107 fenceId=300, w= 720, h=1600
2026-03-27 23:20:14.779 5399-5449 MediaCodec com.newland.template D [0xb1e2a400] setState: 2
2026-03-27 23:20:14.784 5399-5433 MediaCodec com.newland.template D [0xb1e2a400] [c2.android.vorbis.decoder] configure
2026-03-27 23:20:14.784 5399-5449 MediaCodec com.newland.template D flushMediametrics
2026-03-27 23:20:14.784 5399-5449 MediaCodec com.newland.template D [0xb1e2a400] setState: 3
2026-03-27 23:20:14.785 5399-5449 CCodec com.newland.template D [c2.android.vorbis.decoder] buffers are bound to CCodec for this session
2026-03-27 23:20:14.785 5399-5449 CCodecConfig com.newland.template D no c2 equivalents for durationUs
2026-03-27 23:20:14.785 5399-5449 CCodecConfig com.newland.template D no c2 equivalents for track-id
2026-03-27 23:20:14.785 5399-5449 CCodecConfig com.newland.template D no c2 equivalents for csd-1
2026-03-27 23:20:14.785 5399-5449 CCodecConfig com.newland.template D no c2 equivalents for flags
2026-03-27 23:20:14.785 1034-1052 ActivityTaskManager system_server I Displayed com.newland.template/acquire.app.MainActivity: +2s212ms
2026-03-27 23:20:14.786 5399-5448 OpenGLRenderer com.newland.template I Davey! duration=727ms; Flags=1, FrameTimelineVsyncId=181192, IntendedVsync=6848585667613, Vsync=6849102334290, InputEventId=0, HandleInputStart=6849118274327, AnimationStart=6849118293020, PerformTraversalsStart=6849118972481, DrawStart=6849218785943, FrameDeadline=6848611167613, FrameInterval=6849117753943, FrameStartTime=16666667, SyncQueued=6849236146327, SyncStart=6849244531558, IssueDrawCommandsStart=6849246506558, SwapBuffers=6849310886020, FrameCompleted=6849321775174, DequeueBufferDuration=0, QueueBufferDuration=1160539, GpuCompleted=6849321775174, SwapBuffersCompleted=6849313768174, DisplayPresentTime=0, CommandSubmissionCompleted=6849310886020,
2026-03-27 23:20:14.787 5399-5449 CCodecConfig com.newland.template D c2 config diff is c2::u32 coded.bitrate.value = 86000 c2::u32 raw.sample-rate.value = 44100
2026-03-27 23:20:14.789 5399-5449 Codec2Client com.newland.template W query -- param skipped: index = 1107298332.
2026-03-27 23:20:14.790 5399-5449 CCodec com.newland.template D encoding statistics level = 0
2026-03-27 23:20:14.790 5399-5449 CCodec com.newland.template D setup formats input: AMessage(what = 0x00000000) = { int32_t bitrate = 86000 int32_t channel-count = 1 int32_t max-input-size = 32768 string mime = "audio/vorbis" int32_t sample-rate = 44100 }
2026-03-27 23:20:14.790 5399-5449 CCodec com.newland.template D setup formats output: AMessage(what = 0x00000000) = { int32_t channel-count = 1 string mime = "audio/raw" int32_t sample-rate = 44100 int32_t channel-mask = 1 int32_t android._config-pcm-encoding = 2 }
2026-03-27 23:20:14.790 5399-5449 CCodecConfig com.newland.template I query failed after returning 7 values (BAD_INDEX)
2026-03-27 23:20:14.791 5399-5449 MediaCodec com.newland.template D [0xb1e2a400] setState: 4
2026-03-27 23:20:14.791 5399-5449 MediaCodec com.newland.template D [0xb1e2a400] setState: 5
2026-03-27 23:20:14.792 5399-5449 Codec2Client com.newland.template W query -- param skipped: index = 1342179345.
2026-03-27 23:20:14.792 5399-5449 Codec2Client com.newland.template W query -- param skipped: index = 2415921170.
2026-03-27 23:20:14.794 5399-5449 CCodecBufferChannel com.newland.template D [c2.android.vorbis.decoder#861] Created input block pool with allocatorID 16 => poolID 18 - OK (0)
2026-03-27 23:20:14.798 5399-5449 CCodecBufferChannel com.newland.template I [c2.android.vorbis.decoder#861] Created output block pool with allocatorID 16 => poolID 46 - OK
2026-03-27 23:20:14.798 5399-5449 CCodecBufferChannel com.newland.template D [c2.android.vorbis.decoder#861] Configured output block pool ids 46 => OK
2026-03-27 23:20:14.799 5399-5449 CCodecBufferChannel com.newland.template D [0xaefb7600] [c2.android.vorbis.decoder#861] start: output->outputDelay 0, output->numSlots 4
