2026-03-27 23:20:28.809 1034-3126 ActivityTaskManager system_server E ->startActivity for com.newland.template result:0
2026-03-27 23:20:28.890 483-483 BufferQueueProducer surfaceflinger I [com.newland.template/acquire.app.MainActivity#1823](this:0xac0e4ce4,id:-1,api:0,p:-1,c:483) queueBuffer: fps=0.95 dur=5248.38 max=5182.07 min=16.28
2026-03-27 23:20:28.891 5399-5399 bankdemoR3...ause(L:35) com.newland.template V MainActivity{14e39a4}->onPause
2026-03-27 23:20:28.894 5399-5399 bankdemoR3...ause(L:35) com.newland.template V SplashFragment{9700be6}->onPause
2026-03-27 23:20:28.897 5399-5399 bankdemoR3...ause(L:35) com.newland.template V MainFragment{84fc063}->onPause
2026-03-27 23:20:28.904 1034-4748 PowerHalWrapper system_server I amsBoostNotify pid:5399,activity:acquire.core.TransActivity, package:com.newland.template, mProcessCreatePackcom.newland.template
2026-03-27 23:20:28.904 1034-4748 mtkpower_client system_server I [Legacy][PowerHal_Wrap_notifyAppState] com.newland.template/acquire.core.TransActivity pid=5399 state:1
2026-03-27 23:20:28.904 1034-4748 game_scn system_server I collectForegroundAppList packName=com.newland.template, actName=acquire.core.TransActivity, pid=5399, uid=10110, state:RESUMED
2026-03-27 23:20:28.904 1034-4748 game_scn system_server I powerNotifyForegroundApp multi_resumed_app_info: pid: 5399, packname: com.newland.template, actname: acquire.app.MainActivity
2026-03-27 23:20:28.904 1034-4748 game_scn system_server I powerNotifyForegroundApp multi_resumed_app_info: pid: 5399, packname: com.newland.template, actname: acquire.core.TransActivity
2026-03-27 23:20:28.904 472-556 libPowerHal ven...hardware.mtkpower@1.0-service I [perfNotifyAppState] pack:com.newland.template, act:acquire.core.TransActivity, state:1, pid:5399, uid:10110, fps:90
2026-03-27 23:20:28.905 1034-4748 WindowManager system_server W Changing focus from Window{f38b849 u0 com.newland.template/acquire.app.MainActivity} to null displayId=0 Callers=com.android.server.wm.RootWindowContainer.updateFocusedWindowLocked:485 com.android.server.wm.WindowManagerService.updateFocusedWindowLocked:6062 com.android.server.wm.ActivityTaskManagerService.setResumedActivityUncheckLocked:4862 com.android.server.wm.TaskFragment.onActivityStateChanged:761
2026-03-27 23:20:28.912 1034-4748 PowerHalWrapper system_server I amsBoostNotify pid:5399,activity:acquire.app.MainActivity, package:com.newland.template, mProcessCreatePackcom.newland.template
2026-03-27 23:20:28.912 1034-4748 mtkpower_client system_server I [Legacy][PowerHal_Wrap_notifyAppState] com.newland.template/acquire.app.MainActivity pid=5399 state:0
2026-03-27 23:20:28.912 1034-4748 game_scn system_server I collectForegroundAppList packName=com.newland.template, actName=acquire.app.MainActivity, pid=5399, uid=10110, state:PAUSED
2026-03-27 23:20:28.912 1034-4748 game_scn system_server I powerNotifyForegroundApp multi_resumed_app_info: pid: 5399, packname: com.newland.template, actname: acquire.core.TransActivity
2026-03-27 23:20:28.916 472-556 libPowerHal ven...hardware.mtkpower@1.0-service I [perfNotifyAppState] pack:com.newland.template, act:acquire.app.MainActivity, state:0, pid:5399, uid:10110, fps:90
2026-03-27 23:20:28.956 5399-5399 bankdemoR3...ated(L:40) com.newland.template D add Activity:acquire.core.TransActivity@ee55c66
2026-03-27 23:20:28.991 5399-5399 bankdemoR3...act(L:106) com.newland.template D Transaction params: Bundle[{transType=Settings}]
2026-03-27 23:20:29.004 5399-5399 bankdemoR3...act(L:123) com.newland.template D Instantiate transaction: class acquire.core.trans.impl.settings.Settings
2026-03-27 23:20:29.009 5399-5399 bankdemoR3...act(L:134) com.newland.template I Execute transaction: Settings
2026-03-27 23:20:29.021 1034-4748 ActivityTaskManager system_server E pkgName : com.newland.template
2026-03-27 23:20:29.030 1034-4748 ActivityTaskManager system_server D ATMS startActivity packageName=com.newland.template callingPackage=com.newland.template callingFeatureId=null intent=Intent { act=android.intent.action.SHUKRIA.Settings pkg=com.newland.template cmp=com.newland.template/acquire.settings.SettingsActivity } resolvedType=null resultTo=Token{449cbfb ActivityRecord{eb48418 u0 com.newland.template/acquire.core.TransActivity} t34}} resultWho=null requestCode=996151902 startFlags=0 profilerInfo=null bOptions=null
2026-03-27 23:20:29.031 1034-4748 ActivityTaskManager system_server E pkgName : com.newland.template
2026-03-27 23:20:29.033 1034-4748 ActivityTaskManager system_server I START u0 {act=android.intent.action.SHUKRIA.Settings pkg=com.newland.template cmp=com.newland.template/acquire.settings.SettingsActivity} from uid 10110
2026-03-27 23:20:29.041 1034-4748 PowerHalWrapper system_server I last:com.newland.template, next:com.newland.template
2026-03-27 23:20:29.044 1034-4748 ActivityTaskManager system_server E ->startActivity for com.newland.template result:0
2026-03-27 23:20:29.050 5399-5399 bankdemoR3...eate(L:23) com.newland.template V ForActivityResultFragment{346a3fa}->onCreate
2026-03-27 23:20:29.052 5399-5399 OnBackInvokedCallback com.newland.template W OnBackInvokedCallback is not enabled for the application. Set 'android:enableOnBackInvokedCallback="true"' in the application manifest.
2026-03-27 23:20:29.053 5399-5399 bankdemoR3...eate(L:23) com.newland.template V TransActivity{ee55c66}->onCreate
2026-03-27 23:20:29.062 5399-5399 bankdemoR3...tart(L:27) com.newland.template V ForActivityResultFragment{346a3fa}->onStart
2026-03-27 23:20:29.066 5399-5399 bankdemoR3...tart(L:27) com.newland.template V TransActivity{ee55c66}->onStart
2026-03-27 23:20:29.069 5399-5399 bankdemoR3...sume(L:31) com.newland.template V ForActivityResultFragment{346a3fa}->onResume
2026-03-27 23:20:29.071 5399-5399 bankdemoR3...sume(L:31) com.newland.template V TransActivity{ee55c66}->onResume
2026-03-27 23:20:29.073 483-1146 SurfaceFlinger surfaceflinger D [SF client] NEW(0xac34a680) for (5399:com.newland.template)
2026-03-27 23:20:29.081 5399-5399 VRI[TransActivity] com.newland.template D hardware acceleration = true, forceHwAccelerated = false
2026-03-27 23:20:29.090 1034-3126 CoreBackPreview system_server D Window{9b2caa9 u0 com.newland.template/acquire.core.TransActivity}: Setting back callback OnBackInvokedCallbackInfo{mCallback=android.window.IOnBackInvokedCallback$Stub$Proxy@d0cdfcf, mPriority=0}
2026-03-27 23:20:29.092 5399-5399 InputTransport com.newland.template D Create ARC handle: 0x85799f30
2026-03-27 23:20:29.107 483-583 BufferQueueDebug surfaceflinger I [com.newland.template/acquire.core.TransActivity#1859](this:0xac348ce4,id:-1,api:0,p:-1,c:-1) BufferQueue core=(483:/system/bin/surfaceflinger)
2026-03-27 23:20:29.115 1034-4748 WindowManager system_server W Changing focus from null to Window{9b2caa9 u0 com.newland.template/acquire.core.TransActivity} displayId=0 Callers=com.android.server.wm.RootWindowContainer.updateFocusedWindowLocked:485 com.android.server.wm.WindowManagerService.updateFocusedWindowLocked:6062 com.android.server.wm.WindowManagerService.relayoutWindow:2496 com.android.server.wm.Session.relayout:267
2026-03-27 23:20:29.120 1034-4748 WindowManager system_server I Relayout Window{9b2caa9 u0 com.newland.template/acquire.core.TransActivity}: oldVis=4 newVis=0 focusMayChange = true requestedWidth = 720 requestedHeight = 1600 outFrames = ClientWindowFrames{frame=[0,0][720,1600] display=[0,0][720,1600] parentFrame=[0,0][0,0] parentClippedByDisplayCutout=false} outSurfaceControl = Surface(name=com.newland.template/acquire.core.TransActivity)/@0x69825e1
2026-03-27 23:20:29.140 5399-5399 BufferQueueConsumer com.newland.template D [](id:151700000003,api:0,p:-1,c:5399) connect: controlledByApp=false
2026-03-27 23:20:29.187 5399-5424 BLASTBufferQueue com.newland.template D [VRI[TransActivity]#3](f:0,a:1) acquireNextBufferLocked size=720x1600 mFrameNumber=1 applyTransaction=true mTimestamp=6863735738867(auto) mPendingTransactions.size=0 graphicBufferId=23188528431139 transform=3
2026-03-27 23:20:29.188 5399-5424 Parcel com.newland.template W Expecting binder but got null!
2026-03-27 23:20:29.199 5399-5399 bankdemoR3...ause(L:35) com.newland.template V TransActivity{ee55c66}->onPause
2026-03-27 23:20:29.202 5399-5399 bankdemoR3...ause(L:35) com.newland.template V ForActivityResultFragment{346a3fa}->onPause
2026-03-27 23:20:29.208 1034-3126 PowerHalWrapper system_server I amsBoostNotify pid:5399,activity:acquire.settings.SettingsActivity, package:com.newland.template, mProcessCreatePackcom.newland.template
2026-03-27 23:20:29.208 1034-3126 mtkpower_client system_server I [Legacy][PowerHal_Wrap_notifyAppState] com.newland.template/acquire.settings.SettingsActivity pid=5399 state:1
2026-03-27 23:20:29.208 1034-3126 game_scn system_server I collectForegroundAppList packName=com.newland.template, actName=acquire.settings.SettingsActivity, pid=5399, uid=10110, state:RESUMED
2026-03-27 23:20:29.208 1034-3126 game_scn system_server I powerNotifyForegroundApp multi_resumed_app_info: pid: 5399, packname: com.newland.template, actname: acquire.core.TransActivity
2026-03-27 23:20:29.208 1034-3126 game_scn system_server I powerNotifyForegroundApp multi_resumed_app_info: pid: 5399, packname: com.newland.template, actname: acquire.settings.SettingsActivity
2026-03-27 23:20:29.211 472-556 libPowerHal ven...hardware.mtkpower@1.0-service I [perfNotifyAppState] pack:com.newland.template, act:acquire.settings.SettingsActivity, state:1, pid:5399, uid:10110, fps:90
2026-03-27 23:20:29.211 483-483 BufferStateLayer surfaceflinger D com.newland.template/acquire.core.TransActivity#1859 setBuffer frameId=1, bufferId=23188528431139 fenceId=452, w= 720, h=1600
2026-03-27 23:20:29.215 1034-3126 WindowManager system_server W Changing focus from Window{9b2caa9 u0 com.newland.template/acquire.core.TransActivity} to null displayId=0 Callers=com.android.server.wm.RootWindowContainer.updateFocusedWindowLocked:485 com.android.server.wm.WindowManagerService.updateFocusedWindowLocked:6062 com.android.server.wm.ActivityTaskManagerService.setResumedActivityUncheckLocked:4862 com.android.server.wm.TaskFragment.onActivityStateChanged:761
2026-03-27 23:20:29.224 1034-3126 PowerHalWrapper system_server I amsBoostNotify pid:5399,activity:acquire.core.TransActivity, package:com.newland.template, mProcessCreatePackcom.newland.template
2026-03-27 23:20:29.224 1034-3126 mtkpower_client system_server I [Legacy][PowerHal_Wrap_notifyAppState] com.newland.template/acquire.core.TransActivity pid=5399 state:0
2026-03-27 23:20:29.224 1034-3126 game_scn system_server I collectForegroundAppList packName=com.newland.template, actName=acquire.core.TransActivity, pid=5399, uid=10110, state:PAUSED
2026-03-27 23:20:29.224 1034-3126 game_scn system_server I powerNotifyForegroundApp multi_resumed_app_info: pid: 5399, packname: com.newland.template, actname: acquire.settings.SettingsActivity
2026-03-27 23:20:29.227 472-556 libPowerHal ven...hardware.mtkpower@1.0-service I [perfNotifyAppState] pack:com.newland.template, act:acquire.core.TransActivity, state:0, pid:5399, uid:10110, fps:90
2026-03-27 23:20:29.273 5399-5399 bankdemoR3...ated(L:40) com.newland.template D add Activity:acquire.settings.SettingsActivity@8f3dd8b
2026-03-27 23:20:29.315 5399-5399 bankdemoR3...ent(L:167) com.newland.template D add acquire.core.fragment.password.PasswordFragment
2026-03-27 23:20:29.318 5399-5399 bankdemoR3...ach(L:114) com.newland.template V PasswordFragment{c69d6ac}->onAttach
2026-03-27 23:20:29.324 5399-5399 bankdemoR3...eate(L:23) com.newland.template V PasswordFragment{c69d6ac}->onCreate
2026-03-27 23:20:29.325 5399-5399 bankdemoR3...Show(L:85) com.newland.template V PasswordFragment{c69d6ac}->onFragmentShow
2026-03-27 23:20:29.330 5399-5399 bankdemoR3...eate(L:23) com.newland.template V SettingsActivity{8f3dd8b}->onCreate
2026-03-27 23:20:29.588 5399-5399 bankdemoR3...ing(L:152) com.newland.template D Preferences get->key:PASSWORD_SYSTEM_ADMIN, value:***REDACTED***
2026-03-27 23:20:29.597 5399-5399 bankdemoR3...ted(L:158) com.newland.template V PasswordFragment{c69d6ac}->onViewCreated
2026-03-27 23:20:29.600 5399-5399 OnBackInvokedCallback com.newland.template W OnBackInvokedCallback is not enabled for the application. Set 'android:enableOnBackInvokedCallback="true"' in the application manifest.
2026-03-27 23:20:29.602 5399-5399 bankdemoR3...tart(L:27) com.newland.template V PasswordFragment{c69d6ac}->onStart
2026-03-27 23:20:29.605 5399-5399 bankdemoR3...tart(L:27) com.newland.template V SettingsActivity{8f3dd8b}->onStart
2026-03-27 23:20:29.609 5399-5399 bankdemoR3...sume(L:31) com.newland.template V PasswordFragment{c69d6ac}->onResume
2026-03-27 23:20:29.611 5399-5399 bankdemoR3...sume(L:31) com.newland.template V SettingsActivity{8f3dd8b}->onResume
2026-03-27 23:20:29.612 483-1353 SurfaceFlinger surfaceflinger D [SF client] NEW(0xac34a6e0) for (5399:com.newland.template)
2026-03-27 23:20:29.652 5399-5399 VRI[SettingsActivity] com.newland.template D hardware acceleration = true, forceHwAccelerated = false
2026-03-27 23:20:29.658 1034-4748 CoreBackPreview system_server D Window{c06c8de u0 com.newland.template/acquire.settings.SettingsActivity}: Setting back callback OnBackInvokedCallbackInfo{mCallback=android.window.IOnBackInvokedCallback$Stub$Proxy@ff6058c, mPriority=0}
2026-03-27 23:20:29.659 5399-5399 InputTransport com.newland.template D Create ARC handle: 0x99646590
2026-03-27 23:20:29.782 483-1353 BufferQueueDebug surfaceflinger I [com.newland.template/acquire.settings.SettingsActivity#1865](this:0xac139ce4,id:-1,api:0,p:-1,c:-1) BufferQueue core=(483:/system/bin/surfaceflinger)
2026-03-27 23:20:29.786 1034-4748 WindowManager system_server W Changing focus from null to Window{c06c8de u0 com.newland.template/acquire.settings.SettingsActivity} displayId=0 Callers=com.android.server.wm.RootWindowContainer.updateFocusedWindowLocked:485 com.android.server.wm.WindowManagerService.updateFocusedWindowLocked:6062 com.android.server.wm.WindowManagerService.relayoutWindow:2496 com.android.server.wm.Session.relayout:267
2026-03-27 23:20:29.789 1034-4748 WindowManager system_server I Relayout Window{c06c8de u0 com.newland.template/acquire.settings.SettingsActivity}: oldVis=4 newVis=0 focusMayChange = true requestedWidth = 720 requestedHeight = 1600 outFrames = ClientWindowFrames{frame=[0,0][720,1600] display=[0,0][720,1600] parentFrame=[0,0][0,0] parentClippedByDisplayCutout=false} outSurfaceControl = Surface(name=com.newland.template/acquire.settings.SettingsActivity)/@0xde54951
2026-03-27 23:20:29.793 5399-5399 BufferQueueConsumer com.newland.template D [](id:151700000004,api:0,p:-1,c:5399) connect: controlledByApp=false
2026-03-27 23:20:29.921 472-556 libPowerHal ven...hardware.mtkpower@1.0-service I [perfNotifyAppState] pack:com.newland.template, act:acquire.settings.SettingsActivity, state:5, pid:5399, uid:10110, fps:60
2026-03-27 23:20:30.013 5399-5424 BLASTBufferQueue com.newland.template D [VRI[SettingsActivity]#4](f:0,a:1) acquireNextBufferLocked size=720x1600 mFrameNumber=1 applyTransaction=true mTimestamp=6864562243174(auto) mPendingTransactions.size=0 graphicBufferId=23188528431145 transform=3
2026-03-27 23:20:30.015 5399-5424 Parcel com.newland.template W Expecting binder but got null!
2026-03-27 23:20:30.027 483-483 BufferStateLayer surfaceflinger D com.newland.template/acquire.settings.SettingsActivity#1865 setBuffer frameId=1, bufferId=23188528431145 fenceId=494, w= 720, h=1600
2026-03-27 23:20:30.032 5399-5417 OpenGLRenderer com.newland.template I Davey! duration=765ms; Flags=1, FrameTimelineVsyncId=184434, IntendedVsync=6863800765849, Vsync=6864200765857, InputEventId=0, HandleInputStart=6864217020098, AnimationStart=6864217028482, PerformTraversalsStart=6864218869713, DrawStart=6864376348405, FrameDeadline=6863826265849, FrameInterval=6864216986328, FrameStartTime=16666667, SyncQueued=6864507329944, SyncStart=6864510228713, IssueDrawCommandsStart=6864510598328, SwapBuffers=6864561888174, FrameCompleted=6864568950867, DequeueBufferDuration=0, QueueBufferDuration=911615, GpuCompleted=6864568950867, SwapBuffersCompleted=6864563929944, DisplayPresentTime=72342599494730437, CommandSubmissionCompleted=6864561888174,
2026-03-27 23:20:30.035 1034-1052 ActivityTaskManager system_server I Displayed com.newland.template/acquire.settings.SettingsActivity: +1s292ms
2026-03-27 23:20:30.061 483-483 BufferQueueProducer surfaceflinger I [com.newland.template/acquire.app.MainActivity#1823](this:0xac0e4ce4,id:-1,api:0,p:-1,c:483) queueBuffer: fps=37.58 dur=1170.81 max=300.49 min=3.58
2026-03-27 23:20:31.167 483-483 BufferQueueProducer surfaceflinger I [com.newland.template/acquire.settings.SettingsActivity#1865](this:0xac139ce4,id:-1,api:0,p:-1,c:483) queueBuffer: fps=7.01 dur=1140.62 max=924.09 min=16.12
2026-03-27 23:20:31.170 5399-5399 bankdemoR3...ext(L:126) com.newland.template D Enter password: 0
2026-03-27 23:20:31.384 5399-5399 bankdemoR3...ext(L:126) com.newland.template D Enter password: 00
2026-03-27 23:20:31.536 5399-5399 bankdemoR3...ext(L:126) com.newland.template D Enter password: 000
2026-03-27 23:20:31.726 5399-5399 bankdemoR3...ext(L:126) com.newland.template D Enter password: 0000
2026-03-27 23:20:31.912 5399-5399 bankdemoR3...ext(L:126) com.newland.template D Enter password: 00000
2026-03-27 23:20:32.072 5399-5399 bankdemoR3...ext(L:126) com.newland.template D Enter password: 000000
2026-03-27 23:20:32.161 5399-5399 bankdemoR3...ent(L:167) com.newland.template D add acquire.settings.fragment.SettingFragment
2026-03-27 23:20:32.164 5399-5399 bankdemoR3...ach(L:114) com.newland.template V SettingFragment{6f70eb0}->onAttach
2026-03-27 23:20:32.167 5399-5399 bankdemoR3...eate(L:23) com.newland.template V SettingFragment{6f70eb0}->onCreate
2026-03-27 23:20:32.177 483-483 BufferQueueProducer surfaceflinger I [com.newland.template/acquire.settings.SettingsActivity#1865](this:0xac139ce4,id:-1,api:0,p:-1,c:483) queueBuffer: fps=49.50 dur=1010.07 max=33.47 min=7.82
2026-03-27 23:20:32.204 5399-5399 bankdemoR3...ted(L:158) com.newland.template V SettingFragment{6f70eb0}->onViewCreated
2026-03-27 23:20:32.207 5399-5399 bankdemoR3...tart(L:27) com.newland.template V SettingFragment{6f70eb0}->onStart
2026-03-27 23:20:32.215 5399-5399 bankdemoR3...sume(L:31) com.newland.template V SettingFragment{6f70eb0}->onResume
2026-03-27 23:20:32.216 5399-5399 bankdemoR3...Show(L:85) com.newland.template V SettingFragment{6f70eb0}->onFragmentShow
2026-03-27 23:20:34.033 5399-5399 bankdemoR3...Hide(L:93) com.newland.template V SettingFragment{6f70eb0}->onFragmentHide
2026-03-27 23:20:34.037 5399-5399 bankdemoR3...ent(L:167) com.newland.template D add acquire.settings.fragment.version.SettingVersionFragment
2026-03-27 23:20:34.039 5399-5399 bankdemoR3...ach(L:114) com.newland.template V SettingVersionFragment{fe80459}->onAttach
2026-03-27 23:20:34.042 5399-5399 bankdemoR3...eate(L:23) com.newland.template V SettingVersionFragment{fe80459}->onCreate
2026-03-27 23:20:34.144 5399-5399 bankdemoR3...ted(L:158) com.newland.template V SettingVersionFragment{fe80459}->onViewCreated
2026-03-27 23:20:34.148 5399-5399 bankdemoR3...tart(L:27) com.newland.template V SettingVersionFragment{fe80459}->onStart
2026-03-27 23:20:34.154 483-483 BufferQueueProducer surfaceflinger I [com.newland.template/acquire.settings.SettingsActivity#1865](this:0xac139ce4,id:-1,api:0,p:-1,c:483) queueBuffer: fps=24.29 dur=1976.29 max=1009.47 min=16.44
2026-03-27 23:20:34.155 5399-5399 bankdemoR3...sume(L:31) com.newland.template V SettingVersionFragment{fe80459}->onResume
2026-03-27 23:20:34.157 5399-5399 bankdemoR3...Show(L:85) com.newland.template V SettingVersionFragment{fe80459}->onFragmentShow
2026-03-27 23:20:35.793 483-483 BufferQueueProducer surfaceflinger I [com.newland.template/acquire.settings.SettingsActivity#1865](this:0xac139ce4,id:-1,api:0,p:-1,c:483) queueBuffer: fps=14.64 dur=1638.94 max=1133.48 min=16.43
2026-03-27 23:20:37.288 483-483 BufferQueueProducer surfaceflinger I [com.newland.template/acquire.settings.SettingsActivity#1865](this:0xac139ce4,id:-1,api:0,p:-1,c:483) queueBuffer: fps=10.70 dur=1495.36 max=1201.59 min=16.50
2026-03-27 23:20:37.377 5399-5411 ewland.template com.newland.template I Background young concurrent copying GC freed 60359(1931KB) AllocSpace objects, 0(0B) LOS objects, 25% free, 5568KB/7464KB, paused 227us,73us total 107.403ms
2026-03-27 23:20:37.430 483-1651 SurfaceFlinger surfaceflinger D [SF client] NEW(0xac349cc0) for (5399:com.newland.template)
2026-03-27 23:20:37.436 5399-5399 VRI[SettingsActivity] com.newland.template D hardware acceleration = true, forceHwAccelerated = false
2026-03-27 23:20:37.440 1034-2905 WindowManager system_server W Changing focus from Window{c06c8de u0 com.newland.template/acquire.settings.SettingsActivity} to Window{a5d94f2 u0 com.newland.template/acquire.settings.SettingsActivity} displayId=0 Callers=com.android.server.wm.RootWindowContainer.updateFocusedWindowLocked:485 com.android.server.wm.WindowManagerService.updateFocusedWindowLocked:6062 com.android.server.wm.WindowManagerService.addWindow:1861 com.android.server.wm.Session.addToDisplayAsUser:215
2026-03-27 23:20:37.446 1034-2905 CoreBackPreview system_server D Window{a5d94f2 u0 com.newland.template/acquire.settings.SettingsActivity}: Setting back callback OnBackInvokedCallbackInfo{mCallback=android.window.IOnBackInvokedCallback$Stub$Proxy@abb39ec, mPriority=0}
2026-03-27 23:20:37.448 5399-5399 InputTransport com.newland.template D Create ARC handle: 0xb087b620
2026-03-27 23:20:37.505 483-1353 BufferQueueDebug surfaceflinger I [com.newland.template/acquire.settings.SettingsActivity#1878](this:0xac076ce4,id:-1,api:0,p:-1,c:-1) BufferQueue core=(483:/system/bin/surfaceflinger)
2026-03-27 23:20:37.517 5399-5399 BufferQueueConsumer com.newland.template D [](id:151700000005,api:0,p:-1,c:5399) connect: controlledByApp=false
2026-03-27 23:20:37.587 5399-5424 BLASTBufferQueue com.newland.template D [VRI[SettingsActivity]#5](f:0,a:1) acquireNextBufferLocked size=648x394 mFrameNumber=1 applyTransaction=true mTimestamp=6872136528483(auto) mPendingTransactions.size=0 graphicBufferId=23188528431155 transform=3
2026-03-27 23:20:37.588 5399-5424 Parcel com.newland.template W Expecting binder but got null!
2026-03-27 23:20:37.599 483-483 BufferStateLayer surfaceflinger D com.newland.template/acquire.settings.SettingsActivity#1878 setBuffer frameId=1, bufferId=23188528431155 fenceId=675, w= 648, h=394
2026-03-27 23:20:40.627 483-483 BufferQueueProducer surfaceflinger I [com.newland.template/acquire.settings.SettingsActivity#1878](this:0xac076ce4,id:-1,api:0,p:-1,c:483) queueBuffer: fps=2.97 dur=3027.91 max=2693.47 min=16.28
2026-03-27 23:20:40.701 1034-2905 CoreBackPreview system_server D Window{a5d94f2 u0 com.newland.template/acquire.settings.SettingsActivity}: Setting back callback null
2026-03-27 23:20:40.709 5399-5424 OpenGLRenderer com.newland.template D endAllActiveAnimators on 0x86fe7900 (RippleDrawable) with handle 0x974b41f0
2026-03-27 23:20:40.711 5399-5399 View com.newland.template D [Warning] assignParent to null: this = DecorView@42701b0[SettingsActivity]
2026-03-27 23:20:40.713 1034-1138 InputManager-JNI system_server W Input channel object 'a5d94f2 com.newland.template/acquire.settings.SettingsActivity (client)' was disposed without first being removed with the input manager!
2026-03-27 23:20:40.720 1034-1138 WindowManager system_server W Changing focus from Window{a5d94f2 u0 com.newland.template/acquire.settings.SettingsActivity EXITING} to Window{c06c8de u0 com.newland.template/acquire.settings.SettingsActivity} displayId=0 Callers=com.android.server.wm.RootWindowContainer.updateFocusedWindowLocked:485 com.android.server.wm.WindowManagerService.updateFocusedWindowLocked:6062 com.android.server.wm.WindowState.setupWindowForRemoveOnExit:2728 com.android.server.wm.WindowState.removeIfPossible:2696
2026-03-27 23:20:40.735 5399-5399 InputTransport com.newland.template D Destroy ARC handle: 0xb087b620
2026-03-27 23:20:40.736 5399-5448 BLASTBufferQueue com.newland.template D [VRI[SettingsActivity]#5](f:0,a:1) destructor()
2026-03-27 23:20:40.737 5399-5448 BufferQueueConsumer com.newland.template D [VRI[SettingsActivity]#5(BLAST Consumer)5](id:151700000005,api:0,p:-1,c:5399) disconnect
2026-03-27 23:20:40.811 1034-1056 WindowManager system_server D setParent old=ActivityRecord{fffbf73 u0 com.newland.template/acquire.settings.SettingsActivity} t34},new=null,this window=Window{a5d94f2 u0 com.newland.template/acquire.settings.SettingsActivity},callers=com.android.server.wm.WindowContainer.removeChild:772 com.android.server.wm.ActivityRecord.removeChild:4268 com.android.server.wm.ActivityRecord.removeChild:377 com.android.server.wm.WindowContainer.removeImmediately:828 com.android.server.wm.WindowState.removeImmediately:2514 com.android.server.wm.WindowState.destroySurface:3618
2026-03-27 23:20:40.828 483-483 BufferQueueDebug surfaceflinger I [com.newland.template/acquire.settings.SettingsActivity#1878](this:0xac076ce4,id:-1,api:0,p:-1,c:483) onDestructor()
2026-03-27 23:20:40.875 483-483 BufferQueueProducer surfaceflinger I [com.newland.template/acquire.settings.SettingsActivity#1865](this:0xac139ce4,id:-1,api:0,p:-1,c:483) queueBuffer: fps=10.04 dur=3586.66 max=2922.02 min=16.27
2026-03-27 23:20:41.613 472-556 libPowerHal ven...hardware.mtkpower@1.0-service I [perfNotifyAppState] pack:com.newland.template, act:acquire.settings.SettingsActivity, state:5, pid:5399, uid:10110, fps:90
2026-03-27 23:20:42.513 5399-5399 bankdemoR3...Down(L:74) com.newland.template D onKeyDown BACK
2026-03-27 23:20:42.607 5399-5399 bankdemoR3...ment(L:72) com.newland.template D pop acquire.settings.fragment.version.SettingVersionFragment
2026-03-27 23:20:42.608 5399-5399 bankdemoR3...Hide(L:93) com.newland.template V SettingVersionFragment{fe80459}->onFragmentHide
2026-03-27 23:20:42.614 5399-5399 bankdemoR3...ved(L:253) com.newland.template E Not found method [noteStateNotSaved] in class androidx.fragment.app.FragmentManagerImpl
2026-03-27 23:20:42.617 5399-5399 bankdemoR3...ause(L:35) com.newland.template V SettingVersionFragment{fe80459}->onPause
2026-03-27 23:20:42.622 5399-5399 bankdemoR3...Stop(L:39) com.newland.template V SettingVersionFragment{fe80459}->onStop
2026-03-27 23:20:42.634 5399-5399 bankdemoR3...Show(L:85) com.newland.template V SettingFragment{6f70eb0}->onFragmentShow
2026-03-27 23:20:42.659 483-483 BufferQueueProducer surfaceflinger I [com.newland.template/acquire.settings.SettingsActivity#1865](this:0xac139ce4,id:-1,api:0,p:-1,c:483) queueBuffer: fps=2.80 dur=1784.60 max=1701.66 min=16.48
2026-03-27 23:20:42.905 5399-5399 bankdemoR3...troy(L:43) com.newland.template V SettingVersionFragment{fe80459}->onDestroy
2026-03-27 23:20:43.614 472-556 libPowerHal ven...hardware.mtkpower@1.0-service I [perfNotifyAppState] pack:com.newland.template, act:acquire.settings.SettingsActivity, state:5, pid:5399, uid:10110, fps:60
2026-03-27 23:20:44.592 5399-5399 bankdemoR3...Hide(L:93) com.newland.template V SettingFragment{6f70eb0}->onFragmentHide
2026-03-27 23:20:44.596 5399-5399 bankdemoR3...ent(L:167) com.newland.template D add acquire.settings.fragment.version.SettingVersionFragment
2026-03-27 23:20:44.599 5399-5399 bankdemoR3...ach(L:114) com.newland.template V SettingVersionFragment{4de5dbe}->onAttach
2026-03-27 23:20:44.602 5399-5399 bankdemoR3...eate(L:23) com.newland.template V SettingVersionFragment{4de5dbe}->onCreate
2026-03-27 23:20:44.605 483-483 BufferQueueProducer surfaceflinger I [com.newland.template/acquire.settings.SettingsActivity#1865](this:0xac139ce4,id:-1,api:0,p:-1,c:483) queueBuffer: fps=8.74 dur=1945.32 max=1612.38 min=16.48
2026-03-27 23:20:44.734 5399-5399 bankdemoR3...ted(L:158) com.newland.template V SettingVersionFragment{4de5dbe}->onViewCreated
2026-03-27 23:20:44.738 5399-5399 bankdemoR3...tart(L:27) com.newland.template V SettingVersionFragment{4de5dbe}->onStart
2026-03-27 23:20:44.748 5399-5399 bankdemoR3...sume(L:31) com.newland.template V SettingVersionFragment{4de5dbe}->onResume
2026-03-27 23:20:44.750 5399-5399 bankdemoR3...Show(L:85) com.newland.template V SettingVersionFragment{4de5dbe}->onFragmentShow
2026-03-27 23:20:46.334 5399-5399 bankdemoR3...Down(L:74) com.newland.template D onKeyDown BACK
2026-03-27 23:20:46.373 483-483 BufferQueueProducer surfaceflinger I [com.newland.template/acquire.settings.SettingsActivity#1865](this:0xac139ce4,id:-1,api:0,p:-1,c:483) queueBuffer: fps=18.10 dur=1768.03 max=1133.35 min=16.51
2026-03-27 23:20:46.438 5399-5399 bankdemoR3...ment(L:72) com.newland.template D pop acquire.settings.fragment.version.SettingVersionFragment
2026-03-27 23:20:46.440 5399-5399 bankdemoR3...Hide(L:93) com.newland.template V SettingVersionFragment{4de5dbe}->onFragmentHide
2026-03-27 23:20:46.446 5399-5399 bankdemoR3...ause(L:35) com.newland.template V SettingVersionFragment{4de5dbe}->onPause
2026-03-27 23:20:46.449 5399-5399 bankdemoR3...Stop(L:39) com.newland.template V SettingVersionFragment{4de5dbe}->onStop
2026-03-27 23:20:46.456 5399-5399 bankdemoR3...Show(L:85) com.newland.template V SettingFragment{6f70eb0}->onFragmentShow
2026-03-27 23:20:46.727 5399-5399 bankdemoR3...troy(L:43) com.newland.template V SettingVersionFragment{4de5dbe}->onDestroy
2026-03-27 23:20:50.938 483-483 BufferQueueProducer surfaceflinger I [com.newland.template/acquire.settings.SettingsActivity#1865](this:0xac139ce4,id:-1,api:0,p:-1,c:483) queueBuffer: fps=5.04 dur=4565.74 max=4115.70 min=16.44
2026-03-27 23:20:50.992 483-483 SurfaceFlinger surfaceflinger I operator()(), mtkRenderCntDebug 44, screenshot (com.newland.template/acquire.app.MainActivity#1823)
2026-03-27 23:20:50.992 483-483 SurfaceFlinger surfaceflinger I operator()(), mtkRenderCntDebug 44, screenshot (com.newland.template/acquire.core.TransActivity#1859)
2026-03-27 23:20:50.992 483-483 SurfaceFlinger surfaceflinger I operator()(), mtkRenderCntDebug 44, screenshot (com.newland.template/acquire.settings.SettingsActivity#1865)
2026-03-27 23:20:51.019 1034-2905 WindowManager system_server W Changing focus from Window{c06c8de u0 com.newland.template/acquire.settings.SettingsActivity} to Window{94c12bf u0 com.android.launcher3/com.android.quickstep.RecentsActivity} displayId=0 Callers=com.android.server.wm.RootWindowContainer.updateFocusedWindowLocked:485 com.android.server.wm.WindowManagerService.updateFocusedWindowLocked:6062 com.android.server.wm.DisplayContent.layoutAndAssignWindowLayersIfNeeded:3806 com.android.server.wm.TaskDisplayArea.positionChildTaskAt:417
2026-03-27 23:20:51.026 1034-2905 PowerHalWrapper system_server I last:com.newland.template, next:com.android.launcher3
2026-03-27 23:20:51.056 1034-4650 PowerHalWrapper system_server I amsBoostNotify pid:1509,activity:com.android.quickstep.RecentsActivity, package:com.android.launcher3, mProcessCreatePackcom.newland.template
2026-03-27 23:20:51.057 1034-4650 game_scn system_server I powerNotifyForegroundApp multi_resumed_app_info: pid: 5399, packname: com.newland.template, actname: acquire.settings.SettingsActivity
2026-03-27 23:20:51.061 5399-5399 bankdemoR3...ause(L:35) com.newland.template V SettingsActivity{8f3dd8b}->onPause
2026-03-27 23:20:51.062 472-502 mtkpower@impl ven...hardware.mtkpower@1.0-service I [notifyAppState] pc:0, com.newland.template => com.android.launcher3
2026-03-27 23:20:51.063 5399-5399 bankdemoR3...ause(L:35) com.newland.template V PasswordFragment{c69d6ac}->onPause
2026-03-27 23:20:51.066 5399-5399 bankdemoR3...ause(L:35) com.newland.template V SettingFragment{6f70eb0}->onPause
2026-03-27 23:20:51.067 1034-1772 PowerHalWrapper system_server I amsBoostNotify pid:5399,activity:acquire.app.MainActivity, package:com.newland.template, mProcessCreatePackcom.newland.template
2026-03-27 23:20:51.068 1034-1772 mtkpower_client system_server I [Legacy][PowerHal_Wrap_notifyAppState] com.newland.template/acquire.app.MainActivity pid=5399 state:0
2026-03-27 23:20:51.068 1034-1772 game_scn system_server I collectForegroundAppList packName=com.newland.template, actName=acquire.app.MainActivity, pid=5399, uid=10110, state:PAUSED
2026-03-27 23:20:51.068 1034-1772 game_scn system_server I powerNotifyForegroundApp multi_resumed_app_info: pid: 5399, packname: com.newland.template, actname: acquire.settings.SettingsActivity
2026-03-27 23:20:51.070 1034-1772 PowerHalWrapper system_server I amsBoostNotify pid:5399,activity:acquire.core.TransActivity, package:com.newland.template, mProcessCreatePackcom.newland.template
2026-03-27 23:20:51.071 472-556 libPowerHal ven...hardware.mtkpower@1.0-service I [perfNotifyAppState] pack:com.newland.template, act:acquire.app.MainActivity, state:0, pid:5399, uid:10110, fps:60
2026-03-27 23:20:51.079 1034-1772 mtkpower_client system_server I [Legacy][PowerHal_Wrap_notifyAppState] com.newland.template/acquire.core.TransActivity pid=5399 state:0
2026-03-27 23:20:51.079 1034-1772 game_scn system_server I collectForegroundAppList packName=com.newland.template, actName=acquire.core.TransActivity, pid=5399, uid=10110, state:PAUSED
2026-03-27 23:20:51.079 1034-1772 game_scn system_server I powerNotifyForegroundApp multi_resumed_app_info: pid: 5399, packname: com.newland.template, actname: acquire.settings.SettingsActivity
2026-03-27 23:20:51.080 1034-1772 PowerHalWrapper system_server I amsBoostNotify pid:5399,activity:acquire.settings.SettingsActivity, package:com.newland.template, mProcessCreatePackcom.newland.template
2026-03-27 23:20:51.080 1034-1772 mtkpower_client system_server I [Legacy][PowerHal_Wrap_notifyAppState] com.newland.template/acquire.settings.SettingsActivity pid=5399 state:0
2026-03-27 23:20:51.080 1034-1772 game_scn system_server I collectForegroundAppList packName=com.newland.template, actName=acquire.settings.SettingsActivity, pid=5399, uid=10110, state:PAUSED
2026-03-27 23:20:51.081 472-556 libPowerHal ven...hardware.mtkpower@1.0-service I [perfNotifyAppState] pack:com.newland.template, act:acquire.core.TransActivity, state:0, pid:5399, uid:10110, fps:60
2026-03-27 23:20:51.086 472-556 libPowerHal ven...hardware.mtkpower@1.0-service I [perfNotifyAppState] pack:com.newland.template, act:acquire.settings.SettingsActivity, state:0, pid:5399, uid:10110, fps:60
2026-03-27 23:20:51.119 5399-5399 BLASTBufferQueue com.newland.template D [VRI[MainActivity]#0](f:0,a:1) destructor()
2026-03-27 23:20:51.119 5399-5399 BufferQueueConsumer com.newland.template D [VRI[MainActivity]#0(BLAST Consumer)0](id:151700000000,api:0,p:-1,c:5399) disconnect
2026-03-27 23:20:51.154 5399-5399 BLASTBufferQueue com.newland.template D [VRI[SettingsActivity]#4](f:0,a:1) destructor()
2026-03-27 23:20:51.155 5399-5399 BufferQueueConsumer com.newland.template D [VRI[SettingsActivity]#4(BLAST Consumer)4](id:151700000004,api:0,p:-1,c:5399) disconnect
2026-03-27 23:20:51.166 5399-5399 BLASTBufferQueue com.newland.template D [VRI[TransActivity]#3](f:0,a:1) destructor()
2026-03-27 23:20:51.167 5399-5399 BufferQueueConsumer com.newland.template D [VRI[TransActivity]#3(BLAST Consumer)3](id:151700000003,api:0,p:-1,c:5399) disconnect
2026-03-27 23:20:51.169 5399-5424 GED com.newland.template I ged_boost_gpu_freq, level 100, eOrigin 2, final_idx 2, oppidx_max 2, oppidx_min 0
2026-03-27 23:20:51.175 5399-5399 bankdemoR3...Stop(L:39) com.newland.template V MainActivity{14e39a4}->onStop
2026-03-27 23:20:51.180 5399-5399 bankdemoR3...Stop(L:39) com.newland.template V SplashFragment{9700be6}->onStop
2026-03-27 23:20:51.259 5399-5399 bankdemoR3...Stop(L:39) com.newland.template V MainFragment{84fc063}->onStop
2026-03-27 23:20:51.275 5399-5399 bankdemoR3...Stop(L:39) com.newland.template V TransActivity{ee55c66}->onStop
2026-03-27 23:20:51.278 5399-5399 bankdemoR3...Stop(L:39) com.newland.template V ForActivityResultFragment{346a3fa}->onStop
2026-03-27 23:20:51.283 5399-5399 bankdemoR3...Stop(L:39) com.newland.template V SettingsActivity{8f3dd8b}->onStop
2026-03-27 23:20:51.286 5399-5399 bankdemoR3...Stop(L:39) com.newland.template V PasswordFragment{c69d6ac}->onStop
2026-03-27 23:20:51.288 5399-5399 bankdemoR3...Stop(L:39) com.newland.template V SettingFragment{6f70eb0}->onStop
2026-03-27 23:20:51.321 483-483 BufferQueueDebug surfaceflinger I [com.newland.template/acquire.app.MainActivity#1823](this:0xac0e4ce4,id:-1,api:0,p:-1,c:483) onDestructor()
2026-03-27 23:20:51.323 483-483 BufferQueueDebug surfaceflinger I [com.newland.template/acquire.core.TransActivity#1859](this:0xac348ce4,id:-1,api:0,p:-1,c:483) onDestructor()
2026-03-27 23:20:51.323 483-483 BufferQueueDebug surfaceflinger I [com.newland.template/acquire.settings.SettingsActivity#1865](this:0xac139ce4,id:-1,api:0,p:-1,c:483) onDestructor()
2026-03-27 23:20:51.631 1034-2905 PowerHalWrapper system_server I amsBoostNotify pid:1798,activity:com.morefun.launcher.activity.LauncherActivity, package:com.morefun.launcher, mProcessCreatePackcom.newland.template
2026-03-27 23:20:51.703 1034-2905 PowerHalWrapper system_server I amsBoostNotify pid:5399,activity:acquire.settings.SettingsActivity, package:com.newland.template, mProcessCreatePackcom.newland.template
2026-03-27 23:20:51.704 472-556 libPowerHal ven...hardware.mtkpower@1.0-service I [perfNotifyAppState] pack:com.newland.template, act:acquire.settings.SettingsActivity, state:0, pid:5399, uid:10110, fps:60
2026-03-27 23:20:51.704 1034-2905 mtkpower_client system_server I [Legacy][PowerHal_Wrap_notifyAppState] com.newland.template/acquire.settings.SettingsActivity pid=5399 state:0
2026-03-27 23:20:51.704 1034-2905 game_scn system_server I collectForegroundAppList packName=com.newland.template, actName=acquire.settings.SettingsActivity, pid=5399, uid=10110, state:PAUSED
2026-03-27 23:20:51.705 1034-2905 PowerHalWrapper system_server I amsBoostNotify pid:5399,activity:acquire.core.TransActivity, package:com.newland.template, mProcessCreatePackcom.newland.template
2026-03-27 23:20:51.705 1034-2905 mtkpower_client system_server I [Legacy][PowerHal_Wrap_notifyAppState] com.newland.template/acquire.core.TransActivity pid=5399 state:0
2026-03-27 23:20:51.705 1034-2905 game_scn system_server I collectForegroundAppList packName=com.newland.template, actName=acquire.core.TransActivity, pid=5399, uid=10110, state:PAUSED
2026-03-27 23:20:51.708 5399-5399 bankdemoR3...troy(L:43) com.newland.template V SettingsActivity{8f3dd8b}->onDestroy
2026-03-27 23:20:51.708 472-556 libPowerHal ven...hardware.mtkpower@1.0-service I [perfNotifyAppState] pack:com.newland.template, act:acquire.core.TransActivity, state:0, pid:5399, uid:10110, fps:60
2026-03-27 23:20:51.708 1034-2905 PowerHalWrapper system_server I amsBoostNotify pid:5399,activity:acquire.app.MainActivity, package:com.newland.template, mProcessCreatePackcom.newland.template
2026-03-27 23:20:51.708 1034-2905 mtkpower_client system_server I [Legacy][PowerHal_Wrap_notifyAppState] com.newland.template/acquire.app.MainActivity pid=5399 state:0
2026-03-27 23:20:51.709 1034-2905 game_scn system_server I collectForegroundAppList packName=com.newland.template, actName=acquire.app.MainActivity, pid=5399, uid=10110, state:PAUSED
2026-03-27 23:20:51.710 472-556 libPowerHal ven...hardware.mtkpower@1.0-service I [perfNotifyAppState] pack:com.newland.template, act:acquire.app.MainActivity, state:0, pid:5399, uid:10110, fps:60
2026-03-27 23:20:51.715 5399-5399 bankdemoR3...oyed(L:67) com.newland.template D remove Activity:acquire.settings.SettingsActivity@8f3dd8b
2026-03-27 23:20:51.731 5399-5399 bankdemoR3...troy(L:43) com.newland.template V PasswordFragment{c69d6ac}->onDestroy
2026-03-27 23:20:51.738 5399-5399 bankdemoR3...troy(L:43) com.newland.template V SettingFragment{6f70eb0}->onDestroy
2026-03-27 23:20:51.750 5399-5399 View com.newland.template D [Warning] assignParent to null: this = DecorView@adf6154[SettingsActivity]
2026-03-27 23:20:51.751 1034-1055 ActivityManager system_server I Killing 5399:com.newland.template/u0a110 (adj 915): remove task
2026-03-27 23:20:51.752 1034-1772 CoreBackPreview system_server D Window{c06c8de u0 com.newland.template/acquire.settings.SettingsActivity}: Setting back callback null
2026-03-27 23:20:51.755 1034-4650 InputManager-JNI system_server W Input channel object 'c06c8de com.newland.template/acquire.settings.SettingsActivity (client)' was disposed without first being removed with the input manager!
2026-03-27 23:20:51.755 1034-4650 WindowManager system_server D setParent old=ActivityRecord{fffbf73 u0 com.newland.template/acquire.settings.SettingsActivity} t34 f}},new=null,this window=Window{c06c8de u0 com.newland.template/acquire.settings.SettingsActivity},callers=com.android.server.wm.WindowContainer.removeChild:772 com.android.server.wm.ActivityRecord.removeChild:4268 com.android.server.wm.ActivityRecord.removeChild:377 com.android.server.wm.WindowContainer.removeImmediately:828 com.android.server.wm.WindowState.removeImmediately:2514 com.android.server.wm.WindowState.removeIfPossible:2704
2026-03-27 23:20:51.866 483-1353 SurfaceFlinger surfaceflinger D [SF client] REMOVE (0xac3498a0) for (5399:com.newland.template)
2026-03-27 23:20:51.866 483-1353 SurfaceFlinger surfaceflinger D [SF client] REMOVE (0xac34a500) for (5399:com.newland.template)
2026-03-27 23:20:51.867 483-1353 SurfaceFlinger surfaceflinger D [SF client] REMOVE (0xac34a6e0) for (5399:com.newland.template)
2026-03-27 23:20:51.869 483-1353 SurfaceFlinger surfaceflinger D [SF client] REMOVE (0xac349cc0) for (5399:com.newland.template)
2026-03-27 23:20:51.869 483-1353 SurfaceFlinger surfaceflinger D [SF client] REMOVE (0xac34a680) for (5399:com.newland.template)
2026-03-27 23:20:51.883 1034-1055 PowerHalWrapper system_server I amsBoostNotify pid:1509,activity:com.android.quickstep.RecentsActivity, package:com.android.launcher3, mProcessCreatePackcom.newland.template
2026-03-27 23:20:51.885 1034-4650 WindowManager system_server I WIN DEATH: Window{f38b849 u0 com.newland.template/acquire.app.MainActivity}
2026-03-27 23:20:51.885 1034-4650 InputManager-JNI system_server W Input channel object 'f38b849 com.newland.template/acquire.app.MainActivity (client)' was disposed without first being removed with the input manager!
2026-03-27 23:20:51.886 1034-4650 WindowManager system_server D setParent old=ActivityRecord{d5c2d31 u0 com.newland.template/acquire.app.MainActivity} t34 f}},new=null,this window=Window{f38b849 u0 com.newland.template/acquire.app.MainActivity},callers=com.android.server.wm.WindowContainer.removeChild:772 com.android.server.wm.ActivityRecord.removeChild:4268 com.android.server.wm.ActivityRecord.removeChild:377 com.android.server.wm.WindowContainer.removeImmediately:828 com.android.server.wm.WindowState.removeImmediately:2514 com.android.server.wm.WindowState.removeIfPossible:2704
2026-03-27 23:20:51.889 1034-2905 WindowManager system_server I WIN DEATH: Window{9b2caa9 u0 com.newland.template/acquire.core.TransActivity}
2026-03-27 23:20:51.890 1034-2905 InputManager-JNI system_server W Input channel object '9b2caa9 com.newland.template/acquire.core.TransActivity (client)' was disposed without first being removed with the input manager!
2026-03-27 23:20:51.890 1034-2905 WindowManager system_server D setParent old=ActivityRecord{eb48418 u0 com.newland.template/acquire.core.TransActivity} t34 f}},new=null,this window=Window{9b2caa9 u0 com.newland.template/acquire.core.TransActivity},callers=com.android.server.wm.WindowContainer.removeChild:772 com.android.server.wm.ActivityRecord.removeChild:4268 com.android.server.wm.ActivityRecord.removeChild:377 com.android.server.wm.WindowContainer.removeImmediately:828 com.android.server.wm.WindowState.removeImmediately:2514 com.android.server.wm.WindowState.removeIfPossible:2704
2026-03-27 23:20:51.902 1034-1153 mtkpower_client system_server I [Legacy][PowerHal_Wrap_notifyAppState] com.newland.template/com.newland.template pid=5399 state:3
2026-03-27 23:20:51.902 1034-1153 game_scn system_server I collectForegroundAppList packName=com.newland.template, actName=com.newland.template, pid=5399, uid=10110, state:DEAD
2026-03-27 23:20:51.902 472-556 libPowerHal ven...hardware.mtkpower@1.0-service I [perfNotifyAppState] pack:com.newland.template, act:com.newland.template, state:3, pid:5399, uid:10110, fps:60
2026-03-27 23:20:51.902 472-556 libPowerHal ven...hardware.mtkpower@1.0-service I [perfNotifyAppState] pack:com.newland.template, pid:5399, STATE_DEAD
2026-03-27 23:20:51.904 1034-1153 WindowManager system_server D setParent old=Task{488d7ee #34 type=standard A=10110:com.newland.template U=0 visible=false visibleRequested=false mode=fullscreen translucent=true sz=2},new=null,this window=ActivityRecord{d5c2d31 u0 com.newland.template/acquire.app.MainActivity} t34 f}},callers=com.android.server.wm.WindowContainer.removeChild:772 com.android.server.wm.TaskFragment.removeChild:2514 com.android.server.wm.Task.removeChild:1499 com.android.server.wm.Task.removeChild:1482 com.android.server.wm.WindowContainer.removeImmediately:828 com.android.server.wm.WindowToken.removeImmediately:350
2026-03-27 23:20:51.905 1034-1153 WindowManager system_server D setParent old=Task{488d7ee #34 type=standard A=10110:com.newland.template U=0 visible=false visibleRequested=false mode=fullscreen translucent=true sz=1},new=null,this window=ActivityRecord{eb48418 u0 com.newland.template/acquire.core.TransActivity} t34 f}},callers=com.android.server.wm.WindowContainer.removeChild:772 com.android.server.wm.TaskFragment.removeChild:2514 com.android.server.wm.Task.removeChild:1499 com.android.server.wm.Task.removeChild:1482 com.android.server.wm.WindowContainer.removeImmediately:828 com.android.server.wm.WindowToken.removeImmediately:350
2026-03-27 23:20:51.907 1034-1153 WindowManager system_server D setParent old=Task{488d7ee #34 type=standard A=10110:com.newland.template U=0 visible=false visibleRequested=false mode=fullscreen translucent=true sz=0},new=null,this window=ActivityRecord{fffbf73 u0 com.newland.template/acquire.settings.SettingsActivity} t34 f}},callers=com.android.server.wm.WindowContainer.removeChild:772 com.android.server.wm.TaskFragment.removeChild:2514 com.android.server.wm.Task.removeChild:1499 com.android.server.wm.Task.removeChild:1482 com.android.server.wm.WindowContainer.removeImmediately:828 com.android.server.wm.WindowToken.removeImmediately:350
2026-03-27 23:20:51.909 1034-1153 WindowManager system_server D setParent old=DefaultTaskDisplayArea@25478164,new=null,this window=Task{488d7ee #34 type=standard A=10110:com.newland.template U=0 visible=false visibleRequested=false mode=fullscreen translucent=true sz=0},callers=com.android.server.wm.WindowContainer.removeChild:772 com.android.server.wm.TaskDisplayArea.removeChildTask:359 com.android.server.wm.TaskDisplayArea.removeChild:350 com.android.server.wm.WindowContainer.removeImmediately:828 com.android.server.wm.TaskFragment.removeImmediately:2594 com.android.server.wm.Task.removeImmediately:2587
2026-03-27 23:20:51.917 1034-1064 UsageStatsService system_server W Unexpected activity event reported! (com.newland.template/acquire.app.MainActivity event : 23 instanceId : 96105944)
2026-03-27 23:20:51.918 1034-1064 UsageStatsService system_server W Unexpected activity event reported! (com.newland.template/acquire.core.TransActivity event : 23 instanceId : 71945211)
2026-03-27 23:20:51.918 1034-1064 UsageStatsService system_server W Unexpected activity event reported! (com.newland.template/acquire.settings.SettingsActivity event : 23 instanceId : 87539682)
2026-03-27 23:20:52.401 1034-2905 ActivityTaskManager system_server E pkgName : com.newland.template
2026-03-27 23:20:52.403 1034-2905 ActivityTaskManager system_server D ATMS startActivity packageName=com.newland.template callingPackage=com.morefun.launcher callingFeatureId=null intent=Intent { act=android.intent.action.MAIN cat=[android.intent.category.LAUNCHER] flg=0x10200000 cmp=com.newland.template/acquire.app.MainActivity } resolvedType=null resultTo=Token{4beee54 ActivityRecord{ae141fd u0 com.morefun.launcher/.activity.LauncherActivity} t7}} resultWho=null requestCode=-1 startFlags=0 profilerInfo=null bOptions=null
2026-03-27 23:20:52.404 1034-2905 ActivityTaskManager system_server E pkgName : com.newland.template
2026-03-27 23:20:52.405 1034-2905 ActivityTaskManager system_server I START u0 {act=android.intent.action.MAIN cat=[android.intent.category.LAUNCHER] flg=0x10200000 cmp=com.newland.template/acquire.app.MainActivity} from uid 1000
2026-03-27 23:20:52.417 1034-2905 PowerHalWrapper system_server I last:com.morefun.launcher, next:com.newland.template
2026-03-27 23:20:52.417 1034-2905 DuraSpeed system_server D onAppSwitched, packageName:com.newland.template
2026-03-27 23:20:52.423 1034-2905 ActivityTaskManager system_server E ->startActivity for com.newland.template result:0
2026-03-27 23:20:52.441 1034-2905 PowerHalWrapper system_server I amsBoostNotify pid:1798,activity:com.morefun.launcher.activity.LauncherActivity, package:com.morefun.launcher, mProcessCreatePackcom.newland.template
2026-03-27 23:20:52.449 1034-1055 PowerHalWrapper system_server I amsBoostProcessCreate package:com.newland.template
2026-03-27 23:20:52.450 1034-2905 CoreBackPreview system_server D Window{a7d192f u0 Splash Screen com.newland.template}: Setting back callback OnBackInvokedCallbackInfo{mCallback=android.window.IOnBackInvokedCallback$Stub$Proxy@be87a1a, mPriority=0}
2026-03-27 23:20:52.452 1034-1062 ziparchive system_server W Unable to open '/data/app/~~PXIKEVOO8G7lk1eZHgFktw==/com.newland.template-BV0x_iAl5lK1xf2BjN62eA==/base.dm': No such file or directory
2026-03-27 23:20:52.456 1034-1062 DexOptExtImpl system_server D com.newland.template reason is 1 abi is armeabi-v7a
2026-03-27 23:20:52.464 483-1651 BufferQueueDebug surfaceflinger I [Splash Screen com.newland.template#1909](this:0xac139ce4,id:-1,api:0,p:-1,c:-1) BufferQueue core=(483:/system/bin/surfaceflinger)
