2026-03-27 23:20:52.482 1034-1066 ActivityManager system_server E [pisces]Permission file(/mfisv/data/perm/com.newland.template.perm) is not found.
2026-03-27 23:20:52.482 1034-1066 ActivityManager system_server I Start proc 5493:com.newland.template/u0a110 for next-top-activity {com.newland.template/acquire.app.MainActivity}
2026-03-27 23:20:52.522 483-483 BufferStateLayer surfaceflinger D Splash Screen com.newland.template#1909 setBuffer frameId=1, bufferId=5355824218663 fenceId=205, w= 720, h=1600
2026-03-27 23:20:52.634 1034-2905 PowerHalWrapper system_server I amsBoostNotify pid:5493,activity:acquire.app.MainActivity, package:com.newland.template, mProcessCreatePackcom.newland.template
2026-03-27 23:20:52.635 1034-2905 mtkpower_client system_server I [Legacy][PowerHal_Wrap_notifyAppState] com.newland.template/acquire.app.MainActivity pid=5493 state:1
2026-03-27 23:20:52.635 1034-2905 game_scn system_server I collectForegroundAppList packName=com.newland.template, actName=acquire.app.MainActivity, pid=5493, uid=10110, state:RESUMED
2026-03-27 23:20:52.635 1034-2905 game_scn system_server I powerNotifyForegroundApp multi_resumed_app_info: pid: 5493, packname: com.newland.template, actname: acquire.app.MainActivity
2026-03-27 23:20:52.635 472-556 libPowerHal ven...hardware.mtkpower@1.0-service I [perfNotifyAppState] pack:com.newland.template, act:acquire.app.MainActivity, state:1, pid:5493, uid:10110, fps:60
2026-03-27 23:20:52.636 472-556 libPowerHal ven...hardware.mtkpower@1.0-service I [perfNotifyAppState] foreground:com.newland.template, pid:5493, uid:10110
2026-03-27 23:20:52.645 472-502 mtkpower@impl ven...hardware.mtkpower@1.0-service I [notifyAppState] pc:1, com.morefun.launcher => com.newland.template
2026-03-27 23:20:52.669 5493-5493 ziparchive com.newland.template W Unable to open '/data/app/~~PXIKEVOO8G7lk1eZHgFktw==/com.newland.template-BV0x_iAl5lK1xf2BjN62eA==/base.dm': No such file or directory
2026-03-27 23:20:52.670 5493-5493 ziparchive com.newland.template W Unable to open '/data/app/~~PXIKEVOO8G7lk1eZHgFktw==/com.newland.template-BV0x_iAl5lK1xf2BjN62eA==/base.dm': No such file or directory
2026-03-27 23:20:53.755 5493-5493 GraphicsEnvironment com.newland.template V ANGLE Developer option for 'com.newland.template' set to: 'default'
2026-03-27 23:20:53.756 5493-5493 GraphicsEnvironment com.newland.template V ANGLE GameManagerService for com.newland.template: false
2026-03-27 23:20:53.756 5493-5493 GraphicsEnvironment com.newland.template V Neither updatable production driver nor prerelease driver is supported.
2026-03-27 23:20:53.764 5493-5493 NetworkSecurityConfig com.newland.template D No Network Security Config specified, using platform default
2026-03-27 23:20:53.766 5493-5493 NetworkSecurityConfig com.newland.template D No Network Security Config specified, using platform default
2026-03-27 23:20:53.776 5493-5493 Compatibil...geReporter com.newland.template D Compat change id reported: 183155436; UID 10110; state: DISABLED
2026-03-27 23:20:53.852 5493-5513 bindDeviceService com.newland.template E ======bindService======
2026-03-27 23:20:53.862 5493-5512 bankdemoR3...nfig(L:43) com.newland.template I Check application parameters start.
2026-03-27 23:20:53.863 5493-5493 MSYNC3-Var...efreshRate com.newland.template I Variable refreshrate is disabled
2026-03-27 23:20:53.864 5493-5512 bankdemoR3...ean(L:209) com.newland.template D Preferences get->key:FIRST_RUN, value:false
2026-03-27 23:20:53.868 5493-5512 bankdemoR3...ing(L:152) com.newland.template D Preferences get->key:QR_SERVER_ADDRESS, value:demo.ctrmv.com
2026-03-27 23:20:53.869 5493-5512 bankdemoR3...ing(L:152) com.newland.template D Preferences get->key:QR_SERVER_PORT, value:4001
2026-03-27 23:20:53.870 5493-5512 bankdemoR3...ing(L:152) com.newland.template D Preferences get->key:QR_API_ENDPOINT, value:/api/Iotmsgtest/createQrMf
2026-03-27 23:20:53.871 5493-5512 bankdemoR3...ing(L:152) com.newland.template D Preferences get->key:MQTT_BROKER_ADDRESS, value:demo.ctrmv.com
2026-03-27 23:20:53.873 5493-5512 bankdemoR3...ing(L:152) com.newland.template D Preferences get->key:MQTT_BROKER_PORT, value:1883
2026-03-27 23:20:53.874 5493-5512 bankdemoR3...nfig(L:64) com.newland.template D init 8583.xml
2026-03-27 23:20:53.878 5493-5512 bankdemoR3...File(L:62) com.newland.template D start to parse ISO8583 configuration xml.
2026-03-27 23:20:53.891 5493-5512 bankdemoR3...File(L:80) com.newland.template D BITMAP >> IsoFormat{maxLen=8, type=2, lengthVar=false, alignRight=false, fill='0'}
2026-03-27 23:20:53.893 5493-5512 bankdemoR3...File(L:96) com.newland.template D FIELD000 >> IsoFormat{maxLen=4, type=1, lengthVar=false, alignRight=true, fill='0'}
2026-03-27 23:20:53.895 5493-5512 bankdemoR3...File(L:96) com.newland.template D FIELD001 >> IsoFormat{maxLen=8, type=2, lengthVar=false, alignRight=false, fill='0'}
2026-03-27 23:20:53.896 5493-5512 bankdemoR3...File(L:96) com.newland.template D FIELD002 >> IsoFormat{maxLen=99, type=1, lengthVar=true, alignRight=false, fill='0'}
2026-03-27 23:20:53.898 5493-5512 bankdemoR3...File(L:96) com.newland.template D FIELD003 >> IsoFormat{maxLen=6, type=1, lengthVar=false, alignRight=true, fill='0'}
2026-03-27 23:20:53.899 5493-5512 bankdemoR3...File(L:96) com.newland.template D FIELD004 >> IsoFormat{maxLen=12, type=1, lengthVar=false, alignRight=true, fill='0'}
2026-03-27 23:20:53.901 5493-5512 bankdemoR3...File(L:96) com.newland.template D FIELD005 >> IsoFormat{maxLen=99, type=0, lengthVar=true, alignRight=false, fill=' '}
2026-03-27 23:20:53.902 5493-5512 bankdemoR3...File(L:96) com.newland.template D FIELD006 >> IsoFormat{maxLen=99, type=0, lengthVar=true, alignRight=false, fill=' '}
2026-03-27 23:20:53.904 5493-5512 bankdemoR3...File(L:96) com.newland.template D FIELD007 >> IsoFormat{maxLen=99, type=0, lengthVar=true, alignRight=false, fill=' '}
2026-03-27 23:20:53.905 5493-5512 bankdemoR3...File(L:96) com.newland.template D FIELD008 >> IsoFormat{maxLen=99, type=0, lengthVar=true, alignRight=false, fill=' '}
2026-03-27 23:20:53.906 5493-5512 bankdemoR3...File(L:96) com.newland.template D FIELD009 >> IsoFormat{maxLen=99, type=0, lengthVar=true, alignRight=false, fill=' '}
2026-03-27 23:20:53.908 5493-5512 bankdemoR3...File(L:96) com.newland.template D FIELD010 >> IsoFormat{maxLen=99, type=0, lengthVar=true, alignRight=false, fill=' '}
2026-03-27 23:20:53.910 5493-5512 bankdemoR3...File(L:96) com.newland.template D FIELD011 >> IsoFormat{maxLen=6, type=1, lengthVar=false, alignRight=true, fill='0'}
2026-03-27 23:20:53.911 5493-5512 bankdemoR3...File(L:96) com.newland.template D FIELD012 >> IsoFormat{maxLen=6, type=1, lengthVar=false, alignRight=true, fill='0'}
2026-03-27 23:20:53.913 5493-5512 bankdemoR3...File(L:96) com.newland.template D FIELD013 >> IsoFormat{maxLen=4, type=1, lengthVar=false, alignRight=true, fill='0'}
2026-03-27 23:20:53.914 5493-5512 bankdemoR3...File(L:96) com.newland.template D FIELD014 >> IsoFormat{maxLen=4, type=1, lengthVar=false, alignRight=true, fill='0'}
2026-03-27 23:20:53.916 5493-5512 bankdemoR3...File(L:96) com.newland.template D FIELD015 >> IsoFormat{maxLen=4, type=1, lengthVar=false, alignRight=true, fill='0'}
2026-03-27 23:20:53.917 5493-5512 bankdemoR3...File(L:96) com.newland.template D FIELD016 >> IsoFormat{maxLen=99, type=0, lengthVar=true, alignRight=false, fill=' '}
2026-03-27 23:20:53.918 5493-5512 bankdemoR3...File(L:96) com.newland.template D FIELD017 >> IsoFormat{maxLen=99, type=0, lengthVar=true, alignRight=false, fill=' '}
2026-03-27 23:20:53.921 5493-5512 bankdemoR3...File(L:96) com.newland.template D FIELD018 >> IsoFormat{maxLen=99, type=0, lengthVar=true, alignRight=false, fill=' '}
2026-03-27 23:20:53.922 5493-5512 bankdemoR3...File(L:96) com.newland.template D FIELD019 >> IsoFormat{maxLen=99, type=0, lengthVar=true, alignRight=false, fill=' '}
2026-03-27 23:20:53.924 5493-5512 bankdemoR3...File(L:96) com.newland.template D FIELD020 >> IsoFormat{maxLen=99, type=0, lengthVar=true, alignRight=false, fill=' '}
2026-03-27 23:20:53.926 5493-5512 bankdemoR3...File(L:96) com.newland.template D FIELD021 >> IsoFormat{maxLen=99, type=0, lengthVar=true, alignRight=false, fill=' '}
2026-03-27 23:20:53.927 5493-5512 bankdemoR3...File(L:96) com.newland.template D FIELD022 >> IsoFormat{maxLen=3, type=1, lengthVar=false, alignRight=true, fill='0'}
2026-03-27 23:20:53.929 5493-5512 bankdemoR3...File(L:96) com.newland.template D FIELD023 >> IsoFormat{maxLen=3, type=1, lengthVar=false, alignRight=true, fill='0'}
2026-03-27 23:20:53.931 5493-5512 bankdemoR3...File(L:96) com.newland.template D FIELD024 >> IsoFormat{maxLen=3, type=1, lengthVar=false, alignRight=true, fill='0'}
2026-03-27 23:20:53.933 5493-5512 bankdemoR3...File(L:96) com.newland.template D FIELD025 >> IsoFormat{maxLen=2, type=1, lengthVar=false, alignRight=true, fill='0'}
2026-03-27 23:20:53.934 5493-5512 bankdemoR3...File(L:96) com.newland.template D FIELD026 >> IsoFormat{maxLen=2, type=1, lengthVar=false, alignRight=true, fill='0'}
2026-03-27 23:20:53.936 5493-5512 bankdemoR3...File(L:96) com.newland.template D FIELD027 >> IsoFormat{maxLen=99, type=0, lengthVar=true, alignRight=false, fill=' '}
2026-03-27 23:20:53.938 5493-5512 bankdemoR3...File(L:96) com.newland.template D FIELD028 >> IsoFormat{maxLen=99, type=0, lengthVar=true, alignRight=false, fill=' '}
2026-03-27 23:20:53.939 5493-5512 bankdemoR3...File(L:96) com.newland.template D FIELD029 >> IsoFormat{maxLen=99, type=0, lengthVar=true, alignRight=false, fill=' '}
2026-03-27 23:20:53.941 5493-5512 bankdemoR3...File(L:96) com.newland.template D FIELD030 >> IsoFormat{maxLen=99, type=0, lengthVar=true, alignRight=false, fill=' '}
2026-03-27 23:20:53.942 5493-5512 bankdemoR3...File(L:96) com.newland.template D FIELD031 >> IsoFormat{maxLen=99, type=0, lengthVar=true, alignRight=false, fill=' '}
2026-03-27 23:20:53.944 5493-5512 bankdemoR3...File(L:96) com.newland.template D FIELD032 >> IsoFormat{maxLen=99, type=1, lengthVar=true, alignRight=false, fill='0'}
2026-03-27 23:20:53.945 5493-5512 bankdemoR3...File(L:96) com.newland.template D FIELD033 >> IsoFormat{maxLen=99, type=0, lengthVar=true, alignRight=false, fill=' '}
2026-03-27 23:20:53.947 5493-5512 bankdemoR3...File(L:96) com.newland.template D FIELD034 >> IsoFormat{maxLen=99, type=0, lengthVar=true, alignRight=false, fill=' '}
2026-03-27 23:20:53.949 5493-5512 bankdemoR3...File(L:96) com.newland.template D FIELD035 >> IsoFormat{maxLen=99, type=1, lengthVar=true, alignRight=false, fill='0'}
2026-03-27 23:20:53.950 5493-5512 bankdemoR3...File(L:96) com.newland.template D FIELD036 >> IsoFormat{maxLen=999, type=1, lengthVar=true, alignRight=false, fill='0'}
2026-03-27 23:20:53.952 5493-5512 bankdemoR3...File(L:96) com.newland.template D FIELD037 >> IsoFormat{maxLen=12, type=0, lengthVar=false, alignRight=false, fill=' '}
2026-03-27 23:20:53.954 5493-5512 bankdemoR3...File(L:96) com.newland.template D FIELD038 >> IsoFormat{maxLen=6, type=0, lengthVar=false, alignRight=false, fill=' '}
2026-03-27 23:20:53.955 5493-5512 bankdemoR3...File(L:96) com.newland.template D FIELD039 >> IsoFormat{maxLen=2, type=0, lengthVar=false, alignRight=false, fill=' '}
2026-03-27 23:20:53.957 5493-5512 bankdemoR3...File(L:96) com.newland.template D FIELD040 >> IsoFormat{maxLen=99, type=0, lengthVar=true, alignRight=false, fill=' '}
2026-03-27 23:20:53.958 5493-5512 bankdemoR3...File(L:96) com.newland.template D FIELD041 >> IsoFormat{maxLen=8, type=0, lengthVar=false, alignRight=false, fill=' '}
2026-03-27 23:20:53.960 5493-5512 bankdemoR3...File(L:96) com.newland.template D FIELD042 >> IsoFormat{maxLen=15, type=0, lengthVar=false, alignRight=false, fill=' '}
2026-03-27 23:20:53.961 5493-5512 bankdemoR3...File(L:96) com.newland.template D FIELD043 >> IsoFormat{maxLen=40, type=0, lengthVar=false, alignRight=false, fill=' '}
2026-03-27 23:20:53.963 5493-5512 bankdemoR3...File(L:96) com.newland.template D FIELD044 >> IsoFormat{maxLen=999, type=1, lengthVar=true, alignRight=true, fill='0'}
2026-03-27 23:20:53.965 5493-5512 bankdemoR3...File(L:96) com.newland.template D FIELD045 >> IsoFormat{maxLen=99, type=0, lengthVar=true, alignRight=false, fill=' '}
2026-03-27 23:20:53.966 5493-5512 bankdemoR3...File(L:96) com.newland.template D FIELD046 >> IsoFormat{maxLen=99, type=0, lengthVar=true, alignRight=false, fill=' '}
2026-03-27 23:20:53.968 5493-5512 bankdemoR3...File(L:96) com.newland.template D FIELD047 >> IsoFormat{maxLen=999, type=0, lengthVar=true, alignRight=true, fill='0'}
2026-03-27 23:20:53.969 5493-5512 bankdemoR3...File(L:96) com.newland.template D FIELD048 >> IsoFormat{maxLen=999, type=1, lengthVar=true, alignRight=false, fill='0'}
2026-03-27 23:20:53.971 5493-5512 bankdemoR3...File(L:96) com.newland.template D FIELD049 >> IsoFormat{maxLen=3, type=0, lengthVar=false, alignRight=false, fill=' '}
2026-03-27 23:20:53.972 5493-5512 bankdemoR3...File(L:96) com.newland.template D FIELD050 >> IsoFormat{maxLen=99, type=0, lengthVar=true, alignRight=false, fill=' '}
2026-03-27 23:20:53.974 5493-5512 bankdemoR3...File(L:96) com.newland.template D FIELD051 >> IsoFormat{maxLen=99, type=0, lengthVar=true, alignRight=false, fill=' '}
2026-03-27 23:20:53.975 5493-5512 bankdemoR3...File(L:96) com.newland.template D FIELD052 >> IsoFormat{maxLen=8, type=2, lengthVar=false, alignRight=false, fill=' '}
2026-03-27 23:20:53.977 5493-5512 bankdemoR3...File(L:96) com.newland.template D FIELD053 >> IsoFormat{maxLen=16, type=1, lengthVar=false, alignRight=true, fill='0'}
2026-03-27 23:20:53.978 5493-5512 bankdemoR3...File(L:96) com.newland.template D FIELD054 >> IsoFormat{maxLen=999, type=1, lengthVar=true, alignRight=true, fill='0'}
2026-03-27 23:20:53.980 5493-5512 bankdemoR3...File(L:96) com.newland.template D FIELD055 >> IsoFormat{maxLen=999, type=2, lengthVar=true, alignRight=true, fill='0'}
2026-03-27 23:20:53.981 5493-5512 bankdemoR3...File(L:96) com.newland.template D FIELD056 >> IsoFormat{maxLen=99, type=0, lengthVar=true, alignRight=false, fill=' '}
2026-03-27 23:20:53.983 5493-5512 bankdemoR3...File(L:96) com.newland.template D FIELD057 >> IsoFormat{maxLen=999, type=2, lengthVar=true, alignRight=false, fill='0'}
2026-03-27 23:20:53.985 5493-5512 bankdemoR3...File(L:96) com.newland.template D FIELD058 >> IsoFormat{maxLen=4999, type=0, lengthVar=true, alignRight=false, fill='0'}
2026-03-27 23:20:53.987 5493-5512 bankdemoR3...File(L:96) com.newland.template D FIELD059 >> IsoFormat{maxLen=999, type=1, lengthVar=true, alignRight=false, fill='0'}
2026-03-27 23:20:53.988 5493-5512 bankdemoR3...File(L:96) com.newland.template D FIELD060 >> IsoFormat{maxLen=999, type=1, lengthVar=true, alignRight=false, fill='0'}
2026-03-27 23:20:53.990 5493-5512 bankdemoR3...File(L:96) com.newland.template D FIELD061 >> IsoFormat{maxLen=999, type=1, lengthVar=true, alignRight=false, fill='0'}
2026-03-27 23:20:53.991 5493-5512 bankdemoR3...File(L:96) com.newland.template D FIELD062 >> IsoFormat{maxLen=999, type=0, lengthVar=true, alignRight=false, fill=' '}
2026-03-27 23:20:53.993 5493-5512 bankdemoR3...File(L:96) com.newland.template D FIELD063 >> IsoFormat{maxLen=4999, type=0, lengthVar=true, alignRight=false, fill=' '}
2026-03-27 23:20:53.995 5493-5512 bankdemoR3...File(L:96) com.newland.template D FIELD064 >> IsoFormat{maxLen=8, type=2, lengthVar=false, alignRight=false, fill='0'}
2026-03-27 23:20:54.001 5493-5493 AppCompatDelegate com.newland.template D Checking for metadata for AppLocalesMetadataHolderService : Service not found
2026-03-27 23:20:54.007 5493-5512 bankdemoR3...File(L:96) com.newland.template D FIELD128 >> IsoFormat{maxLen=8, type=2, lengthVar=false, alignRight=false, fill='0'}
2026-03-27 23:20:54.008 5493-5512 bankdemoR3...nfig(L:72) com.newland.template D init sound resource
2026-03-27 23:20:54.019 5493-5512 bankdemoR3...nfig(L:74) com.newland.template I Check application parameters over.
2026-03-27 23:20:54.026 5493-5519 MediaCodec com.newland.template D CreateByType: pid -1(5493)
2026-03-27 23:20:54.026 5493-5519 MediaCodec com.newland.template D CreateByType: mime audio/mpeg, encoder 0 pid -1
2026-03-27 23:20:54.028 5493-5519 MediaCodecList com.newland.template D codecHandlesFormat: no format, so no extra checks
2026-03-27 23:20:54.029 5493-5519 MediaCodecList com.newland.template D codecHandlesFormat: no format, so no extra checks
2026-03-27 23:20:54.029 5493-5519 MediaCodecList com.newland.template D codecHandlesFormat: no format, so no extra checks
2026-03-27 23:20:54.030 5493-5519 MediaCodecList com.newland.template D codecHandlesFormat: no format, so no extra checks
2026-03-27 23:20:54.032 5493-5519 CCodecBufferChannel com.newland.template D mBufferCountDebug=0 mIsUserLoad=1
2026-03-27 23:20:54.032 5493-5519 MediaCodec com.newland.template D [0xb1e28c00] init: CCodec 0xb17ea9c0, CCodecBufferChannel 0xb087d200
2026-03-27 23:20:54.033 5493-5520 MediaCodec com.newland.template D [0xb1e28c00] setState: 1
2026-03-27 23:20:54.033 5493-5520 CCodec com.newland.template D allocate(c2.mtk.mp3.decoder)
2026-03-27 23:20:54.036 5493-5520 Codec2Client com.newland.template I Available Codec2 services: "default" "software"
2026-03-27 23:20:54.039 5493-5520 CCodec com.newland.template I setting up 'default' as default (vendor) store
2026-03-27 23:20:54.047 5493-5520 CCodec com.newland.template I Created component [c2.mtk.mp3.decoder]
2026-03-27 23:20:54.047 5493-5520 CCodecBufferChannel com.newland.template D [0xb087d200] setComponent: mName c2.mtk.mp3.decoder#114, mPipelineWatcher 0xb087d3b0
2026-03-27 23:20:54.047 5493-5520 CCodecBufferChannel com.newland.template D PipelineWatcher debug info [c2.mtk.mp3.decoder#114] enable=0
2026-03-27 23:20:54.048 5493-5520 CCodecConfig com.newland.template D read media type: audio/mpeg
2026-03-27 23:20:54.051 5493-5520 ReflectedParamUpdater com.newland.template D extent() != 1 for single value type: algo.buffers.max-count.values
2026-03-27 23:20:54.052 5493-5520 ReflectedParamUpdater com.newland.template D extent() != 1 for single value type: output.subscribed-indices.values
2026-03-27 23:20:54.053 5493-5520 ReflectedParamUpdater com.newland.template D extent() != 1 for single value type: input.buffers.allocator-ids.values
2026-03-27 23:20:54.053 5493-5520 ReflectedParamUpdater com.newland.template D extent() != 1 for single value type: output.buffers.allocator-ids.values
2026-03-27 23:20:54.054 5493-5520 ReflectedParamUpdater com.newland.template D extent() != 1 for single value type: algo.buffers.allocator-ids.values
2026-03-27 23:20:54.054 5493-5520 ReflectedParamUpdater com.newland.template D extent() != 1 for single value type: output.buffers.pool-ids.values
2026-03-27 23:20:54.054 5493-5520 ReflectedParamUpdater com.newland.template D extent() != 1 for single value type: algo.buffers.pool-ids.values
2026-03-27 23:20:54.057 5493-5520 CCodecConfig com.newland.template I query failed after returning 7 values (BAD_INDEX)
2026-03-27 23:20:54.058 5493-5520 CCodecConfig com.newland.template D c2 config diff is Dict { c2::u32 coded.bitrate.value = 64000 c2::u32 input.buffers.max-size.value = 65536 c2::u32 input.delay.value = 0 string input.media-type.value = "audio/mpeg" string output.media-type.value = "audio/raw" c2::u32 raw.channel-count.value = 2 c2::u32 raw.sample-rate.value = 44100 }
2026-03-27 23:20:54.059 5493-5520 MediaCodec com.newland.template D [0xb1e28c00] setState: 2
2026-03-27 23:20:54.061 5493-5519 MediaCodec com.newland.template D [0xb1e28c00] [c2.mtk.mp3.decoder] configure
2026-03-27 23:20:54.061 5493-5520 MediaCodec com.newland.template D flushMediametrics
2026-03-27 23:20:54.062 5493-5520 MediaCodec com.newland.template D [0xb1e28c00] setState: 3
2026-03-27 23:20:54.062 5493-5520 CCodec com.newland.template D [c2.mtk.mp3.decoder] buffers are bound to CCodec for this session
2026-03-27 23:20:54.063 5493-5520 CCodecConfig com.newland.template D no c2 equivalents for durationUs
2026-03-27 23:20:54.063 5493-5520 CCodecConfig com.newland.template D no c2 equivalents for track-id
2026-03-27 23:20:54.063 5493-5520 CCodecConfig com.newland.template D no c2 equivalents for flags
2026-03-27 23:20:54.064 5493-5520 CCodecConfig com.newland.template D c2 config diff is c2::u32 coded.bitrate.value = 192000
2026-03-27 23:20:54.066 5493-5520 Codec2Client com.newland.template W query -- param skipped: index = 1107298332.
2026-03-27 23:20:54.066 5493-5520 CCodec com.newland.template D encoding statistics level = 0
2026-03-27 23:20:54.066 5493-5520 CCodec com.newland.template D setup formats input: AMessage(what = 0x00000000) = { int32_t bitrate = 192000 int32_t channel-count = 2 int32_t max-input-size = 65536 string mime = "audio/mpeg" int32_t sample-rate = 44100 }
2026-03-27 23:20:54.067 5493-5520 CCodec com.newland.template D setup formats output: AMessage(what = 0x00000000) = { int32_t channel-count = 2 string mime = "audio/raw" int32_t sample-rate = 44100 int32_t android._config-pcm-encoding = 2 }
2026-03-27 23:20:54.067 5493-5520 CCodecConfig com.newland.template I query failed after returning 7 values (BAD_INDEX)
2026-03-27 23:20:54.067 5493-5520 MediaCodec com.newland.template D [0xb1e28c00] setState: 4
2026-03-27 23:20:54.067 5493-5520 MediaCodec com.newland.template D [0xb1e28c00] setState: 5
2026-03-27 23:20:54.069 5493-5520 Codec2Client com.newland.template W query -- param skipped: index = 1342179345.
2026-03-27 23:20:54.069 5493-5520 Codec2Client com.newland.template W query -- param skipped: index = 2415921170.
2026-03-27 23:20:54.069 5493-5520 C2Store com.newland.template D Using ION
2026-03-27 23:20:54.071 5493-5520 CCodecBufferChannel com.newland.template D [c2.mtk.mp3.decoder#114] Created input block pool with allocatorID 16 => poolID 17 - OK (0)
2026-03-27 23:20:54.073 5493-5520 CCodecBufferChannel com.newland.template I [c2.mtk.mp3.decoder#114] Created output block pool with allocatorID 16 => poolID 38 - OK
2026-03-27 23:20:54.074 5493-5520 CCodecBufferChannel com.newland.template D [c2.mtk.mp3.decoder#114] Configured output block pool ids 38 => OK
2026-03-27 23:20:54.074 5493-5520 CCodecBufferChannel com.newland.template D [0xb087d200] [c2.mtk.mp3.decoder#114] start: output->outputDelay 0, output->numSlots 4
2026-03-27 23:20:54.074 5493-5520 CCodecBuffers com.newland.template D [c2.mtk.mp3.decoder#114:1D-Output.Impl[N]] converted 0 buffers to array mode of 4
2026-03-27 23:20:54.075 5493-5520 ion com.newland.template E ioctl c0044901 failed with code -1: Invalid argument
2026-03-27 23:20:54.077 5493-5520 MediaCodec com.newland.template D [0xb1e28c00] setState: 6
2026-03-27 23:20:54.079 5493-5520 CCodecBuffers com.newland.template D [c2.mtk.mp3.decoder#114:1D-Input.Impl[N]] converted 4 buffers to array mode of 4
2026-03-27 23:20:54.085 5493-5493 bankdemoR3...ated(L:40) com.newland.template D add Activity:acquire.app.MainActivity@d6662c2
2026-03-27 23:20:54.089 5493-5520 PipelineWatcher com.newland.template D [0xb087d3b0] pipelineFull: too many frames in pipeline (4)
2026-03-27 23:20:54.113 5493-5520 CCodecBufferChannel com.newland.template D [c2.mtk.mp3.decoder#114] input EOS
2026-03-27 23:20:54.116 5493-5519 MediaCodec com.newland.template D [0xb1e28c00] [c2.mtk.mp3.decoder] stop
2026-03-27 23:20:54.116 5493-5520 MediaCodec com.newland.template D [0xb1e28c00] setState: 9
2026-03-27 23:20:54.117 5493-5520 CCodecBufferChannel com.newland.template D [c2.mtk.mp3.decoder#114] MediaCodec discarded an unknown buffer
2026-03-27 23:20:54.117 5493-5520 CCodecBufferChannel com.newland.template D [c2.mtk.mp3.decoder#114] MediaCodec discarded an unknown buffer
2026-03-27 23:20:54.118 5493-5520 MediaCodec com.newland.template D [0xb1e28c00] [c2.mtk.mp3.decoder] kWhatStopCompleted
2026-03-27 23:20:54.118 5493-5520 MediaCodec com.newland.template D [0xb1e28c00] setState: 2
2026-03-27 23:20:54.118 5493-5519 MediaCodec com.newland.template D [0xb1e28c00] [c2.mtk.mp3.decoder] release
2026-03-27 23:20:54.118 5493-5520 MediaCodec com.newland.template D [0xb1e28c00] setState: 10
2026-03-27 23:20:54.119 5493-5520 hw-BpHwBinder com.newland.template I onLastStrongRef automatically unlinking death recipients
2026-03-27 23:20:54.121 5493-5520 MediaCodec com.newland.template D [0xb1e28c00] [c2.mtk.mp3.decoder] kWhatReleaseCompleted
2026-03-27 23:20:54.121 5493-5520 MediaCodec com.newland.template D [0xb1e28c00] setState: 0
2026-03-27 23:20:54.122 5493-5519 MediaCodec com.newland.template D [0xb1e28c00] ~MediaCodec
2026-03-27 23:20:54.122 5493-5519 MediaCodec com.newland.template D flushMediametrics
2026-03-27 23:20:54.135 5493-5519 MediaCodec com.newland.template D CreateByType: pid -1(5493)
2026-03-27 23:20:54.135 5493-5519 MediaCodec com.newland.template D CreateByType: mime audio/vorbis, encoder 0 pid -1
2026-03-27 23:20:54.136 5493-5519 MediaCodecList com.newland.template D codecHandlesFormat: no format, so no extra checks
2026-03-27 23:20:54.136 5493-5519 MediaCodecList com.newland.template D codecHandlesFormat: no format, so no extra checks
2026-03-27 23:20:54.138 5493-5519 CCodecBufferChannel com.newland.template D mBufferCountDebug=0 mIsUserLoad=1
2026-03-27 23:20:54.138 5493-5519 MediaCodec com.newland.template D [0xb1e28c00] init: CCodec 0xb17eab00, CCodecBufferChannel 0xb087d400
2026-03-27 23:20:54.138 5493-5528 MediaCodec com.newland.template D [0xb1e28c00] setState: 1
2026-03-27 23:20:54.138 5493-5528 CCodec com.newland.template D allocate(c2.android.vorbis.decoder)
2026-03-27 23:20:54.141 5493-5528 CCodec com.newland.template I setting up 'default' as default (vendor) store
2026-03-27 23:20:54.149 5493-5528 CCodec com.newland.template I Created component [c2.android.vorbis.decoder]
2026-03-27 23:20:54.149 5493-5528 CCodecBufferChannel com.newland.template D [0xb087d400] setComponent: mName c2.android.vorbis.decoder#338, mPipelineWatcher 0xb087d5b0
2026-03-27 23:20:54.149 5493-5528 CCodecBufferChannel com.newland.template D PipelineWatcher debug info [c2.android.vorbis.decoder#338] enable=0
2026-03-27 23:20:54.149 5493-5528 CCodecConfig com.newland.template D read media type: audio/vorbis
2026-03-27 23:20:54.152 5493-5528 ReflectedParamUpdater com.newland.template D extent() != 1 for single value type: algo.buffers.max-count.values
2026-03-27 23:20:54.153 5493-5528 ReflectedParamUpdater com.newland.template D extent() != 1 for single value type: output.subscribed-indices.values
2026-03-27 23:20:54.154 5493-5528 ReflectedParamUpdater com.newland.template D extent() != 1 for single value type: input.buffers.allocator-ids.values
2026-03-27 23:20:54.154 5493-5528 ReflectedParamUpdater com.newland.template D extent() != 1 for single value type: output.buffers.allocator-ids.values
2026-03-27 23:20:54.154 5493-5528 ReflectedParamUpdater com.newland.template D extent() != 1 for single value type: algo.buffers.allocator-ids.values
2026-03-27 23:20:54.155 5493-5528 ReflectedParamUpdater com.newland.template D extent() != 1 for single value type: output.buffers.pool-ids.values
2026-03-27 23:20:54.155 5493-5528 ReflectedParamUpdater com.newland.template D extent() != 1 for single value type: algo.buffers.pool-ids.values
2026-03-27 23:20:54.158 5493-5528 CCodecConfig com.newland.template I query failed after returning 7 values (BAD_INDEX)
2026-03-27 23:20:54.158 5493-5528 CCodecConfig com.newland.template D c2 config diff is Dict { c2::u32 coded.bitrate.value = 64000 c2::u32 input.buffers.max-size.value = 32768 c2::u32 input.delay.value = 0 string input.media-type.value = "audio/vorbis" string output.media-type.value = "audio/raw" c2::u32 raw.channel-count.value = 1 c2::u32 raw.sample-rate.value = 48000 }
2026-03-27 23:20:54.159 5493-5528 MediaCodec com.newland.template D [0xb1e28c00] setState: 2
2026-03-27 23:20:54.160 5493-5519 MediaCodec com.newland.template D [0xb1e28c00] [c2.android.vorbis.decoder] configure
2026-03-27 23:20:54.160 5493-5528 MediaCodec com.newland.template D flushMediametrics
2026-03-27 23:20:54.160 5493-5528 MediaCodec com.newland.template D [0xb1e28c00] setState: 3
2026-03-27 23:20:54.161 5493-5528 CCodec com.newland.template D [c2.android.vorbis.decoder] buffers are bound to CCodec for this session
2026-03-27 23:20:54.161 5493-5528 CCodecConfig com.newland.template D no c2 equivalents for durationUs
2026-03-27 23:20:54.161 5493-5528 CCodecConfig com.newland.template D no c2 equivalents for track-id
2026-03-27 23:20:54.161 5493-5528 CCodecConfig com.newland.template D no c2 equivalents for csd-1
2026-03-27 23:20:54.161 5493-5528 CCodecConfig com.newland.template D no c2 equivalents for flags
2026-03-27 23:20:54.162 5493-5528 CCodecConfig com.newland.template D c2 config diff is c2::u32 coded.bitrate.value = 86000 c2::u32 raw.sample-rate.value = 44100
2026-03-27 23:20:54.164 5493-5528 Codec2Client com.newland.template W query -- param skipped: index = 1107298332.
2026-03-27 23:20:54.164 5493-5528 CCodec com.newland.template D encoding statistics level = 0
2026-03-27 23:20:54.164 5493-5528 CCodec com.newland.template D setup formats input: AMessage(what = 0x00000000) = { int32_t bitrate = 86000 int32_t channel-count = 1 int32_t max-input-size = 32768 string mime = "audio/vorbis" int32_t sample-rate = 44100 }
2026-03-27 23:20:54.165 5493-5528 CCodec com.newland.template D setup formats output: AMessage(what = 0x00000000) = { int32_t channel-count = 1 string mime = "audio/raw" int32_t sample-rate = 44100 int32_t channel-mask = 1 int32_t android._config-pcm-encoding = 2 }
2026-03-27 23:20:54.165 5493-5528 CCodecConfig com.newland.template I query failed after returning 7 values (BAD_INDEX)
2026-03-27 23:20:54.166 5493-5528 MediaCodec com.newland.template D [0xb1e28c00] setState: 4
2026-03-27 23:20:54.166 5493-5528 MediaCodec com.newland.template D [0xb1e28c00] setState: 5
2026-03-27 23:20:54.167 5493-5528 Codec2Client com.newland.template W query -- param skipped: index = 1342179345.
2026-03-27 23:20:54.167 5493-5528 Codec2Client com.newland.template W query -- param skipped: index = 2415921170.
2026-03-27 23:20:54.169 5493-5528 CCodecBufferChannel com.newland.template D [c2.android.vorbis.decoder#338] Created input block pool with allocatorID 16 => poolID 18 - OK (0)
2026-03-27 23:20:54.171 5493-5528 CCodecBufferChannel com.newland.template I [c2.android.vorbis.decoder#338] Created output block pool with allocatorID 16 => poolID 47 - OK
2026-03-27 23:20:54.172 5493-5528 CCodecBufferChannel com.newland.template D [c2.android.vorbis.decoder#338] Configured output block pool ids 47 => OK
2026-03-27 23:20:54.172 5493-5528 CCodecBufferChannel com.newland.template D [0xb087d400] [c2.android.vorbis.decoder#338] start: output->outputDelay 0, output->numSlots 4
2026-03-27 23:20:54.172 5493-5528 CCodecBuffers com.newland.template D [c2.android.vorbis.decoder#338:1D-Output.Impl[N]] converted 0 buffers to array mode of 4
2026-03-27 23:20:54.175 5493-5528 MediaCodec com.newland.template D [0xb1e28c00] setState: 6
2026-03-27 23:20:54.179 5493-5528 CCodecBuffers com.newland.template D [c2.android.vorbis.decoder#338:1D-Input.Impl[N]] converted 4 buffers to array mode of 4
2026-03-27 23:20:54.193 5493-5493 ewland.template com.newland.template W Accessing hidden method Landroid/view/View;->computeFitSystemWindows(Landroid/graphics/Rect;Landroid/graphics/Rect;)Z (unsupported, reflection, allowed)
2026-03-27 23:20:54.194 5493-5493 ewland.template com.newland.template W Accessing hidden method Landroid/view/ViewGroup;->makeOptionalFitsSystemWindows()V (unsupported, reflection, allowed)
2026-03-27 23:20:54.209 5493-5528 CCodecBufferChannel com.newland.template D [c2.android.vorbis.decoder#338] input EOS
2026-03-27 23:20:54.211 5493-5519 MediaCodec com.newland.template D [0xb1e28c00] [c2.android.vorbis.decoder] stop
2026-03-27 23:20:54.211 5493-5528 MediaCodec com.newland.template D [0xb1e28c00] setState: 9
2026-03-27 23:20:54.211 5493-5528 CCodecBufferChannel com.newland.template D [c2.android.vorbis.decoder#338] MediaCodec discarded an unknown buffer
2026-03-27 23:20:54.211 5493-5528 CCodecBufferChannel com.newland.template D [c2.android.vorbis.decoder#338] MediaCodec discarded an unknown buffer
2026-03-27 23:20:54.212 5493-5528 CCodecBufferChannel com.newland.template D [c2.android.vorbis.decoder#338] MediaCodec discarded an unknown buffer
2026-03-27 23:20:54.213 5493-5528 MediaCodec com.newland.template D [0xb1e28c00] [c2.android.vorbis.decoder] kWhatStopCompleted
2026-03-27 23:20:54.213 5493-5528 MediaCodec com.newland.template D [0xb1e28c00] setState: 2
2026-03-27 23:20:54.213 5493-5519 MediaCodec com.newland.template D [0xb1e28c00] [c2.android.vorbis.decoder] release
2026-03-27 23:20:54.214 5493-5528 MediaCodec com.newland.template D [0xb1e28c00] setState: 10
2026-03-27 23:20:54.215 5493-5528 hw-BpHwBinder com.newland.template I onLastStrongRef automatically unlinking death recipients
2026-03-27 23:20:54.215 5493-5528 MediaCodec com.newland.template D [0xb1e28c00] [c2.android.vorbis.decoder] kWhatReleaseCompleted
2026-03-27 23:20:54.215 5493-5528 MediaCodec com.newland.template D [0xb1e28c00] setState: 0
2026-03-27 23:20:54.216 5493-5519 MediaCodec com.newland.template D [0xb1e28c00] ~MediaCodec
2026-03-27 23:20:54.216 5493-5519 MediaCodec com.newland.template D flushMediametrics
2026-03-27 23:20:54.223 5493-5493 bankdemoR3...ent(L:167) com.newland.template D add acquire.app.fragment.splash.SplashFragment
2026-03-27 23:20:54.231 5493-5493 bankdemoR3...ach(L:114) com.newland.template V SplashFragment{d8553d4}->onAttach
2026-03-27 23:20:54.286 5493-5493 bankdemoR3...eate(L:23) com.newland.template V SplashFragment{d8553d4}->onCreate
2026-03-27 23:20:54.287 5493-5493 bankdemoR3...Show(L:85) com.newland.template V SplashFragment{d8553d4}->onFragmentShow
2026-03-27 23:20:54.289 5493-5512 bankdemoR3...vice(L:81) com.newland.template I Check device start.
2026-03-27 23:20:54.291 5493-5493 bankdemoR3...eate(L:23) com.newland.template V MainActivity{d6662c2}->onCreate
2026-03-27 23:20:54.293 5493-5512 bankdemoR3...vice(L:82) com.newland.template D Version name: 3.8
2026-03-27 23:20:54.296 5493-5512 bankdemoR3...init(L:58) com.newland.template D [NSDK ServiceHelper]--NSDK init start.
2026-03-27 23:20:54.315 5493-5512 bankdemoR3...init(L:64) com.newland.template E [NSDK ServiceHelper]--NSDK init failed. (Fix with AI) java.lang.RuntimeException: Stub!
at android.newland.BootProvider.(BootProvider.java:1)
at com.newland.nsdk.core.internal.e.a.(BootProviderImpl.java:3)
at com.newland.nsdk.core.internal.e.a.a(BootProviderImpl.java:4)
at com.newland.nsdk.core.internal.NSDKModuleManagerImpl.init(NSDKModuleManagerImpl.java:3)
at acquire.sdk.ServiceHelper.init(ServiceHelper.java:60)
at acquire.core.tools.SelfCheckHelper.initDevice(SelfCheckHelper.java:85) at acquire.app.MainActivity.lambda$onCreate$0$acquire-app-MainActivity(MainActivity.java:49)
at acquire.app.MainActivity$$ExternalSyntheticLambda0.run(Unknown Source:2)
at java.util.concurrent.ThreadPoolExecutor.runWorker(ThreadPoolExecutor.java:1137)
at java.util.concurrent.ThreadPoolExecutor$Worker.run(ThreadPoolExecutor.java:637)
at java.lang.Thread.run(Thread.java:1012)
2026-03-27 23:20:54.316 5493-5512 bankdemoR3...ean(L:209) com.newland.template D Preferences get->key:EXTERNAL_PINPAD, value:***REDACTED***
2026-03-27 23:20:54.318 5493-5512 bankdemoR3...tton(L:41) com.newland.template E SettingsManager is null.
2026-03-27 23:20:54.319 5493-5512 bankdemoR3...tton(L:63) com.newland.template E SettingsManager is null.
2026-03-27 23:20:54.334 5493-5493 Compatibil...geReporter com.newland.template D Compat change id reported: 210923482; UID 10110; state: DISABLED
2026-03-27 23:20:54.335 5493-5493 Compatibil...geReporter com.newland.template D Compat change id reported: 37756858; UID 10110; state: ENABLED
2026-03-27 23:20:54.361 5493-5493 bankdemoR3...ted(L:158) com.newland.template V SplashFragment{d8553d4}->onViewCreated
2026-03-27 23:20:54.382 5493-5493 OnBackInvokedCallback com.newland.template W OnBackInvokedCallback is not enabled for the application. Set 'android:enableOnBackInvokedCallback="true"' in the application manifest.
2026-03-27 23:20:54.385 5493-5493 bankdemoR3...tart(L:27) com.newland.template V SplashFragment{d8553d4}->onStart
2026-03-27 23:20:54.389 5493-5493 bankdemoR3...tart(L:27) com.newland.template V MainActivity{d6662c2}->onStart
2026-03-27 23:20:54.393 5493-5493 bankdemoR3...sume(L:31) com.newland.template V SplashFragment{d8553d4}->onResume
2026-03-27 23:20:54.396 5493-5493 bankdemoR3...sume(L:31) com.newland.template V MainActivity{d6662c2}->onResume
2026-03-27 23:20:54.403 5493-5493 SurfaceFactory com.newland.template I [static] sSurfaceFactory = com.mediatek.view.impl.SurfaceFactoryImpl@15dc483
2026-03-27 23:20:54.403 5493-5514 PowerHalWrapper com.newland.template I PowerHalWrapper.getInstance
2026-03-27 23:20:54.404 483-1651 SurfaceFlinger surfaceflinger D [SF client] NEW(0xac3498a0) for (5493:com.newland.template)
2026-03-27 23:20:54.417 5493-5493 VRI[MainActivity] com.newland.template D hardware acceleration = true, forceHwAccelerated = false
2026-03-27 23:20:54.425 1034-4650 CoreBackPreview system_server D Window{c870d7a u0 com.newland.template/acquire.app.MainActivity}: Setting back callback OnBackInvokedCallbackInfo{mCallback=android.window.IOnBackInvokedCallback$Stub$Proxy@900188, mPriority=0}
2026-03-27 23:20:54.427 5493-5493 InputTransport com.newland.template D Create ARC handle: 0xb087bf40
2026-03-27 23:20:54.431 5493-5493 Choreographer com.newland.template I Skipped 35 frames! The application may be doing too much work on its main thread.
2026-03-27 23:20:54.457 483-585 BufferQueueDebug surfaceflinger I [com.newland.template/acquire.app.MainActivity#1914](this:0xac0e5ce4,id:-1,api:0,p:-1,c:-1) BufferQueue core=(483:/system/bin/surfaceflinger)
2026-03-27 23:20:54.460 1034-4650 WindowManager system_server W Changing focus from null to Window{c870d7a u0 com.newland.template/acquire.app.MainActivity} displayId=0 Callers=com.android.server.wm.RootWindowContainer.updateFocusedWindowLocked:485 com.android.server.wm.WindowManagerService.updateFocusedWindowLocked:6062 com.android.server.wm.WindowManagerService.relayoutWindow:2496 com.android.server.wm.Session.relayout:267
2026-03-27 23:20:54.464 1034-4650 WindowManager system_server I Relayout Window{c870d7a u0 com.newland.template/acquire.app.MainActivity}: oldVis=4 newVis=0 focusMayChange = true requestedWidth = 720 requestedHeight = 1600 outFrames = ClientWindowFrames{frame=[0,0][720,1600] display=[0,0][720,1600] parentFrame=[0,0][0,0] parentClippedByDisplayCutout=false} outSurfaceControl = Surface(name=com.newland.template/acquire.app.MainActivity)/@0xef1345d
2026-03-27 23:20:54.468 5493-5493 BufferQueueConsumer com.newland.template D [](id:157500000000,api:0,p:-1,c:5493) connect: controlledByApp=false
2026-03-27 23:20:54.473 5493-5493 FBI com.newland.template E Can't load library: dlopen failed: library "libmagtsync.so" not found
2026-03-27 23:20:54.497 5493-5516 skia com.newland.template D GrGLMakeAssembledInterface verStr OpenGL ES 3.2 build 1.15@6070602
2026-03-27 23:20:54.497 5493-5516 skia com.newland.template D GrGLMakeAssembledGLESInterface verStr OpenGL ES 3.2 build 1.15@6070602
2026-03-27 23:20:54.497 5493-5516 skia com.newland.template D extensions init verString=OpenGL ES 3.2 build 1.15@6070602
2026-03-27 23:20:54.522 5493-5533 ion com.newland.template E ioctl c0044901 failed with code -1: Invalid argument
2026-03-27 23:20:54.560 5493-5516 BLASTBufferQueue com.newland.template D [VRI[MainActivity]#0](f:0,a:1) acquireNextBufferLocked size=720x1600 mFrameNumber=1 applyTransaction=true mTimestamp=6889108810561(auto) mPendingTransactions.size=0 graphicBufferId=23592255356933 transform=3
2026-03-27 23:20:54.564 5493-5516 Parcel com.newland.template W Expecting binder but got null!
2026-03-27 23:20:54.572 1034-1052 ziparchive system_server W Unable to open '/data/app/~~PXIKEVOO8G7lk1eZHgFktw==/com.newland.template-BV0x_iAl5lK1xf2BjN62eA==/base.dm': No such file or directory
2026-03-27 23:20:54.575 1034-1052 ActivityTaskManager system_server I Displayed com.newland.template/acquire.app.MainActivity: +2s167ms
2026-03-27 23:20:54.577 483-483 BufferStateLayer surfaceflinger D com.newland.template/acquire.app.MainActivity#1914 setBuffer frameId=1, bufferId=23592255356933 fenceId=281, w= 720, h=1600
2026-03-27 23:20:54.584 5493-5531 OpenGLRenderer com.newland.template I Davey! duration=718ms; Flags=1, FrameTimelineVsyncId=190190, IntendedVsync=6888394481881, Vsync=6888977815226, InputEventId=0, HandleInputStart=6888981479561, AnimationStart=6888981496791, PerformTraversalsStart=6888982225637, DrawStart=6889063932484, FrameDeadline=6888419981881, FrameInterval=6888980979868, FrameStartTime=16666667, SyncQueued=6889079466330, SyncStart=6889082619868, IssueDrawCommandsStart=6889083972407, SwapBuffers=6889107611176, FrameCompleted=6889115951484, DequeueBufferDuration=0, QueueBufferDuration=1061231, GpuCompleted=6889115951484, SwapBuffersCompleted=6889110326561, DisplayPresentTime=0, CommandSubmissionCompleted=6889107611176,
2026-03-27 23:20:54.604 5493-5493 YSDK com.newland.template D ======onServiceConnected======
2026-03-27 23:20:54.610 483-483 BufferQueueProducer surfaceflinger I [Splash Screen com.newland.template#1909](this:0xac139ce4,id:-1,api:0,p:-1,c:483) queueBuffer: fps=0.48 dur=2089.03 max=2089.03 min=2089.03
2026-03-27 23:20:54.666 1034-4650 PowerHalWrapper system_server I amsBoostNotify pid:1798,activity:com.morefun.launcher.activity.LauncherActivity, package:com.morefun.launcher, mProcessCreatePackcom.newland.template
2026-03-27 23:20:54.668 1034-4650 game_scn system_server I powerNotifyForegroundApp multi_resumed_app_info: pid: 5493, packname: com.newland.template, actname: acquire.app.MainActivity
2026-03-27 23:20:54.783 1034-1153 CoreBackPreview system_server D Window{a7d192f u0 Splash Screen com.newland.template EXITING}: Setting back callback null
2026-03-27 23:20:54.784 1034-2905 InputManager-JNI system_server W Input channel object 'a7d192f Splash Screen com.newland.template (client)' was disposed without first being removed with the input manager!
2026-03-27 23:20:54.878 1034-1056 WindowManager system_server D setParent old=ActivityRecord{c664e10 u0 com.newland.template/acquire.app.MainActivity} t35},new=null,this window=Window{a7d192f u0 Splash Screen com.newland.template},callers=com.android.server.wm.WindowContainer.removeChild:772 com.android.server.wm.ActivityRecord.removeChild:4268 com.android.server.wm.ActivityRecord.removeChild:377 com.android.server.wm.WindowContainer.removeImmediately:828 com.android.server.wm.WindowState.removeImmediately:2514 com.android.server.wm.WindowState.destroySurface:3618
2026-03-27 23:20:54.896 483-483 BufferQueueDebug surfaceflinger I [Splash Screen com.newland.template#1909](this:0xac139ce4,id:-1,api:0,p:-1,c:483) onDestructor()
2026-03-27 23:20:55.307 5493-5493 bankdemoR3...Hide(L:93) com.newland.template V SplashFragment{d8553d4}->onFragmentHide
2026-03-27 23:20:55.309 5493-5493 bankdemoR3...ent(L:167) com.newland.template D add acquire.app.fragment.main.MainFragment
2026-03-27 23:20:55.312 5493-5493 bankdemoR3...ach(L:114) com.newland.template V MainFragment{96dd12e}->onAttach
2026-03-27 23:20:55.315 5493-5493 bankdemoR3...eate(L:23) com.newland.template V MainFragment{96dd12e}->onCreate
2026-03-27 23:20:55.534 5493-5493 Compatibil...geReporter com.newland.template D Compat change id reported: 171228096; UID 10110; state: ENABLED
2026-03-27 23:20:55.556 5493-5493 bankdemoR3...ean(L:209) com.newland.template D Preferences get->key:OLD_LAYOUT, value:false
2026-03-27 23:20:55.574 5493-5493 Printer com.newland.template I Success
2026-03-27 23:20:55.577 5493-5493 bankdemoR3...ean(L:209) com.newland.template D Preferences get->key:TRANS_SALE, value:true
2026-03-27 23:20:55.579 5493-5493 bankdemoR3...ean(L:209) com.newland.template D Preferences get->key:TRANS_PREAUTH, value:***REDACTED***
2026-03-27 23:20:55.580 5493-5493 bankdemoR3...ean(L:209) com.newland.template D Preferences get->key:TRANS_PREAUTH, value:***REDACTED***
2026-03-27 23:20:55.581 5493-5493 bankdemoR3...ean(L:209) com.newland.template D Preferences get->key:TRANS_VOID, value:true
2026-03-27 23:20:55.582 5493-5493 bankdemoR3...ean(L:209) com.newland.template D Preferences get->key:TRANS_REFUND, value:true
2026-03-27 23:20:55.583 5493-5493 bankdemoR3...ean(L:209) com.newland.template D Preferences get->key:TRANS_PREAUTH, value:***REDACTED***
2026-03-27 23:20:55.584 5493-5493 bankdemoR3...ean(L:209) com.newland.template D Preferences get->key:TRANS_PREAUTH, value:***REDACTED***
2026-03-27 23:20:55.592 5493-5493 Printer com.newland.template I Success
2026-03-27 23:20:55.593 5493-5493 bankdemoR3...ean(L:209) com.newland.template D Preferences get->key:TRANS_BALANCE, value:true
2026-03-27 23:20:55.594 5493-5493 bankdemoR3...ean(L:209) com.newland.template D Preferences get->key:TRANS_INSTALLMENT, value:true
2026-03-27 23:20:55.595 5493-5493 bankdemoR3...ean(L:209) com.newland.template D Preferences get->key:TRANS_INSTALLMENT, value:true
2026-03-27 23:20:55.596 5493-5493 bankdemoR3...ean(L:209) com.newland.template D Preferences get->key:TRANS_MOBILE_PAY, value:true
2026-03-27 23:20:55.597 5493-5493 bankdemoR3...ean(L:209) com.newland.template D Preferences get->key:TRANS_MOBILE_PAY, value:true
2026-03-27 23:20:55.599 5493-5493 bankdemoR3...ean(L:209) com.newland.template D Preferences get->key:TRANS_MOBILE_PAY, value:true
2026-03-27 23:20:55.600 5493-5493 bankdemoR3...ean(L:209) com.newland.template D Preferences get->key:TRANS_MOBILE_PAY, value:true
2026-03-27 23:20:55.601 5493-5493 bankdemoR3...ean(L:209) com.newland.template D Preferences get->key:TRANS_MOBILE_PAY, value:true
2026-03-27 23:20:55.608 5493-5493 Printer com.newland.template I Success
2026-03-27 23:20:55.609 5493-5493 bankdemoR3...ean(L:209) com.newland.template D Preferences get->key:TRANS_MOBILE_PAY, value:true
2026-03-27 23:20:55.618 5493-5493 Printer com.newland.template I Success
2026-03-27 23:20:55.619 5493-5493 bankdemoR3...enu(L:112) com.newland.template D init main menu
2026-03-27 23:20:55.620 5493-5493 bankdemoR3...enu(L:114) com.newland.template D MenuItem{transType='Sale', name='Sale'}
2026-03-27 23:20:55.621 5493-5493 bankdemoR3...enu(L:114) com.newland.template D MenuItem{transType='Queue', name='Send Link'}
2026-03-27 23:20:55.621 5493-5493 bankdemoR3...enu(L:114) com.newland.template D MenuItem{transType='PreAuth', name='Pre-Auth'}
2026-03-27 23:20:55.622 5493-5493 bankdemoR3...enu(L:114) com.newland.template D MenuItem{transType='AuthComplete', name='Auth Completion'}
2026-03-27 23:20:55.623 5493-5493 bankdemoR3...enu(L:114) com.newland.template D MenuItem{transType='VoidSale', name='Void Sale'}
2026-03-27 23:20:55.624 5493-5493 bankdemoR3...enu(L:114) com.newland.template D MenuItem{transType='Refund', name='Refund'}
2026-03-27 23:20:55.624 5493-5493 bankdemoR3...enu(L:114) com.newland.template D MenuItem{transType='VoidPreAuth', name='Void Pre-Auth'}
2026-03-27 23:20:55.625 5493-5493 bankdemoR3...enu(L:114) com.newland.template D MenuItem{transType='VoidAuthComplete', name='Void Completion'}
2026-03-27 23:20:55.626 5493-5493 bankdemoR3...enu(L:114) com.newland.template D MenuItem{name='Print', subItems=[MenuItem{transType='ReprintLastReceipt', name='Reprint Last Receipt'} MenuItem{transType='ReprintReceipt', name='Reprint Receipt'} MenuItem{transType='ReprintSettle', name='Reprint Settle'} MenuItem{transType='PrintDetail', name='Print Detail'} ]}
2026-03-27 23:20:55.627 5493-5493 bankdemoR3...enu(L:114) com.newland.template D MenuItem{transType='Settle', name='Settle'}
2026-03-27 23:20:55.627 5493-5493 bankdemoR3...enu(L:114) com.newland.template D MenuItem{transType='Balance', name='Query Balance'}
2026-03-27 23:20:55.628 5493-5493 bankdemoR3...enu(L:114) com.newland.template D MenuItem{transType='Settings', name='Settings'}
2026-03-27 23:20:55.629 5493-5493 bankdemoR3...enu(L:114) com.newland.template D MenuItem{transType='Installment', name='EMI Sale'}
2026-03-27 23:20:55.629 5493-5493 bankdemoR3...enu(L:114) com.newland.template D MenuItem{transType='VoidInstallment', name='EMI Void'}
2026-03-27 23:20:55.630 5493-5493 bankdemoR3...enu(L:114) com.newland.template D MenuItem{transType='ScanPay', name='Scan Pay'}
2026-03-27 23:20:55.631 5493-5493 bankdemoR3...enu(L:114) com.newland.template D MenuItem{name='Qr Code', subItems=[MenuItem{transType='QrCodeAani', name='Aani Pay'} MenuItem{transType='QrCodeAlipay', name='Alipay+'} MenuItem{transType='QrCodeWechat', name='WeChat Pay'} MenuItem{transType='QrCodeUpi', name='UPI'} ]}
2026-03-27 23:20:55.632 5493-5493 bankdemoR3...enu(L:114) com.newland.template D MenuItem{transType='QrRefund', name='Qr Refund'}
2026-03-27 23:20:55.633 5493-5493 bankdemoR3...enu(L:114) com.newland.template D MenuItem{transType='About', name='About'}
2026-03-27 23:20:55.633 5493-5493 bankdemoR3...enu(L:114) com.newland.template D MenuItem{transType='Login', name='Login'}
2026-03-27 23:20:55.634 5493-5493 bankdemoR3...enu(L:114) com.newland.template D MenuItem{transType='InjectMasterKey', name='Inject MasterKey'}
2026-03-27 23:20:55.726 5493-5493 bankdemoR3...ean(L:209) com.newland.template D Preferences get->key:LOGO_DYNAMIC, value:false
2026-03-27 23:20:55.727 5493-5493 bankdemoR3...Logo(L:63) com.newland.template D LogoUtils: Loading logo. Mode: Static
2026-03-27 23:20:55.734 5493-5493 Glide com.newland.template W Failed to find GeneratedAppGlideModule. You should include an annotationProcessor compile dependency on com.github.bumptech.glide:compiler in your application and a @GlideModule annotated AppGlideModule implementation or LibraryGlideModules will be silently ignored
2026-03-27 23:20:55.797 1034-2905 ConnectivityService system_server D requestNetwork for uid/pid:10110/5493 activeRequest: null callbackRequest: 98 [NetworkRequest [ REQUEST id=99, [ Capabilities: INTERNET&NOT_RESTRICTED&TRUSTED&NOT_VCN_MANAGED Uid: 10110 RequestorUid: 10110 RequestorPkg: com.newland.template UnderlyingNetworks: Null] ]] callback flags: 0 order: 2147483647
